-- https://www.phpmyadmin.net/
--
-- Waktu pembuatan: 31 Okt 2024 pada 09.01
-- Versi server: 10.4.25-MariaDB
-- Versi PHP: 7.4.30

START TRANSACTION;



--
-- Database: `elib`
--

-- --------------------------------------------------------

--
-- Struktur dari tabel `author`
--

CREATE TABLE `author` (
  `author_id` int(11) NOT NULL,
  `author_name` varchar(100) NOT NULL,
  `input_date` date NOT NULL,
  `last_update` date DEFAULT NULL
) ENGINE=InnoDB DEFAULT CHARSET=utf8mb4;

--
-- Dumping data untuk tabel `author`
--

INSERT INTO `author` (`author_id`, `author_name`, `input_date`, `last_update`) VALUES
(1, 'C. Ninuk Helista', '2024-06-13', NULL),
(2, 'Oktaviani Puspitasari', '2024-06-13', NULL),
(3, 'Saskhya Aulia Prima', '2024-06-13', NULL),
(4, 'Yuni Dwi Anggraini', '2024-06-13', NULL),
(5, 'Anna Farida Kurniasari', '2024-06-13', NULL),
(6, 'Wiwin Muhyi Susanti', '2024-06-13', NULL),
(7, 'Maria Melita Rahardjo', '2024-06-13', NULL),
(8, 'Sisilia Maryati', '2024-06-13', NULL),
(9, 'Dyah M. Sulistyati', '2024-06-13', NULL),
(10, 'Sri Wahyaningsih', '2024-06-13', NULL),
(11, 'I Wayan Wijania', '2024-06-13', NULL),
(12, 'Arleen Amidjaja', '2024-06-13', NULL),
(13, 'Ni Ekawati', '2024-06-13', NULL),
(14, 'Muhammad Akkas', '2024-06-13', NULL),
(15, 'Ignatia Widhiharsanto', '2024-06-13', NULL),
(16, 'Ellysa Aditya Suryawati', '2024-06-13', NULL),
(17, 'Bodhi Asih', '2024-06-13', NULL),
(18, 'Sulaiman', '2024-06-13', NULL),
(19, 'Tiwi Susanti', '2024-06-13', NULL),
(20, 'Muhammad Nurzakun', '2024-06-13', NULL),
(21, 'Joko Santoso', '2024-06-13', NULL),
(22, 'Muhajir', '2024-06-13', NULL),
(23, 'Zelda Raushanfikri', '2024-06-13', NULL),
(24, 'Aton Rustandi Mulyana', '2024-06-13', NULL),
(25, 'Sularso', '2024-06-13', NULL),
(26, 'Rizki Raindriati', '2024-06-13', NULL),
(27, 'Dewi Miranti Amri', '2024-06-13', NULL),
(28, 'Dinny Devi Triana', '2024-06-13', NULL),
(29, 'Winda Kharisma Hindri Wijaya', '2024-06-13', NULL),
(30, 'Mustofa Kamal', '2024-06-13', NULL),
(31, 'Rifqi Risnadyatul Hudha', '2024-06-13', NULL),
(32, 'Tim Gakko Tosho', '2024-06-13', NULL),
(33, 'Dara Retno Wulan', '2024-06-13', NULL),
(34, 'Rasfaniwaty', '2024-06-13', NULL),
(35, 'Lala Intan Gemala', '2024-06-13', NULL),
(36, 'Heni Dwi Utami', '2024-06-13', NULL),
(37, 'Ulin Farichah', '2024-06-13', NULL),
(38, 'Elisa Seftriyana', '2024-06-13', NULL),
(39, 'Etika Indah Febriani', '2024-06-13', NULL),
(40, 'Canny Ilmiati', '2024-06-13', NULL),
(41, 'Duwijo', '2024-06-13', NULL),
(42, 'Ade Witarsa', '2024-06-13', NULL),
(43, 'Lubna Assagaf', '2024-06-13', NULL),
(44, 'Sonya Sinyanyuri', '2024-06-13', NULL),
(45, 'Panca Ariguntar', '2024-06-13', NULL),
(46, 'Yun Kusumawati', '2024-06-13', NULL),
(47, 'I Gede Jaman', '2024-06-13', NULL),
(48, 'Achmad Hasim', '2024-06-13', NULL),
(49, 'Otong Jaelani', '2024-06-13', NULL),
(50, 'EYLC Team', '2024-06-13', NULL),
(51, 'Roch Aksiadi', '2024-06-13', NULL),
(52, 'Pujimin', '2024-06-13', NULL),
(53, 'Raditya Dewa Agung Arsana', '2024-06-13', NULL),
(54, 'Siti Kusrini', '2024-06-13', NULL),
(55, 'A. Zainal Abidin', '2024-06-13', NULL),
(56, 'Yenny Suria', '2024-06-13', NULL),
(57, 'Susi Bonardy', '2024-06-13', NULL),
(58, 'Hanna Hadipranoto', '2024-06-13', NULL),
(59, 'Dewi Setiawan', '2024-06-13', NULL),
(60, 'Non Dwishiera Cahya Anasta', '2024-06-13', NULL),
(61, 'Septian Dwi Cahyo', '2024-06-13', NULL),
(62, 'Susanto', '2024-06-13', NULL),
(63, 'Resha Hadi Sucipto', '2024-06-13', NULL),
(64, 'Soeharti', '2024-06-13', NULL),
(65, 'Shofia Nurun Alanur S', '2024-06-13', NULL),
(66, 'Tri Sulistiowati', '2024-06-13', NULL),
(67, 'Nurhadi Joko Prakoso', '2024-06-13', NULL),
(68, 'Novi Kurniawan', '2024-06-13', NULL),
(69, 'P.S.E Chairany S.', '2024-06-13', NULL),
(70, 'Prihatin Darsini', '2024-06-13', NULL),
(71, 'AYUK RATNA PUSPANINGSIH', '2024-06-13', NULL),
(72, 'ELIZABETH TJAHJADARMAWAN', '2024-06-13', NULL),
(73, 'NIKEN RESMININGPURI KRISDIANTI', '2024-06-13', NULL),
(74, 'Sari Oktafiana', '2024-06-13', NULL),
(75, 'Efvinggo Fasya Jaya. SP', '2024-06-13', NULL),
(76, 'M. Nursa’ban', '2024-06-13', NULL),
(77, 'Supardi', '2024-06-13', NULL),
(78, 'Mohammad Rizky Satria', '2024-06-13', NULL),
(79, 'Irya Wisnubhadra', '2024-06-13', NULL),
(80, 'BUDIMAN SAPUTRA', '2024-06-13', NULL),
(81, 'Indra Samsudin', '2024-06-13', NULL),
(82, 'Suci Paresti', '2024-06-13', NULL),
(83, 'Dewi Sri Handayani Nuswantari', '2024-06-13', NULL),
(84, 'Erny Yuliani', '2024-06-13', NULL),
(85, 'Indra Samsudin', '2024-06-13', NULL),
(86, 'Suci Paresti', '2024-06-13', NULL),
(87, 'Dewi Sri Handayani Nuswantari', '2024-06-13', NULL),
(88, 'Erny Yuliani', '2024-06-13', NULL),
(89, 'E. Kosasih', '2024-06-13', NULL),
(90, 'Siti Wachidah', '2024-06-13', NULL),
(91, 'Asep Gunawan', '2024-06-13', NULL),
(92, 'Diyantari', '2024-06-13', NULL),
(93, 'Yuli Rulani Khatimah', '2024-06-13', NULL),
(94, 'E. Kosasih', '2024-06-13', NULL),
(96, 'Asep Gunawan', '2024-06-13', NULL),
(97, 'Diyantari', '2024-06-13', NULL),
(98, 'Rizki Raindriati', '2024-06-24', NULL),
(99, 'Dewi Miranti Amri', '2024-06-24', NULL),
(100, 'Dinny Devi Triana', '2024-06-24', NULL),
(101, 'Winda Kharisma Hindri Wijaya', '2024-06-24', NULL),
(102, 'Mustofa Kamal', '2024-06-24', NULL),
(103, 'Rifqi Risnadyatul Hudha', '2024-06-24', NULL),
(104, 'Dara Retno Wulan', '2024-06-24', NULL),
(105, 'Rasfaniwaty', '2024-06-24', NULL),
(106, 'Lala Intan Gemala', '2024-06-24', NULL),
(107, 'Heni Dwi Utami', '2024-06-24', NULL),
(108, 'Ulin Farichah', '2024-06-24', NULL),
(109, 'Elisa Seftriyan', '2024-06-24', NULL),
(110, 'Etika Indah Febriani', '2024-06-24', NULL),
(111, 'Canny Ilmiati', '2024-06-24', NULL),
(112, 'Duwijo', '2024-06-24', NULL),
(113, 'Widjati Hartiningtyas', '2024-06-27', NULL),
(114, 'Eni Priyanti', '2024-06-27', NULL),
(115, 'Zuber Usman', '2024-10-24', NULL),
(116, 'Hadrianti', '2024-10-24', NULL),
(117, 'Desi Rachmawati', '2024-10-24', NULL),
(118, 'Ritha Nur Oktovika', '2024-10-24', NULL),
(119, 'Nuraisah Maulida Adnani', '2024-10-24', NULL),
(120, 'Idrus', '2024-10-24', NULL),
(121, 'Lewis Carroll', '2024-10-24', NULL),
(122, 'Djoko Lelono', '2024-10-24', NULL),
(123, 'Yur R. Ismail', '2024-10-24', NULL),
(124, 'Aman Datuk Madjoindo', '2024-10-24', NULL),
(125, 'Utuy Tatang Sontani', '2024-10-24', NULL),
(126, 'Merari Siregar', '2024-10-24', NULL),
(127, 'Suherli', '2024-10-24', NULL),
(128, 'Maman Suryaman', '2024-10-24', NULL),
(129, 'Aji Septiaji', '2024-10-24', NULL),
(130, 'Istiqomah', '2024-10-24', NULL),
(131, 'Syaiful Bahri', '2024-10-24', NULL),
(132, 'Jules Verne', '2024-10-24', NULL),
(133, 'Agus Setiadi', '2024-10-24', NULL),
(134, 'Nurani Widaningsih', '2024-10-24', NULL),
(135, 'Sabir', '2024-10-24', NULL),
(136, 'Mustika Desi Harjani', '2024-10-24', NULL),
(137, 'Tuti Adhayati', '2024-10-24', NULL),
(138, 'Setyaningsih', '2024-10-24', NULL),
(139, 'Nursanti Riandini', '2024-10-24', NULL),
(141, 'Dewi Cendika', '2024-10-24', NULL),
(142, 'Eni_Wulansari', '2024-10-24', NULL),
(143, 'Ferdian Udiyanto', '2024-10-24', NULL),
(144, 'Weni Rahayu', '2024-10-24', NULL),
(145, 'Sukini', '2024-10-24', NULL),
(146, 'Supriyatin', '2024-10-24', NULL),
(147, 'Fajriatun Nurhidayati', '2024-10-24', NULL),
(148, 'Dawud Achroni', '2024-10-24', NULL),
(149, 'Norrattri', '2024-10-24', NULL),
(150, 'Laksmi Manohara', '2024-10-24', NULL),
(151, 'Izzah Annisa', '2024-10-24', NULL),
(152, 'Hanatri', '2024-10-24', NULL),
(153, 'Tria Ayu Kusumawardhani', '2024-10-24', NULL),
(154, 'Tim Harilab Studio', '2024-10-24', NULL),
(155, 'Mahyut Z.A. Dawari', '2024-10-24', NULL),
(156, 'Vasca Vannisa', '2024-10-24', NULL),
(157, 'Yulia Isfandiari Mahardhan', '2024-10-24', NULL),
(158, 'Ria Saputri', '2024-10-24', NULL),
(159, 'Beatrix Potter', '2024-10-24', NULL),
(160, 'Robert Louis Stevenson', '2024-10-24', NULL),
(161, 'Atho Al Rahman', '2024-10-24', NULL),
(162, 'R. A. Kartini', '2024-10-24', NULL),
(163, 'Zhaenal Fanani', '2024-10-24', NULL),
(164, 'Hamidah', '2024-10-24', NULL),
(165, 'Bonaventura Genta', '2024-10-24', NULL),
(166, 'Bagus Rumbogo', '2024-10-24', NULL),
(167, 'Ruslan Ajileo', '2024-10-24', NULL),
(168, 'Adinegoro', '2024-10-24', NULL),
(169, 'Wasilatul Jannah', '2024-10-24', NULL),
(170, 'Aman DT. Majoindo', '2024-10-24', NULL),
(171, 'Rohimah', '2024-10-24', NULL),
(172, 'Siti Maryam', '2024-10-24', NULL),
(173, 'Ihsan Baihaqi Ibnu Bukhari', '2024-10-24', NULL),
(174, 'Tulis Sutan Sati', '2024-10-24', NULL),
(175, 'Irma Devita', '2024-10-24', NULL),
(176, 'Sylvia Nurhadi', '2024-10-24', NULL),
(177, 'Marah Rusli', '2024-10-24', NULL),
(178, 'Nugroho Notosusanto', '2024-10-24', NULL),
(179, 'Suryaning Wulan', '2024-10-24', NULL),
(180, 'Lilis Suryani', '2024-10-24', NULL),
(181, 'Hasna Nelia', '2024-10-24', NULL),
(182, 'Rina Harwati Sikirit', '2024-10-24', NULL),
(183, 'Sofie Dewayani', '2024-10-24', NULL),
(184, 'Aris Hartanti', '2024-10-24', NULL),
(185, 'Dina Riyanti', '2024-10-24', NULL),
(186, 'Nindia Maya', '2024-10-24', NULL),
(187, 'Endang Wuriyani', '2024-10-24', NULL),
(188, 'RURI IRAWATI', '2024-10-24', NULL),
(189, 'Aniek Wijaya', '2024-10-24', NULL),
(190, 'Erna Fitrini', '2024-10-24', NULL),
(191, 'Ir. Harris Iskandar, Ph.D', '2024-10-24', NULL),
(192, 'Muhadjir Effendy', '2024-10-24', NULL),
(193, 'Rachfri Kirihio', '2024-10-24', NULL),
(194, 'Anna Farida', '2024-10-24', NULL),
(195, 'Barbara Eni', '2024-10-24', NULL),
(196, 'Suryanto Kurniawan Putra', '2024-10-24', NULL),
(197, 'Anggi Afriansyah', '2024-10-24', NULL),
(198, 'Nurhayati Pujiastuti', '2024-10-24', NULL),
(199, 'Erminawati', '2024-10-24', NULL),
(200, 'Dede Abdurohman', '2024-10-24', NULL),
(201, 'Reni Hujan', '2024-10-24', NULL),
(202, 'Marga T.', '2024-10-24', NULL),
(203, 'Ghyna Amanda', '2024-10-24', NULL),
(204, 'L. Adnan', '2024-10-24', NULL),
(205, 'Ranydepe', '2024-10-24', NULL),
(206, 'Bernard Batubara', '2024-10-24', NULL),
(207, 'Nda Quilla', '2024-10-24', NULL),
(208, 'Leila S. Chudori', '2024-10-24', NULL),
(209, 'Maria Perdana', '2024-10-24', NULL),
(210, 'Hapsari Rias Diati', '2024-10-24', NULL),
(211, 'S. Andi', '2024-10-24', NULL),
(212, 'Lia Seplia', '2024-10-24', NULL),
(213, 'Faitna YA', '2024-10-24', NULL),
(214, 'Albian Bella', '2024-10-24', NULL),
(215, 'Heliyani Wijaya', '2024-10-24', NULL);

-- --------------------------------------------------------

--
-- Struktur dari tabel `book`
--

CREATE TABLE `book` (
  `book_id` int(11) NOT NULL,
  `book_title` text NOT NULL,
  `book_edition` varchar(50) DEFAULT NULL,
  `book_isbn` varchar(32) NOT NULL,
  `publisher_id` int(11) NOT NULL,
  `book_year` varchar(4) NOT NULL,
  `type_id` int(11) NOT NULL,
  `book_cover` varchar(150) NOT NULL DEFAULT 'cover_default.jpg',
  `category_id` int(11) DEFAULT NULL,
  `level_id` int(11) NOT NULL,
  `class_id` int(11) DEFAULT NULL,
  `subject_id` int(11) DEFAULT NULL,
  `book_read` int(11) NOT NULL DEFAULT 0,
  `status_id` int(11) NOT NULL DEFAULT 1,
  `input_date` date NOT NULL DEFAULT current_timestamp(),
  `last_update` date DEFAULT NULL
) ENGINE=InnoDB DEFAULT CHARSET=utf8mb4;

--
-- Dumping data untuk tabel `book`
--

INSERT INTO `book` (`book_id`, `book_title`, `book_edition`, `book_isbn`, `publisher_id`, `book_year`, `type_id`, `book_cover`, `category_id`, `level_id`, `class_id`, `subject_id`, `book_read`, `status_id`, `input_date`, `last_update`) VALUES
(1, 'Buku Panduan Guru Capaian Pembelajaran Elemen Jati Diri untuk Satuan PAUD', NULL, '978-602-244-563-0', 1, '2021', 1, 'Buku_Panduan_Guru_Capaian_Pembelajaran_Elemen_Dasar-Dasar_Literasi_dan_STEAM_untuk_Satuan_PAUD.png', NULL, 1, NULL, NULL, 0, 1, '2024-06-14', NULL),
(2, 'Buku Panduan Guru Pengembangan Pembelajaran untuk Satuan PAUD', NULL, '978-602-244-566-1', 1, '2021', 1, 'Buku_Panduan_Guru_Pengembangan_Pembelajaran_untuk_Satuan_PAUD.png', NULL, 1, NULL, NULL, 0, 1, '2024-06-14', NULL),
(3, 'Buku Panduan Guru Proyek Profil Pelajar Pancasila untuk Satuan PAUD', NULL, '978-602-244-565-4', 1, '2021', 1, 'Buku_Panduan_Guru_Proyek_Profil_Pelajar_Pancasila_untuk_Satuan_PAUD.png', NULL, 1, NULL, NULL, 0, 1, '2024-06-14', NULL),
(4, 'Panduan Guru Belajar dan Bermain Berbasis Buku (Edisi Revisi)', NULL, '978-623-118-100-8', 3, '2023', 1, 'Panduan_Guru_Belajar_dan_Bermain_Berbasis_Buku_(Edisi_Revisi).png', 1, 1, NULL, NULL, 0, 1, '2024-06-14', NULL),
(5, 'Panduan Guru Dasar-Dasar Literasi, Matematika, Sains, Teknologi, Rekayasa, dan Seni (Edisi Revisi)', NULL, '978-623-118-096-4', 3, '2023', 1, 'Dasar_Dasar_LMTRS_BG_Paud_Cover.png', 1, 1, NULL, NULL, 0, 1, '2024-06-14', NULL),
(6, 'Panduan Guru Nilai Agama dan Budi Pekerti (Edisi Revisi)', NULL, '978-623-118-094-0', 3, '2023', 1, 'Panduan_Guru_Nilai_Agama_dan_Budi_Pekerti_(Edisi_Revisi).png', 1, 1, NULL, NULL, 0, 1, '2024-06-24', NULL),
(7, 'Panduan Guru Pembelajaran untuk Fase Fondasi (Edisi Revisi)', NULL, '978-623-118-098-8', 3, '2023', 1, 'Panduan_Guru_Pembelajaran_untuk_Fase_Fondasi_(Edisi_Revisi).png', NULL, 1, NULL, NULL, 0, 1, '2024-06-24', NULL),
(8, 'Panduan Guru Projek Penguatan Profil Pelajar Pancasila Edisi Revisi', NULL, '978-623-118-102-2', 3, '2023', 1, 'Panduan_Guru_Projek_Penguatan_Profil_Pelajar_Pancasila_Edisi_Revisi.png', NULL, 1, NULL, NULL, 0, 1, '2024-06-24', NULL),
(9, 'Buku Panduan Guru Pendidikan Agama Buddha dan Budi Pekerti untuk SD Kelas I', NULL, '978-602-244-486-2', 1, '2021', 1, 'Buku_Panduan_Guru_Pendidikan_Agama_Buddha_dan_Budi_Pekerti_untuk_SD_Kelas_I.png', NULL, 2, 1, NULL, 0, 1, '2024-06-24', NULL),
(10, 'Buku Panduan Guru Pendidikan Agama Hindu dan Budi Pekerti untuk SD Kelas I', NULL, '978-602-244-419-0', 1, '2021', 1, 'Buku_Panduan_Guru_Pendidikan_Agama_Hindu_dan_Budi_Pekerti_untuk_SD_Kelas_I.png', NULL, 2, 1, NULL, 0, 1, '2024-06-24', NULL),
(11, 'Buku Panduan Guru Pendidikan Agama Islam dan Budi Pekerti untuk SD Kelas I', NULL, '978-602-244-544-9', 1, '2021', 1, 'Buku_Panduan_Guru_Pendidikan_Agama_Islam_dan_Budi_Pekerti_untuk_SD_Kelas_I.png', NULL, 2, 1, NULL, 0, 2, '2024-06-24', NULL),
(12, 'Buku Panduan Guru Pendidikan Jasmani, Olahraga, dan Kesehatan untuk SDMI Kelas I', NULL, '978-602-244-878-5', 2, '2022', 1, 'Buku_Panduan_Guru_Pendidikan_Jasmani,_Olahraga,_dan_Kesehatan_untuk_SDMI_Kelas_I.png', NULL, 2, 1, NULL, 0, 1, '2024-06-24', NULL),
(13, 'Buku Panduan Guru Seni Musik untuk SD Kelas I', NULL, '978-602-244-319-3', 4, '2020', 1, 'Buku_Panduan_Guru_Seni_Musik_untuk_SD_Kelas_I.png', NULL, 2, 1, NULL, 0, 2, '2024-06-24', NULL),
(14, 'Buku Panduan Guru Seni Rupa untuk SD Kelas I', NULL, '978-602-244-346-9', 1, '2021', 1, 'Buku_Panduan_Guru_Seni_Rupa_untuk_SD_Kelas_I.png', NULL, 2, 1, NULL, 0, 2, '2024-06-24', NULL),
(15, 'Buku Panduan Guru Seni Tari untuk SD Kelas I', NULL, '978-602-244-451-0', 1, '2021', 1, 'Buku_Panduan_Guru_Seni_Tari_untuk_SD_Kelas_I.png', NULL, 2, 1, NULL, 0, 2, '2024-06-24', NULL),
(16, 'Buku Panduan Guru Seni Teater untuk SD Kelas I', NULL, '978-602-244-338-4', 1, '2021', 1, 'Buku_Panduan_Guru_Seni_Teater_untuk_SD_Kelas_I.png', NULL, 2, 1, NULL, 0, 2, '2024-06-24', NULL),
(17, 'Matematika untuk SDMI Kelas I', NULL, '978-602-244-876-1', 1, '2022', 1, 'Matematika_untuk_SDMI_Kelas_I.png', NULL, 2, 1, NULL, 0, 2, '2024-06-24', NULL),
(18, 'My Next Words Grade 1 - Student\'s Book for Elementary School', NULL, '978-602-244-511-1', 1, '2021', 1, 'My_Next_Words_Grade_1_-_Students_Book_for_Elementary_School.png', NULL, 2, 1, NULL, 0, 2, '2024-06-24', NULL),
(19, 'Panduan Guru Pendidikan Pancasila untuk SDMI Kelas I', NULL, '978-623-194-610-2', 3, '2021', 1, 'Panduan_Guru_Pendidikan_Pancasila_untuk_SDMI_Kelas_I.png', NULL, 2, 1, NULL, 0, 2, '2024-06-24', NULL),
(20, 'Pendidikan Agama Hindu dan Budi Pekerti untuk SD Kelas I', NULL, '978-602-244-421-3', 1, '2021', 1, 'Pendidikan_Agama_Hindu_dan_Budi_Pekerti_untuk_SD_Kelas_I.png', NULL, 2, 1, NULL, 0, 2, '2024-06-24', NULL),
(21, 'Buku Audio Bahasa Indonesia SD Kelas 2', '1', '978-602-244-308-7', 10, '2021', 2, 'Bahasa-Indonesia-BS-KLS-II-cover.png', 1, 2, 2, 3, 0, 1, '2024-06-27', NULL),
(22, 'Buku Panduan Guru Capaian Pembelajaran Elemen Dasar-Dasar Literasi dan STEAM untuk Satuan PAUD', NULL, '978-602-244-564-7', 1, '2021', 1, 'Buku_Panduan_Guru_Capaian_Pembelajaran_Elemen_Dasar-Dasar_Literasi_dan_STEAM_untuk_Satuan_PAUD.png', NULL, 1, NULL, NULL, 0, 1, '2024-07-02', NULL),
(23, 'Buku Panduan Guru Capaian Pembelajaran Elemen Nilai Agama dan Budi Pekerti untuk Satuan PAUD', NULL, '978-602-244-740-5', 2, '2021', 1, 'Buku_Panduan_Guru_Capaian_Pembelajaran_Elemen_Nilai_Agama_dan_Budi_Pekerti_untuk_Satuan_PAUD.png', NULL, 1, NULL, NULL, 0, 1, '2024-07-02', NULL),
(24, 'Buku Panduan Guru Matematika untuk SDMI Kelas I', NULL, '978-602-244-874-7', 2, '2022', 1, 'Buku_Panduan_Guru_Matematika_untuk_SDMI_Kelas_I.png', NULL, 2, 1, 5, 0, 1, '2024-07-02', NULL),
(25, 'Buku Panduan Guru Bahasa Indonesia Aku Bisa! untuk SD Kelas I (Edisi Revisi)', 'Revisi', '978-623-118-510-5', 1, '2021', 1, 'Buku_Panduan_Guru_Bahasa_Indonesia_Aku_Bisa!_untuk_SD_Kelas_I.png', 1, 2, 1, 3, 0, 1, '2024-07-02', NULL),
(26, 'Buku Panduan Guru Matematika untuk SDMI Kelas I V', NULL, '978-602-244-531-9', 1, '2021', 1, 'Buku_Panduan_Guru_Matematika_untuk_SDMI_Kelas_I_V2.png', NULL, 2, 1, 5, 0, 1, '2024-07-02', NULL),
(27, 'Bahasa Indonesia Aku Bisa! untuk SD Kelas I (Edisi Revisi)', 'Revisi', '978-623-118-362-0', 1, '2021', 1, 'Bahasa_Indonesia_Aku_Bisa!_untuk_SD_Kelas_I.png', 1, 2, 1, 3, 0, 1, '2024-07-02', NULL),
(28, 'Panduan Guru Jati Diri (Edisi Revisi)', NULL, '978-623-118-108-4', 3, '2023', 1, 'Panduan_Guru_Jati_Diri_(Edisi_Revisi).png', NULL, 2, 1, NULL, 0, 1, '2024-07-02', NULL),
(29, 'Buku Panduan Guru Pendidikan Kepercayaan Terhadap Tuhan Yang Maha Esa dan Budi Pekerti untuk SD Kelas I', NULL, '978-602-244-342-1', 1, '2021', 1, 'Buku_Panduan_Guru_Pendidikan_Kepercayaan_Terhadap_Tuhan_Yang_Maha_Esa_dan_Budi_Pekerti_untuk_SD_Kelas_I.png', NULL, 2, 1, NULL, 0, 1, '2024-07-02', NULL),
(30, 'Matematika untuk SDMI Kelas I V2', NULL, '978-602-244-533-3', 1, '2021', 1, 'Matematika_untuk_SDMI_Kelas_I_V2.png', NULL, 2, 1, 5, 0, 1, '2024-07-02', NULL),
(31, 'Pendidikan Agama Buddha dan Budi Pekerti untuk SD Kelas I', NULL, '978-602-244-488-6', 1, '2021', 1, 'Pendidikan_Agama_Buddha_dan_Budi_Pekerti_untuk_SD_Kelas_I.png', NULL, 2, 1, 13, 0, 1, '2024-07-02', NULL),
(32, 'Pendidikan Kepercayaan Terhadap Tuhan Yang Maha Esa dan Budi Pekerti untuk SD Kelas I', NULL, '978-602-244-344-5', 1, '2021', 1, 'Pendidikan_Kepercayaan_Terhadap_Tuhan_Yang_Maha_Esa_dan_Budi_Pekerti_untuk_SD_Kelas_I.png', NULL, 2, 1, NULL, 0, 1, '2024-07-02', NULL),
(33, 'Buku Guru Pendidikan Agama Islam dan Budi Pekerti Kelas I', NULL, '978-602-282-801-3', 6, '2013', 1, 'Buku_Guru_Pendidikan_Agama_Islam_dan_Budi_Pekerti_Kelas_I.png', NULL, 2, 1, NULL, 0, 1, '2024-07-02', NULL),
(34, 'Buku Guru Pendidikan Agama Katolik dan Budi Pekerti Kelas I', '2017', '978-602-282-823-5', 6, '2017', 1, 'Buku_Guru_Pendidikan_Agama_Katolik_dan_Budi_Pekerti_Kelas_I.png', NULL, 2, 1, 11, 0, 1, '2024-07-02', NULL),
(35, 'Bahasa Indonesia Kawan Seiring untuk SDMI Kelas III', '1', '978-602-244-308-7', 10, '2022', 1, 'Bahasa_Indonesia_Kawan_Seiring_untuk_SDMI_Kelas_III.png', NULL, 2, 3, 3, 0, 2, '2024-07-02', NULL),
(36, 'Teacher Book - My Next Words Grade 1', NULL, '978-602-244-508-1', 1, '2021', 1, 'Teacher_Book_-_My_Next_Words_Grade_1.png', NULL, 2, 1, 4, 0, 1, '2024-07-02', NULL),
(37, 'Pendidikan Pancasila untuk SDMI Kelas I', NULL, '978-623-194-614-0', 3, '2023', 1, 'Pendidikan_Pancasila_untuk_SDMI_Kelas_I.png', NULL, 2, 1, 6, 0, 1, '2024-07-02', NULL),
(38, 'Buku Guru kelas I Tema 7 Benda, Hewan Dan Tanaman Disekitarku', NULL, '978-602-282-891-4', 6, '2013', 1, 'Buku_Guru_kelas_I_Tema_7_Benda,_Hewan_Dan_Tanaman_Disekitarku.png', NULL, 2, 1, NULL, 0, 1, '2024-07-02', NULL),
(39, 'Buku Guru kelas I Tema 8 Peristiwa Alam', NULL, '978-602-282-893-8', 6, '2013', 1, 'Buku_Guru_kelas_I_Tema_8_Peristiwa_Alam.png', NULL, 2, 1, NULL, 0, 1, '2024-07-02', NULL),
(40, 'Buku Guru Pendidikan Agama Hindu dan Budi Pekerti Kelas I', NULL, '978-602-282-843-3', 6, '2013', 1, 'Buku_Guru_Pendidikan_Agama_Hindu_dan_Budi_Pekerti_Kelas_I.png', NULL, 2, 1, 12, 0, 1, '2024-07-02', NULL),
(41, 'Buku Panduan Guru Pendidikan Agama Buddha dan Budi Pekerti untuk SD Kelas II', NULL, '978-602-244-486-2', 2, '2021', 1, 'Buku_Panduan_Guru_Pendidikan_Agama_Buddha_dan_Budi_Pekerti_untuk_SD_Kelas_II.png', NULL, 2, 2, 13, 0, 1, '2024-07-02', NULL),
(42, 'Buku Panduan Guru Pendidikan Agama Hindu dan Budi Pekerti untuk SD Kelas II', NULL, '978-602-244-419-0', 2, '2021', 1, 'Buku_Panduan_Guru_Pendidikan_Agama_Hindu_dan_Budi_Pekerti_untuk_SD_Kelas_II.png', NULL, 2, 2, 12, 0, 1, '2024-07-02', NULL),
(43, 'Buku Panduan Guru Pendidikan Agama Islam dan Budi Pekerti untuk SD Kelas II', NULL, '978-602-244-544-9', 2, '2021', 1, 'Buku_Panduan_Guru_Pendidikan_Agama_Islam_dan_Budi_Pekerti_untuk_SD_Kelas_II.png', NULL, 2, 2, 9, 0, 1, '2024-07-02', NULL),
(44, 'Buku Panduan Guru Pendidikan Agama Katolik dan Budi Pekerti untuk SD Kelas II', NULL, '978-602-244-415-2', 2, '2021', 1, 'Buku_Panduan_Guru_Pendidikan_Agama_Katolik_dan_Budi_Pekerti_untuk_SD_Kelas_II.png', NULL, 2, 2, 11, 0, 1, '2024-07-02', NULL),
(45, 'Buku Panduan Guru Pendidikan Agama Khonghucu dan Budi Pekerti untuk SD Kelas II', NULL, '978-602-244-483-1', 2, '2021', 1, 'Buku_Panduan_Guru_Pendidikan_Agama_Khonghucu_dan_Budi_Pekerti_untuk_SD_Kelas_II.png', NULL, 2, 2, NULL, 0, 1, '2024-07-02', NULL),
(46, 'Buku Panduan Guru Pendidikan Jasmani, Olahraga, dan Kesehatan untuk SDMI Kelas II', NULL, '978-602-244-878-5', 3, '2022', 1, 'Buku_Panduan_Guru_Pendidikan_Jasmani,_Olahraga,_dan_Kesehatan_untuk_SDMI_Kelas_II.png', NULL, 2, 2, 8, 0, 1, '2024-07-02', NULL),
(47, 'Buku Panduan Guru Seni Tari untuk SD Kelas II', NULL, '978-602-244-451-0', 2, '2021', 1, 'Buku_Panduan_Guru_Seni_Tari_untuk_SD_Kelas_II.png', NULL, 2, 2, 16, 0, 1, '2024-07-02', NULL),
(48, 'Buku Panduan Guru Seni Teater untuk SD Kelas II', NULL, '978-602-244-338-4', 1, '2021', 1, 'Buku_Panduan_Guru_Seni_Teater_untuk_SD_Kelas_II.png', NULL, 2, 2, 19, 0, 1, '2024-07-02', NULL),
(49, 'Panduan Guru Pendidikan Pancasila untuk SDMI Kelas II', NULL, '978-623-194-642-3', 3, '2021', 1, 'Panduan_Guru_Pendidikan_Pancasila_untuk_SDMI_Kelas_II.png', NULL, 2, 2, 6, 0, 1, '2024-07-02', NULL),
(50, 'Pendidikan Agama Hindu dan Budi Pekerti untuk SD Kelas II', NULL, '978-602-244-421-3', 2, '2021', 1, 'Pendidikan_Agama_Hindu_dan_Budi_Pekerti_untuk_SD_Kelas_II.png', NULL, 2, 2, 12, 0, 2, '2024-07-02', NULL),
(51, 'Pendidikan Pancasila untuk SDMI Kelas II', NULL, '978-623-194-628-7', 3, '2023', 1, 'Pendidikan_Pancasila_untuk_SDMI_Kelas_II.png', NULL, 2, 2, 6, 0, 1, '2024-07-02', NULL),
(52, 'Buku Panduan Guru Dasar-Dasar Manajemen Perkantoran dan Layanan Bisnis untuk SMK_MAK Kelas X', NULL, '978-602-427-934-9', 3, '2022', 1, 'Buku_Panduan_Guru_Dasar-Dasar_Manajemen_Perkantoran_dan_Layanan_Bisnis_untuk_SMK_MAK_Kelas_X.png', NULL, 4, 10, NULL, 0, 1, '2024-07-02', NULL),
(53, 'Buku Panduan Guru Ilmu Pengetahuan Alam untuk SMA Kelas X', NULL, '978-602-244-377-3', 1, '2021', 1, 'Buku_Panduan_Guru_Ilmu_Pengetahuan_Alam_untuk_SMA_Kelas_X.png', NULL, 4, 10, 1, 0, 1, '2024-07-02', NULL),
(54, 'Buku Panduan Guru Dasar-Dasar Usaha Layanan Pariwisata untuk SMK_MAK Kelas X', NULL, '978-602-427-932-5', 3, '2022', 1, 'Buku_Panduan_Guru_Dasar-Dasar_Usaha_Layanan_Pariwisata_untuk_SMK_MAK_Kelas_X.png', NULL, 4, 10, NULL, 0, 1, '2024-07-02', NULL),
(55, 'Buku Panduan Guru Ilmu Pengetahuan Sosial untuk SMA Kelas X', NULL, '978-602-244-329-2', 1, '2021', 1, 'Buku_Panduan_Guru_Ilmu_Pengetahuan_Sosial_untuk_SMA_Kelas_X.png', NULL, 4, 10, NULL, 0, 1, '2024-07-02', NULL),
(56, 'Buku Panduan Guru Informatika untuk SMA Kelas X', NULL, '978-602-244-501-2', 1, '2021', 1, 'Buku_Panduan_Guru_Informatika_untuk_SMA_Kelas_X.png', NULL, 4, 10, NULL, 0, 1, '2024-07-02', NULL),
(57, 'Buku Panduan Guru Pendidikan Agama Hindu dan Budi Pekerti untuk SMA_SMK Kelas X', NULL, '978-602-244-365-0', 1, '2021', 1, 'Buku_Panduan_Guru_Pendidikan_Agama_Hindu_dan_Budi_Pekerti_untuk_SMA_SMK_Kelas_X.png', NULL, 4, 10, NULL, 0, 1, '2024-07-02', NULL),
(58, 'Buku Panduan Guru Pendidikan Jasmani, Olahraga, dan Kesehatan untuk SMA_SMK Kelas X', NULL, '978-602-244-305-6', 1, '2021', 1, 'Buku_Panduan_Guru_Pendidikan_Jasmani,_Olahraga,_dan_Kesehatan_untuk_SMA_SMK_Kelas_X.png', NULL, 4, 10, NULL, 0, 1, '2024-07-02', NULL),
(59, 'Buku Panduan Guru Pendidikan Kepercayaan Terhadap Tuhan Yang Maha Esa dan Budi Pekerti untuk SMA_SMK Kelas X', NULL, '978-602-244-385-8', 1, '2021', 1, 'download.png', NULL, 4, 10, NULL, 0, 1, '2024-07-02', NULL),
(60, 'Buku Panduan Guru Prakarya dan Kewirausahaan Budi Daya untuk SMA_MA Kelas X', NULL, '978-602-244-900-3', 3, '2022', 1, 'Buku_Panduan_Guru_Prakarya_dan_Kewirausahaan_Budi_Daya_untuk_SMA_MA_Kelas_X.png', NULL, 4, 10, NULL, 0, 1, '2024-07-02', NULL),
(61, 'Buku Panduan Guru Seni Rupa untuk SMA_SMK Kelas X', NULL, '978-602-244-354-4', 1, '2021', 1, 'Buku_Panduan_Guru_Seni_Rupa_untuk_SMA_SMK_Kelas_X.png', NULL, 4, 10, NULL, 0, 1, '2024-07-02', NULL),
(62, 'Cerdas Cergas Berbahasa dan Bersastra Indonesia untuk SMA_SMK Kelas X', NULL, '978-602-244-324-7', 1, '2021', 1, 'Cerdas_Cergas_Berbahasa_dan_Bersastra_Indonesia_untuk_SMA_SMK_Kelas_X.png', NULL, 4, 10, NULL, 0, 1, '2024-07-02', NULL),
(63, 'Dasar - dasar Manajemen Perkantoran dan Layanan Bisnis untuk SMA_MAK Kelas X Semester 1', NULL, '978-602-244-993-5', 3, '2022', 1, 'Dasar_-_dasar_Manajemen_Perkantoran_dan_Layanan_Bisnis_untuk_SMA_MAK_Kelas_X_Semester_1.png', NULL, 4, 10, NULL, 0, 1, '2024-07-02', NULL),
(64, 'Dasar - dasar Teknik Ketenagalistrikan untuk SMK_MAK Kelas X Semester 1', NULL, '978-602-244-985-0', 3, '2022', 1, 'Dasar_-_dasar_Teknik_Ketenagalistrikan_untuk_SMK_MAK_Kelas_X_Semester_1.png', NULL, 4, 10, NULL, 0, 1, '2024-07-02', NULL),
(65, 'Pendidikan Agama Buddha dan Budi Pekerti untuk SMA_SMK Kelas X', NULL, '978-602-244-497-8', 1, '2021', 1, 'Pendidikan_Agama_Buddha_dan_Budi_Pekerti_untuk_SMA_SMK_Kelas_X.png', NULL, 4, 10, NULL, 0, 1, '2024-07-02', NULL),
(66, 'Pendidikan Kepercayaan Terhadap Tuhan Yang Maha Esa dan Budi Pekerti untuk SMA_SMK Kelas X', NULL, '978-602-244-356-8', 1, '2021', 1, 'Pendidikan_Kepercayaan_Terhadap_Tuhan_Yang_Maha_Esa_dan_Budi_Pekerti_untuk_SMA_SMK_Kelas_X.png', NULL, 4, 10, NULL, 0, 1, '2024-07-02', NULL),
(67, 'Bahasa Indonesia Tingkat Lanjut Cakap Berbahasa dan Bersastra Indonesia untuk SMA Kelas XI', NULL, '978-602-244-741-2', 2, '2021', 1, 'Bahasa_Indonesia_Tingkat_Lanjut_Cakap_Berbahasa_dan_Bersastra_Indonesia_untuk_SMA_Kelas_XI.png', NULL, 4, 11, NULL, 0, 1, '2024-07-02', NULL),
(68, 'Bahasa Inggris Tingkat Lanjut untuk SMA Kelas XI', NULL, '978-602-244-862-4', 2, '2021', 1, 'Bahasa_Inggris_Tingkat_Lanjut_untuk_SMA_Kelas_XI.png', NULL, 4, 11, 4, 0, 1, '2024-07-02', NULL),
(69, 'Buku Panduan Guru Bahasa Indonesia Tingkat Lanjut Cakap Berbahasa dan Bersastra Indonesia untuk SMA Kelas XI', NULL, '978-602-244-743-6', 2, '2021', 1, 'download_(1).png', NULL, 4, 11, 3, 0, 1, '2024-07-02', NULL),
(70, 'Buku Panduan Guru Bahasa Inggris English for Change untuk SMA_MA Kelas XI', NULL, '978-602-244-898-3', 3, '2022', 1, 'Buku_Panduan_Guru_Bahasa_Inggris_English_for_Change_untuk_SMA_MA_Kelas_XI.png', NULL, 4, 11, 4, 0, 1, '2024-07-02', NULL),
(71, 'Buku Panduan Guru Bahasa Inggris Tingkat Lanjut untuk SMA Kelas XI', NULL, '978-602-244-864-8', 2, '2021', 1, 'Buku_Panduan_Guru_Bahasa_Inggris_Tingkat_Lanjut_untuk_SMA_Kelas_XI.png', NULL, 4, 11, 4, 0, 1, '2024-07-02', NULL),
(72, 'Buku Panduan Guru Cerdas Cergas Berbahasa dan Bersastra Indonesia untuk SMA_SMK Kelas XI', NULL, '978-602-244-322-3', 2, '2021', 1, 'Buku_Panduan_Guru_Cerdas_Cergas_Berbahasa_dan_Bersastra_Indonesia_untuk_SMA_SMK_Kelas_XI.png', NULL, 4, 11, NULL, 0, 1, '2024-07-02', NULL),
(73, 'Buku Panduan Guru Ekonomi untuk SMA Kelas XI', NULL, '978-602-244-853-2', 2, '2022', 1, 'Buku_Panduan_Guru_Ekonomi_untuk_SMA_Kelas_XI.png', NULL, 4, 11, NULL, 0, 1, '2024-07-02', NULL),
(74, 'Buku Panduan Guru Fisika untuk SMA_MA Kelas XI', NULL, '978-623-472-723-4', 3, '2022', 1, 'Buku_Panduan_Guru_Fisika_untuk_SMA_MA_Kelas_XI.png', NULL, 4, 11, NULL, 0, 1, '2024-07-02', NULL),
(75, 'Buku Panduan Guru Informatika untuk SMA Kelas XI', NULL, '978-602-244-501-2', 2, '2021', 1, 'Buku_Panduan_Guru_Informatika_untuk_SMA_Kelas_XI.png', NULL, 4, 11, NULL, 0, 1, '2024-07-02', NULL),
(76, 'Buku Panduan Guru Kimia untuk SMA_MA Kelas XI', NULL, '978-602-427-896-0', 3, '2022', 1, 'Buku_Panduan_Guru_Kimia_untuk_SMA_MA_Kelas_XI.png', NULL, 4, 11, NULL, 0, 1, '2024-07-02', NULL),
(77, 'Buku Panduan Guru Matematika Tingkat Lanjut untuk SMA Kelas XI', NULL, '978-602-244-772-6', 2, '2021', 1, 'Buku_Panduan_Guru_Matematika_Tingkat_Lanjut_untuk_SMA_Kelas_XI.png', NULL, 4, 11, NULL, 0, 2, '2024-07-02', NULL),
(78, 'Buku Panduan Guru Pendidikan Agama Buddha dan Budi Pekerti untuk SMA_SMK Kelas XI', NULL, '978-602-244-499-2', 2, '2021', 1, 'Buku_Panduan_Guru_Pendidikan_Agama_Buddha_dan_Budi_Pekerti_untuk_SMA_SMK_Kelas_XI.png', NULL, 4, 11, NULL, 0, 1, '2024-07-02', NULL),
(79, 'Buku Panduan Guru Pendidikan Agama Kristen dan Budi Pekerti untuk SMA_SMK Kelas XI', NULL, '978-602-244-466-4', 2, '2021', 1, 'Buku_Panduan_Guru_Pendidikan_Agama_Kristen_dan_Budi_Pekerti_untuk_SMA_SMK_Kelas_XI.png', NULL, 4, 11, NULL, 0, 1, '2024-07-02', NULL),
(80, 'Buku Panduan Guru Pendidikan Jasmani, Olahraga, dan Kesehatan untuk SMA Kelas XI', NULL, '978-602-244-304-9', 2, '2021', 1, 'Buku_Panduan_Guru_Pendidikan_Jasmani,_Olahraga,_dan_Kesehatan_untuk_SMA_Kelas_XI.png', NULL, 4, 11, NULL, 0, 1, '2024-07-02', NULL),
(81, 'Buku Panduan Guru Prakarya dan Kewirausahaan Kerajinan untuk SMA_MA Kelas XI', NULL, '978-602-244-902-7', 3, '2022', 1, 'Buku_Panduan_Guru_Prakarya_dan_Kewirausahaan_Kerajinan_untuk_SMA_MA_Kelas_XI.png', NULL, 4, 11, NULL, 0, 1, '2024-07-02', NULL),
(82, 'Buku Panduan Guru Prakarya dan Kewirausahaan Pengolahan untuk SMA_MA Kelas XI', NULL, '978-602-244-906-5', 3, '2022', 1, 'Buku_Panduan_Guru_Prakarya_dan_Kewirausahaan_Pengolahan_untuk_SMA_MA_Kelas_XI.png', NULL, 4, 11, NULL, 0, 1, '2024-07-02', NULL),
(83, 'Buku Panduan Guru Prakarya dan Kewirausahaan Rekayasa untuk SMA_MA Kelas XI', NULL, '978-602-244-904-1', 3, '2022', 1, 'Buku_Panduan_Guru_Prakarya_dan_Kewirausahaan_Rekayasa_untuk_SMA_MA_Kelas_XI.png', NULL, 4, 11, NULL, 0, 1, '2024-07-02', NULL),
(84, 'Buku Panduan Guru Sejarah untuk SMA Kelas XI', NULL, '978-602-244-855-6', 2, '2021', 1, 'download_(2)_(1).png', NULL, 4, 11, NULL, 0, 1, '2024-07-02', NULL),
(85, 'Buku Panduan Guru Seni Musik Kita dan Musik untuk SMA Kelas XI', NULL, '978-602-244-300-1', 2, '2021', 1, 'Buku_Panduan_Guru_Seni_Musik_Kita_dan_Musik_untuk_SMA_Kelas_XI.png', NULL, 4, 11, NULL, 0, 1, '2024-07-02', NULL),
(86, 'Buku Panduan Guru Seni Rupa untuk SMA Kelas XI', NULL, '978-602-244-354-4', 2, '2021', 1, 'Buku_Panduan_Guru_Seni_Rupa_untuk_SMA_Kelas_XI.png', NULL, 4, 11, NULL, 0, 1, '2024-07-02', NULL),
(87, 'Buku Panduan Guru Seni Tari untuk SMA Kelas XI', NULL, '978-602-244-430-5', 2, '2021', 1, 'Buku_Panduan_Guru_Seni_Tari_untuk_SMA_Kelas_XI.png', NULL, 4, 11, NULL, 0, 1, '2024-07-02', NULL),
(88, 'Buku Panduan Guru Seni Teater untuk SMA Kelas XI', NULL, '978-602-244-348-3', 2, '2021', 1, 'Buku_Panduan_Guru_Seni_Teater_untuk_SMA_Kelas_XI.png', NULL, 4, 11, NULL, 0, 1, '2024-07-02', NULL),
(89, 'Buku Panduan Guru Sosiologi untuk SMA Kelas XI', NULL, '978-602-244-849-5', 2, '2021', 1, 'Buku_Panduan_Guru_Sosiologi_untuk_SMA_Kelas_XI.png', NULL, 4, 11, NULL, 0, 1, '2024-07-02', NULL),
(90, 'Cerdas Cergas Berbahasa dan Bersastra Indonesia untuk SMA_SMK Kelas XI', NULL, '978-602-244-324-7', 2, '2021', 1, 'download_(3).png', NULL, 4, 11, NULL, 0, 1, '2024-07-02', NULL),
(91, 'Ekonomi untuk SMA Kelas XI', NULL, '978-602-244-851-8', 2, '2022', 1, 'Ekonomi_untuk_SMA_Kelas_XI.png', NULL, 4, 11, NULL, 0, 1, '2024-07-02', NULL),
(92, 'Fisika untuk SMA_MA Kelas XI', NULL, '978-623-472-720-3', 3, '2022', 1, 'Fisika_untuk_SMA_MA_Kelas_XI.png', NULL, 4, 11, NULL, 0, 1, '2024-07-02', NULL),
(93, 'Fisika untuk SMA_MA Kelas XI', NULL, '978-602-244-505-0', 2, '2021', 1, 'Informatika_untuk_SMA_Kelas_XI.png', NULL, 4, 11, NULL, 0, 1, '2024-07-02', NULL),
(94, 'Buku Panduan Guru Pendidikan Agama Islam dan Budi Pekerti untuk SD/MI Kelas III', NULL, '978-602-244-544-9', 0, '2022', 1, 'Buku_Panduan_Guru_Pendidikan_Agama_Islam_dan_Budi_Pekerti_untuk_SDMI_Kelas_III.png', NULL, 2, 3, NULL, 0, 1, '2024-07-02', NULL),
(95, 'Buku Panduan Guru Pendidikan Agama Katolik dan Budi Pekerti untuk SD Kelas III', NULL, '978-602-244-415-2', 0, '2022', 1, 'Buku_Panduan_Guru_Pendidikan_Agama_Katolik_dan_Budi_Pekerti_untuk_SD_Kelas_III.png', NULL, 2, 3, NULL, 0, 1, '2024-07-02', NULL),
(96, 'Panduan Guru Pendidikan Pancasila untuk SMA_MA_SMK_MAK Kelas XI', NULL, '978-623-194-636-2', 3, '2023', 1, 'Panduan_Guru_Pendidikan_Pancasila_untuk_SMA_MA_SMK_MAK_Kelas_XI.png', NULL, 4, 11, NULL, 0, 1, '2024-07-02', NULL),
(97, 'Pendidikan Agama Buddha dan Budi Pekerti Untuk SMA_SMK Kelas XI', NULL, '978-602-244-499-2', 2, '2021', 1, 'Pendidikan_Agama_Buddha_dan_Budi_Pekerti_Untuk_SMA_SMK_Kelas_XI.png', NULL, 4, 11, NULL, 0, 1, '2024-07-02', NULL),
(98, 'Bahasa Indonesia Kawan Seiring untuk SD/MI Kelas III', NULL, '978-602-244-308-7', 0, '2022', 1, 'Bahasa_Indonesia_Kawan_Seiring_untuk_SDMI_Kelas_III.png', NULL, 2, 3, NULL, 0, 2, '2024-07-02', NULL),
(99, 'Belajar Bersama Temanmu Matematika untuk Sekolah Dasar Kelas III Volume 1', NULL, '978-602-244-533-3', 0, '2022', 1, 'Belajar_Bersama_Temanmu_Matematika_untuk_Sekolah_Dasar_Kelas_III_–_Volume_1.png', NULL, 2, 3, NULL, 0, 2, '2024-07-02', NULL),
(100, 'Belajar Bersama Temanmu Matematika untuk Sekolah Dasar Kelas III – Volume 2', NULL, '978-602-244-533-3', 0, '2022', 1, 'Belajar_Bersama_Temanmu_Matematika_untuk_Sekolah_Dasar_Kelas_III_–_Volume_2.png', NULL, 2, 3, NULL, 0, 2, '2024-07-02', NULL),
(101, 'Pendidikan Agama Kristen dan Budi Pekerti untuk SMA_SMK Kelas XI', NULL, '978-602-244-464-0', 2, '2021', 1, 'Pendidikan_Agama_Kristen_dan_Budi_Pekerti_untuk_SMA_SMK_Kelas_XI.png', NULL, 4, 11, NULL, 0, 1, '2024-07-02', NULL),
(102, 'Buku Guru – Kata-kataku Selanjutnya Kelas 3', NULL, 'ISBN 978-602-244-508-1', 0, '2022', 1, 'Buku_Guru_–_Kata-kataku_Selanjutnya_Kelas_3.png', NULL, 2, 3, NULL, 0, 2, '2024-07-02', NULL),
(103, 'Pendidikan Kepercayaan Terhadap Tuhan Yang Maha Esa dan Budi Pekerti untuk SMA_SMK Kelas XI', NULL, '978-602-244-356-8 978-602-244-81', 2, '2021', 1, 'Pendidikan_Kepercayaan_Terhadap_Tuhan_Yang_Maha_Esa_dan_Budi_Pekerti_untuk_SMA_SMK_Kelas_XI.png', NULL, 4, 11, NULL, 0, 1, '2024-07-02', NULL),
(104, 'Pendidikan Pancasila untuk SMA_MA_SMK_MAK Kelas XI', NULL, '978-623-194-621-8 978-623-194-62', 3, '2023', 1, 'Pendidikan_Pancasila_untuk_SMA_MA_SMK_MAK_Kelas_XI.png', NULL, 4, 11, NULL, 0, 1, '2024-07-02', NULL),
(105, 'Sejarah untuk SMA Kelas XI', NULL, '978-602-244-858-7 978-602-244-85', 2, '2021', 1, 'download_(2)_(1).png', NULL, 4, 11, NULL, 0, 1, '2024-07-02', NULL),
(106, 'Buku Panduan Guru Bahasa Indonesia Kawan Seiring untuk SD/MI Kelas III', NULL, '978-602-244-371-1', 0, '2022', 1, 'Buku_Panduan_Guru_Bahasa_Indonesia_Kawan_Seiring_untuk_SDMI_Kelas_III.png', NULL, 2, 3, NULL, 0, 2, '2024-07-02', NULL),
(107, 'Buku Panduan Guru Bahasa Indonesia Tingkat Lanjut Cakap Berbahasa dan Bersastra Indonesia untuk SMA_MA Kelas XII', NULL, '978-602-244-743-6', 2, '2022', 1, 'download_(4).png', NULL, 4, 12, NULL, 0, 1, '2024-07-02', NULL),
(108, 'Buku Panduan Guru Ekonomi untuk SMA_MA Kelas XII', NULL, '978-602-244-853-2', 3, '2022', 1, 'Buku_Panduan_Guru_Ekonomi_untuk_SMA_MA_Kelas_XII.png', NULL, 4, 12, NULL, 0, 1, '2024-07-02', NULL),
(109, 'Buku Panduan Guru Pendidikan Agama Buddha dan Budi Pekerti untuk SMA_SMK Kelas XII', NULL, '978-602-244-499-2', 2, '2022', 1, 'Buku_Panduan_Guru_Pendidikan_Agama_Buddha_dan_Budi_Pekerti_untuk_SMA_SMK_Kelas_XII.png', NULL, 4, 12, NULL, 0, 1, '2024-07-02', NULL),
(110, 'Buku Panduan Guru Pendidikan Agama Hindu dan Budi Pekerti untuk SMA_SMK Kelas XII', NULL, '978-602-244-365-0', 2, '2022', 1, 'Buku_Panduan_Guru_Pendidikan_Agama_Hindu_dan_Budi_Pekerti_untuk_SMA_SMK_Kelas_XII.png', NULL, 4, 12, NULL, 0, 1, '2024-07-02', NULL),
(111, 'Buku Panduan Guru Pendidikan Agama Katolik dan Budi Pekerti untuk SMA_SMK Kelas XII', NULL, '978-602-244-425-1', 2, '2022', 1, 'Buku_Panduan_Guru_Pendidikan_Agama_Katolik_dan_Budi_Pekerti_untuk_SMA_SMK_Kelas_XII.png', NULL, 4, 12, NULL, 0, 1, '2024-07-02', NULL),
(112, 'Buku Panduan Guru Ilmu Pengetahuan Alam dan Sosial untuk SD Kelas V', NULL, '978-602-244-375-9', 0, '2021', 1, 'Ilmu_Pengetahuan_Alam_dan_Sosial_untuk_SD_Kelas_V.png', NULL, 2, 5, NULL, 0, 1, '2024-07-02', NULL),
(113, 'Buku Panduan Guru Matematika untuk SD/MI Kelas V', NULL, '978-602-244-531-9', 11, '2022', 1, 'Belajar_Bersama_Temanmu_Matematika_untuk_Sekolah_Dasar_Kelas_V_–_Volume_1.png', NULL, 2, 5, NULL, 0, 1, '2024-07-02', NULL),
(114, 'EKONOMI SMA KELAS 10', NULL, '978-979-068-193-4', 7, '2009', 1, 'ekonomi_1.jpg', NULL, 4, 10, NULL, 0, 1, '2024-07-02', NULL),
(115, 'EKONOMI SMA KELAS 10', NULL, '978-979-068-194-1', 7, '2009', 1, 'Ekonomi_1.2.jpg', NULL, 4, 10, NULL, 0, 1, '2024-07-02', NULL),
(116, 'EKONOMI SMA KELAS 10', NULL, '978-979-068-195-8', 8, '2009', 1, 'ekonomi_1.png', NULL, 4, 10, NULL, 0, 1, '2024-07-02', NULL),
(117, 'EKONOMI SMA KELAS 10', NULL, '978-979-068-196-5', 7, '2009', 1, 'ekonomi_mintasih.png', NULL, 4, 10, NULL, 0, 2, '2024-07-02', NULL),
(118, 'EKONOMI SMA KELAS 10', NULL, '978-979-068-704-2', 7, '2009', 1, 'sma_nucahya.jpg', NULL, 4, 10, NULL, 0, 2, '2024-07-02', NULL),
(119, 'EKONOMI SMA KELAS 10', NULL, '978-979-068-701-1', 7, '2009', 1, 'ekonomi_yuli.jpg', NULL, 4, 10, NULL, 0, 1, '2024-07-02', NULL),
(120, 'FISIKA SMA KELAS 10', NULL, '978-979-068-168-2', 7, '2009', 1, 'fisika_setya.jpg', NULL, 4, 10, NULL, 0, 2, '2024-07-02', NULL),
(121, 'FISIKA SMA KELAS 10', NULL, '978-979-068-167-5', 7, '2009', 1, 'fisika_sma_1.jpg', NULL, 4, 10, NULL, 0, 1, '2024-07-02', NULL),
(122, 'FISIKA SMA KELAS 10', NULL, '978-979-068-805-6', 7, '2009', 1, 'fisika_karyono.png', NULL, 4, 10, NULL, 0, 1, '2024-07-02', NULL),
(123, 'FISIKA SMA KELAS 10', NULL, '978-979-068-169-9', 7, '2009', 1, 'Fisika_Joko.png', NULL, 4, 10, NULL, 0, 1, '2024-07-02', NULL),
(124, 'FISIKA SMA KELAS 10', NULL, '978-979-068-803-2', 7, '2009', 1, 'fisika_nurhayati.jpg', NULL, 4, 10, NULL, 0, 2, '2024-07-02', NULL),
(125, 'FISIKA SMA KELAS 10', NULL, '978-979-068-804-9', 7, '2009', 1, 'fisika_tri.png', NULL, 4, 10, NULL, 0, 1, '2024-07-02', NULL),
(126, 'GEOGRAFI SMA KELAS 10', NULL, '978-979-068-142-2', 7, '2009', 1, 'geo_.jpg', NULL, 4, 10, NULL, 0, 2, '2024-07-02', NULL),
(127, 'GEOGRAFI SMA KELAS 10', NULL, '978-979-068-791-2', 7, '2009', 1, 'geo_sma_iwan.png', NULL, 4, 10, NULL, 0, 1, '2024-07-04', NULL),
(128, 'GEOGRAFI SMA KELAS 10', NULL, '978-979-068-143-9', 7, '2009', 1, 'geo_eni.jpg', NULL, 4, 10, NULL, 0, 2, '2024-07-04', NULL),
(129, 'GEOGRAFI SMA KELAS 10', NULL, '978-979-068-792-9', 7, '2009', 1, 'geo_eni.jpg', NULL, 4, 10, NULL, 0, 2, '2024-07-04', NULL),
(130, 'GEOGRAFI SMA KELAS 10', NULL, '978-979-068-781-3', 7, '2009', 1, 'geo_hartono.jpg', NULL, 4, 10, NULL, 0, 2, '2024-07-04', NULL),
(131, 'GEOGRAFI SMA KELAS 10', NULL, '978-979-068-777-6', 7, '2009', 1, 'Geo_Bambang.jpg', NULL, 4, 10, NULL, 0, 2, '2024-07-04', NULL),
(132, 'GLOSARIUM ISTILAH ASING', NULL, '-', 0, '0', 1, 'glorasium.jpg', NULL, 0, NULL, NULL, 0, 1, '2024-07-04', NULL),
(133, 'ADMINISTRASI SERVER SMK KELAS 10', NULL, '-', 9, '2013', 1, 'administrasi_antonius.jpg', NULL, 4, 10, NULL, 0, 1, '2024-07-04', NULL),
(134, 'AGRIBISNIS TERNAK RUMINANSIA SMK KELAS 10', NULL, '978-602-8320-01-6', 5, '2008', 1, 'agribisnis_catur.jpg', NULL, 4, 10, NULL, 0, 1, '2024-07-04', NULL),
(135, 'AIRCRAFT SHEET METAL FORMING KELAS XI SEMESTER 3', NULL, '-', 5, '2014', 1, 'aircraft.jpg', NULL, 4, 11, NULL, 0, 1, '2024-07-04', NULL),
(136, 'AKOMODASI PERHOTELAN SMK KELAS 10', NULL, '978-602-8320-05-6', 5, '2008', 1, 'akomodasi_perhotelan_ni_wayan.png', NULL, 4, 10, NULL, 0, 2, '2024-07-04', NULL),
(137, 'AKU MAMPU BERBAHASA INDONESIA SMK KELAS 10', NULL, '979-462-979-0', 8, '2008', 1, 'aku_mampu_kastam.jpg', NULL, 4, 10, NULL, 0, 2, '2024-07-04', NULL),
(138, 'AKUNTANSI INDUSTRI SMK KELAS 10', NULL, '978-602-8320-09-2', 5, '2008', 1, 'akutansi_ali.jpg', NULL, 4, 10, NULL, 0, 1, '2024-07-04', NULL),
(139, 'ALAT MESIN PERTANIAN SMK KELAS 10', NULL, '-', 5, '2014', 1, 'alat_mesin.jpg', NULL, 4, 10, NULL, 0, 1, '2024-07-04', NULL),
(140, 'ALAT UKUR DAN TEKNIK PENGUKURAN SMK KELAS 10', NULL, '978-602-8320-12-2', 5, '2008', 1, 'alat_ukur_sri.jpg', NULL, 4, 10, NULL, 0, 1, '2024-07-04', NULL),
(141, 'ANALISIS KIMIA DASAR SMK KELAS 10', NULL, '-', 5, '2014', 1, 'analisis_kimia_.jpg', NULL, 4, 10, NULL, 0, 1, '2024-07-04', NULL),
(142, 'ANATOMI HEWAN SMK KELAS 10', NULL, '-', 0, '0', 1, 'anatomi_hewan.jpg', NULL, 4, 10, NULL, 0, 1, '2024-07-04', NULL),
(143, 'ANIMASI 2D SMK KELAS 11', NULL, '-', 9, '2013', 1, 'animasi_siswati.jpg', NULL, 4, 11, NULL, 0, 1, '2024-07-04', NULL),
(144, 'ANIMASI 2D SMK KELAS 12', NULL, '-', 9, '2013', 1, 'animasi_wahyu.jpg', NULL, 4, 12, NULL, 0, 1, '2024-07-04', NULL),
(145, 'BAHASA INDONESIA SMK KELAS 10', NULL, '979-462-944-8', 8, '2008', 1, 'bahasa_indonesia_budi.jpg', NULL, 4, 10, NULL, 0, 1, '2024-07-04', NULL),
(146, 'BASIS DATA SMK KELAS 11 SEMESTER 2', NULL, '-', 9, '2013', 1, 'Basis_data_farid.jpg', NULL, 4, 11, NULL, 0, 1, '2024-07-04', NULL),
(147, 'BASIS DATA SMK KELAS 11 SEMSTER 1', NULL, '-', 9, '2013', 1, 'basis_data_abdul.jpg', NULL, 4, 11, NULL, 0, 1, '2024-07-04', NULL),
(148, 'BATUAN SMK KELAS 10 SEMESTER 1', NULL, '-', 0, '0', 1, 'batuan_semester_1.jpg', NULL, 4, 10, NULL, 0, 1, '2024-07-04', NULL),
(149, 'BATUAN SMK KELAS 10 SEMESTER 2', NULL, '-', 0, '0', 1, 'batuan_semester_2.jpg', NULL, 4, 10, NULL, 0, 2, '2024-07-04', NULL),
(150, 'COMFORT SAFETY AND INFORMATION TECHNOLOGI SMK KELAS 11', NULL, '-', 9, '2013', 1, 'csit.jpg', NULL, 4, 11, NULL, 0, 1, '2024-07-04', NULL),
(151, 'DASAR ARTISTIK SMK KELAS 10 SEMESTER 1', NULL, '-', 9, '2013', 1, 'artisitik_heru.jpg', NULL, 4, 10, NULL, 0, 1, '2024-07-04', NULL),
(152, 'DASAR TATA ARTISTIK SMK KELAS 10 SEMESTER 2', NULL, '-', 9, '2013', 1, 'dasar_tata_artistik.jpg', NULL, 4, 10, NULL, 0, 1, '2024-07-04', NULL),
(153, 'DASAR DASAR BUDIDAYA PERAIRAN SMK KELAS 10 SEMESTER 1', NULL, '-', 0, '0', 1, 'dasar_budidaya.jpg', NULL, 4, 10, NULL, 0, 1, '2024-07-04', NULL),
(154, 'DASAR DASAR BUDIDAYA PERAIRAN SMK KELAS 10 SEMESTER 2', NULL, '-', 0, '0', 1, 'dasar_budidaya_semester_2.jpg', NULL, 4, 10, NULL, 0, 1, '2024-07-04', NULL),
(155, 'DASAR DASAR KESEHATAN TERNAK SMK KELAS 10', NULL, '-', 0, '0', 1, 'dasar_kesehatan_ternak.jpg', NULL, 4, 10, NULL, 0, 1, '2024-07-04', NULL),
(156, 'DASAR DASAR PEKAN TERNAK SMK KELAS 10', NULL, '-', 0, '0', 1, 'dasar_pakan.jpg', NULL, 4, 10, NULL, 0, 1, '2024-07-04', NULL),
(157, 'DASAR DASAR PEMELIHARAAN TERNAK SMK KELAS 10', NULL, '-', 0, '0', 1, 'dasar_ternak.jpg', NULL, 4, 10, NULL, 0, 1, '2024-07-04', NULL),
(158, 'DASAR DASAR PERTERNAKAN SMK KELAS 10', NULL, '-', 14, '2013', 1, 'dasar_-dasar_peternakan.jpg', NULL, 4, 10, NULL, 0, 1, '2024-07-04', NULL),
(159, 'DASAR DASAR TEKNIK PENGEBORAN SMK KELAS 10', NULL, '-', 9, '2013', 1, 'dasar_pengeboran.jpg', NULL, 4, 10, NULL, 0, 1, '2024-07-04', NULL),
(160, 'DASAR DASAR PEMBIBITAN TERNAK SMK KELAS 10', NULL, '-', 0, '0', 1, 'dasar_pembibitan_ternak.jpg', NULL, 4, 10, NULL, 0, 1, '2024-07-04', NULL),
(161, 'DASAR PEMERANAN SMK KELAS 10', NULL, '-', 0, '0', 1, 'dasar_pemeranan.jpg', NULL, 4, 10, NULL, 0, 1, '2024-07-04', NULL),
(162, 'DASAR PENGENDALIAN MUTU HASIL PERTANIAN DAN PERIKANAN SMK KELAS 10', NULL, '-', 5, '0', 1, 'dasar_pengendalian_mutu.jpg', NULL, 4, 10, NULL, 0, 1, '2024-07-04', NULL),
(163, 'DASAR PENGUKURAN LISTRIK SMK KELAS 10 SEMESTER 2', NULL, '-', 0, '0', 1, 'dasar_pengukuran_listrik_semester_2.jpg', NULL, 4, 10, NULL, 0, 1, '2024-07-04', NULL),
(164, 'DASAR DAN PENGUKURAN LISTRIK SMK KELAS 10', NULL, '-', 0, '0', 1, 'pengukuran_listrik_semester_1.jpg', NULL, 4, 10, NULL, 0, 2, '2024-07-04', NULL),
(165, 'DASAR PROSES PENGOLAHAN HASIL PERTANIAN DAN PERIKANAN SMK KELAS 10 SEMESTER 2', NULL, '-', 5, '0', 1, 'proses_pengolahan_hasil_pertanian.jpg', NULL, 4, 10, NULL, 0, 1, '2024-07-04', NULL),
(166, 'DASAR PROSES PENGOLAHAN HASIL PERTANIAN DAN PERIKANAN SMK KELAS 10 SEMESTER 1', NULL, '-', 9, '2014', 1, 'dasar_proses_pengolahan.jpg', NULL, 4, 10, NULL, 0, 1, '2024-07-04', NULL),
(167, 'DASAR TARI SMK KELAS 11 SEMESTER 1', NULL, '-', 0, '0', 1, 'dasar_tari.jpg', NULL, 4, 11, NULL, 0, 1, '2024-07-04', NULL),
(168, 'DESAIN MULTIMEDIA SMK KELAS 10', NULL, '-', 9, '2013', 1, 'desain_multimedia.jpg', NULL, 4, 10, NULL, 0, 1, '2024-07-04', NULL),
(169, 'EFEKTIF DAN APLIKATIF BERBAHASA INDONESIA SMK KELAS 10', NULL, '-', 8, '2009', 1, 'berbahasa_indonesia_suharti.jpg', NULL, 4, 10, NULL, 0, 1, '2024-07-04', NULL),
(170, 'ELEMEN MESIN SMK KELAS 10', NULL, '-', 9, '2013', 1, 'elemen_mesin.jpg', NULL, 4, 10, NULL, 0, 1, '2024-07-04', NULL),
(171, 'ENGINE MANAGEMENT SMK KELAS 10', NULL, '-', 9, '2013', 1, 'engine_management_system_husni.jpg', NULL, 4, 10, NULL, 0, 1, '2024-07-04', NULL),
(172, 'FISIKA NON TEKNOLOGI SMK KELAS 10', NULL, '-', 5, '2008', 1, 'fisika_mashuri.jpg', NULL, 4, 10, NULL, 0, 1, '2024-07-04', NULL),
(173, 'FISIKA SMK KELAS 10 UNTUK TEKNOLOGI', NULL, '-', 5, '2008', 1, 'fisika_jilid_1.png', NULL, 4, 10, NULL, 0, 1, '2024-07-04', NULL),
(174, 'FISIOLOGI HEWAN SMK KELAS 10', NULL, '-', 0, '0', 1, 'fisiologi_hewan.jpg', NULL, 4, 10, NULL, 0, 1, '2024-07-04', NULL),
(175, 'GEOLOGI DASAR SMK KELAS 10', NULL, '-', 0, '0', 1, 'geologi_dasar.jpg', NULL, 4, 10, NULL, 0, 2, '2024-07-04', NULL),
(176, 'ILMU KESEHATAN SMK KELAS 10 JILID 1', NULL, '-', 0, '0', 1, 'bse-55c054005e695.jpg', NULL, 4, 10, NULL, 0, 1, '2024-07-04', NULL),
(177, 'ILMU PENGETAHUAN SOSIAL SMK KELAS 10 JILID 1', NULL, '978-602-8320-35-1', 5, '2008', 1, 'ilmu_pengetahuan_sosial.jpg', NULL, 4, 10, NULL, 0, 1, '2024-07-04', NULL),
(178, 'JARINGAN DASAR SMK KELAS 10', NULL, '-', 9, '2013', 1, 'jaringan_dasar.jpg', NULL, 4, 10, NULL, 0, 1, '2024-07-04', NULL),
(179, 'KESELAMATAN KESEHATAN KERJA DAN LINGKUNGAN HIDUP SMK KELAS 10', NULL, '-', 0, '0', 1, 'keselamatan_kesehatan_semester_2.jpg', NULL, 4, 10, NULL, 0, 1, '2024-07-04', NULL),
(180, 'KEAMANAN PANGAN SMK KELAS 10 SEMESTER 1', NULL, '-', 0, '0', 1, 'keamanan_pangan.jpg', NULL, 4, 10, NULL, 0, 1, '2024-07-04', NULL),
(181, 'KELISTRIKAN MESIN SMK KELAS 10 SEMESTER 1', NULL, '-', 5, '2013', 1, 'KELISTRIKAN_MESIN.jpg', NULL, 4, 10, NULL, 0, 1, '2024-07-04', NULL),
(182, 'KESEHATAN BIOTA AIR SMK KELAS 10', NULL, '-', 0, '0', 1, 'kesehatan_semester_1.jpg', NULL, 4, 10, NULL, 0, 1, '2024-07-04', NULL),
(183, 'KESEKRETARISAN SMK KELAS 10', NULL, '978-602-8320-38-2', 5, '2008', 1, 'kesekretarisan.png', NULL, 4, 10, NULL, 0, 2, '2024-07-04', NULL),
(184, 'KESELAMATAN KERJA DAN KESEHATAN LINGKUNGAN SMK KELAS 10', NULL, '-', 5, '2013', 1, 'keselamatan_kerja.jpg', NULL, 4, 10, NULL, 0, 1, '2024-07-04', NULL),
(185, 'KIMIA INDUSTRI SMK KELAS 10', NULL, '978-602-8320-42-9', 5, '2008', 1, 'suprani.png', NULL, 4, 10, NULL, 0, 1, '2024-07-04', NULL),
(186, 'KIMIA SMK KELAS 10 JILID 1', NULL, '978-602-8320-46-7', 5, '2008', 1, 'Kimia_Jilid_1.jpg', NULL, 4, 10, NULL, 0, 1, '2024-07-04', NULL),
(187, 'KIMIA KESEHATAN SMK KELAS 10 JILID 1', NULL, '978-602-8320-49-8', 5, '2008', 1, 'kimia_julfikar.jpg', NULL, 4, 10, NULL, 0, 2, '2024-07-04', NULL),
(188, 'KIMIA ORGANIK SMK KELAS 10', NULL, '-', 0, '0', 1, 'kimia_semester_2.jpg', NULL, 4, 10, NULL, 0, 1, '2024-07-04', NULL),
(189, 'KOMUNIKASI DATA DAN INTERFACE SMK KELAS 10', NULL, '-', 9, '2013', 1, 'komunikasi_data.jpg', NULL, 4, 10, NULL, 0, 1, '2024-07-04', NULL),
(190, 'KONSEP DASAR AKUNTANSI SMK KELAS 10', NULL, '978-602-8320-52-8', 9, '2008', 1, 'konsep_dasar.png', NULL, 4, 10, NULL, 0, 1, '2024-07-04', NULL),
(191, 'KONVERSI ENERGI SMK KELAS 10', NULL, '-', 5, '2013', 1, 'Konversi_energi.jpg', NULL, 4, 10, NULL, 0, 1, '2024-07-04', NULL),
(192, 'KRIYA KAYU SMK KELAS 10 JILID 1', NULL, '978-602-8320-56-6', 5, '2008', 1, 'kriya_kayu.jpg', NULL, 4, 10, NULL, 0, 1, '2024-07-04', NULL),
(193, 'KRIYA KERAMIK SMK KELAS 10 JILID 1', NULL, '978-602-8320-59-7', 5, '2008', 1, 'KRIYA_KERAMIK.jpg', NULL, 4, 10, NULL, 0, 1, '2024-07-04', NULL),
(194, 'KRIYA KULIT SMK KELAS 10', NULL, '978-602-8320-63-4', 5, '2008', 1, 'KRIYA_KULIT.jpg', NULL, 4, 10, NULL, 0, 1, '2024-07-04', NULL),
(195, 'KRIYA TEKSTIL SMK KELAS 10', NULL, '978-602-8320-67-2', 5, '2008', 1, 'KARYA_TEKSIL_JILID_1.jpg', NULL, 4, 10, NULL, 0, 2, '2024-07-04', NULL),
(196, 'LUMPUR DAN HIDROLIKA LUMPUR PEMBORAN SMK KELAS 10', NULL, '-', 5, '2013', 1, 'lumpur_dan_pengeboran.jpg', NULL, 4, 10, NULL, 0, 1, '2024-07-04', NULL),
(197, 'MARKETING SMK KELAS 10 JILID 1', NULL, '978-602-8320-71-9', 5, '2008', 1, 'marketing.jpg', NULL, 4, 10, NULL, 0, 1, '2024-07-04', NULL),
(198, 'MATEMATIKA SMK KELAS 10 KELOMPOK SENI, PARIWISATA, DAN TEKNOLOGI KERUMAHTANGGAAN', NULL, '979-462-846-8', 8, '2018', 1, 'MATEMATIKA_HENDI.jpg', NULL, 4, 10, NULL, 0, 1, '2024-07-04', NULL),
(199, 'MATEMATIKA BISNIS DAN MENAJEMEN SMK KELAS 10', NULL, '978-602-8320-74-0', 5, '2008', 1, 'matematika_bisnis.jpg', NULL, 4, 10, NULL, 0, 1, '2024-07-04', NULL),
(200, 'MEKANIKA DAN ELEMEN MESIN SMK KELAS 10', NULL, '-', 9, '2013', 1, 'mekanika_arif.jpg', NULL, 4, 10, NULL, 0, 1, '2024-07-04', NULL),
(201, 'MEKANIKA TEKNIK SMK KELAS 10 SEMESTER 1', NULL, '-', 9, '2013', 1, 'MEKANIKA_TEKNIK.jpg', NULL, 4, 10, NULL, 0, 1, '2024-07-04', NULL),
(202, 'MEKANIKA TEKNIK SMK KELAS 10 SEMESTER 2', NULL, '-', 0, '0', 1, 'MEKANIKA_TEKNIK_SEM_2.jpg', NULL, 4, 10, NULL, 0, 1, '2024-07-04', NULL),
(203, 'MIKROBIOLOGI SMK KELAS 10 SEMESTER 2', NULL, '-', 0, '0', 1, 'MIKROBIOLOGI_SEM_2.jpg', NULL, 4, 10, NULL, 0, 1, '2024-07-04', NULL),
(204, 'NAUTIKA KAPAL PENANGKAP IKAN SMK KELAS 10 JILID 1', NULL, '978-602-8320-78-8', 5, '2008', 1, 'NAUTIKA_KAPAL.jpg', NULL, 4, 10, NULL, 0, 1, '2024-07-04', NULL),
(205, 'OLAH TUBUH SMK KELAS 11 SEMESTER 1', NULL, '-', 5, '2013', 1, 'OLAH_TUBUH.jpg', NULL, 4, 11, NULL, 0, 1, '2024-07-04', NULL),
(206, 'PALEONTOLOGI SMK KELAS 10', NULL, '-', 5, '2014', 1, 'PALEONTOLOGI.jpg', NULL, 4, 10, NULL, 0, 2, '2024-07-04', NULL),
(207, 'PATISERI SMK KELAS 10 JILID 1', NULL, '978-602-8320-82-5', 5, '2008', 1, 'patiseri_jilid_1.jpg', NULL, 4, 10, NULL, 0, 1, '2024-07-04', NULL),
(208, 'PEDALANGAN KELAS 10 JILID 1', NULL, '978-602-8320-86-3', 5, '2008', 1, 'PENDALANG.jpg', NULL, 4, 10, NULL, 0, 1, '2024-07-04', NULL),
(209, 'PEKERJAAN DASAR ELEKTROMEKANIK KELAS 10', NULL, '-', 0, '0', 1, 'PEKERJAAN_DASAR_ELEKTROMEKANIK.jpg', NULL, 4, 10, NULL, 0, 1, '2024-07-04', NULL),
(210, 'PEKERJAAN SOSIAL KELAS 10 JILID 1', NULL, '978-602-8320-89-4', 5, '2008', 1, 'pekerjaan_sosial.jpg', NULL, 4, 10, NULL, 0, 1, '2024-07-04', NULL),
(211, 'PEKERJAAN DASAR TEKNIK OTOMOTIF SMK KELAS 10 SEMESTER 2', NULL, '-', 9, '2013', 1, 'teknik_otomotif_semester_2.jpg', NULL, 4, 10, NULL, 0, 1, '2024-07-04', NULL),
(212, 'PEMBIAKAN TANAMAN SMK KELAS 10', NULL, '-', 0, '0', 1, 'pembiakan_tanaman_semester_2.jpg', NULL, 4, 10, NULL, 0, 1, '2024-07-04', NULL),
(213, 'PEMOGRAMAN BERORIENTASI OBJEK SMK KELAS 10 SEMESTER 2', NULL, '-', 9, '2013', 1, 'pbo_joko.jpg', NULL, 4, 10, NULL, 0, 1, '2024-07-04', NULL),
(214, 'PEMROGRAMAN WEB SMK KELAS 10 SEMESTER 2', NULL, '-', 9, '2013', 1, 'PE_WEB_2.jpg', NULL, 4, 10, NULL, 0, 1, '2024-07-04', NULL),
(215, 'PEMROGRAMAN WEB SMK KELAS 10 SEMESTER 1', NULL, '-', 9, '2013', 1, 'PE_WEB_1.jpg', NULL, 4, 10, NULL, 0, 1, '2024-07-04', NULL),
(216, 'TEKNIK INDUSTRI PENANGANAN MATERIAL SMK KELAS 10 SEMESTER 2', NULL, '-', 0, '0', 1, 'penanganan-material-1-320.jpg', NULL, 4, 10, NULL, 0, 1, '2024-07-04', NULL),
(217, 'PENGAWASAN MUTU BAHAN/PRODUK PANGAN SMK KELAS 10 JILID 1', NULL, '978-602-8320-93-1', 5, '2008', 1, 'PENMANNGAN.jpg', NULL, 4, 10, NULL, 0, 1, '2024-07-04', NULL),
(218, 'PENGELOLAAN KUALITAS AIR SMK KELAS 10', NULL, '-', 0, '0', 1, 'PENGELOLAAN_KUALITAS_AIR.jpg', NULL, 4, 10, NULL, 0, 1, '2024-07-04', NULL),
(219, 'PENGETAHUAN PEDALANGAN SMK KELAS 10 SEMESTER 2', NULL, '-', 9, '2013', 1, 'PEDALANGAN.jpg', NULL, 4, 10, NULL, 0, 1, '2024-07-04', NULL),
(220, 'PENGETAHUAN TARI SMK KELAS 10 SEMESTER 1', NULL, '-', 9, '2013', 1, 'pengetahuan_tari.jpg', NULL, 4, 10, NULL, 0, 2, '2024-07-04', NULL),
(221, 'PENGETAHUAN TEATER SMK KELAS 10 SEMESTER 2', NULL, '-', 9, '2013', 1, 'PENGETAHUAN_TEATER_2.jpg', NULL, 4, 10, NULL, 0, 1, '2024-07-04', NULL),
(222, 'PENGOLAHAN CITRA DIGITAL SMK KELAS 10 SEMESTER 2', NULL, '-', 9, '2013', 1, 'pengelolahan_citra_digital.jpg', NULL, 4, 10, NULL, 0, 2, '2024-07-04', NULL),
(223, 'PENGOLAHAN CITRA DIGITAL SMK KELAS 10 SEMESTER 1', NULL, '-', 9, '2013', 1, 'PENGELOHANAN_CITRA_1.png', NULL, 4, 10, NULL, 0, 1, '2024-07-04', NULL),
(224, 'PENJUALAN SMK KELAS 10 JILID 1', NULL, '978-602-8320-97-9', 5, '2008', 1, 'PENJUALAN.png', NULL, 4, 10, NULL, 0, 1, '2024-07-04', NULL),
(225, 'PENYULUHAN PERTANIAN SMK KELAS 10 SEMESTER 2', NULL, '-', 0, '0', 1, 'PENYULUHAN_PERTANIAN.jpg', NULL, 4, 10, NULL, 0, 1, '2024-07-04', NULL),
(226, 'PERAKITAN KOMPUTER SMK KELAS 10 SEMESTER 2', NULL, '-', 9, '2013', 1, 'perakitan_komputer_2.jpg', NULL, 4, 10, NULL, 0, 2, '2024-07-04', NULL),
(227, 'PERALATAN PROSES DAN UTILITAS SMK KELAS 10', NULL, '-', 15, '2013', 1, 'PERALATAN_PROSES_DAN_UTILITAS.jpg', NULL, 4, 10, NULL, 0, 2, '2024-07-04', NULL),
(228, 'PERANCANGAN SISTEM KERJA DAN ERGONOMI INDUSTRI SMK KELAS 10', NULL, '978-979-060-001-0', 15, '2008', 1, 'perencangan_sistem_kerja.jpg', NULL, 4, 10, NULL, 0, 1, '2024-07-04', NULL),
(229, 'PEREKAYASAAN SISTEM ANTENA SMK KELAS 10 SEMESTER 2', NULL, '-', 9, '2013', 1, 'Perekayasaan_sistem_antena.jpg', NULL, 4, 10, NULL, 0, 1, '2024-07-04', NULL),
(230, 'PEREKAYASAAN SISTEM AUDIO SMK KELAS 10 SEMESTER 2', NULL, '-', 9, '2013', 1, 'PEREKAYASAAN_AUDIO_SEMESTER_2.jpg', NULL, 4, 10, NULL, 0, 1, '2024-07-04', NULL),
(231, 'PEREKAYASAAN SISTEM CONTROL KELAS 10 SEMESTER 1', NULL, '-', 9, '2013', 1, 'pEREKAYASAAAN_SISTEM_CONTROL_SEMESTER_1.png', NULL, 4, 10, NULL, 0, 1, '2024-07-04', NULL),
(232, 'PEREKAYASAAN SISTEM RADIO DAN TELEVISI SMK KELAS 10 SEMESTER 2', NULL, '-', 9, '2013', 1, 'PEREKAYASAAAN_SISTEM_RADIO.jpg', NULL, 4, 10, NULL, 0, 1, '2024-07-04', NULL),
(233, 'PNEUMATIK DAN HIDROLIK SMK KELAS 10 SEMESTER 1', NULL, '-', 9, '2013', 1, 'PNEUMATIK.jpg', NULL, 4, 10, NULL, 0, 1, '2024-07-04', NULL),
(234, 'PRODUKSI MAKANAN DAN MINUMAN HERBAL SMK KELAS 10 SEMESTER 1', NULL, '-', 15, '0', 1, 'PRODUKSI_MAKANAN_DAN_MINUMAN.jpg', NULL, 4, 10, NULL, 0, 1, '2024-07-04', NULL),
(235, 'PRODUKSI PAKAN ALAMI SMK KELAS 10 SEMESTER 1', NULL, '-', 15, '0', 1, 'PRODUKSI_PAKAN_ALAMI.jpg', NULL, 4, 10, NULL, 0, 1, '2024-07-04', NULL),
(236, 'PRODUKSI PAKAN BUATAN SMK KELAS 10 SEMESTER 1', NULL, '-', 15, '0', 1, 'produksi_pakan_buatan.jpg', NULL, 4, 10, NULL, 0, 1, '2024-07-04', NULL),
(237, 'PRODUKSI PAKAN BUATAN SMK KELAS 10 SEMESTER 2', NULL, '-', 15, '0', 1, 'PAKAN_BUATAN.png', NULL, 4, 10, NULL, 0, 1, '2024-07-04', NULL),
(238, 'RANGKAIAN ELEKTRONIKA ANALOG SMK KELAS 10 SEMESTER 1', NULL, '-', 9, '2013', 1, 'RANGKAIAN_ELEKTRONIKA_ANALOG.jpg', NULL, 4, 10, NULL, 0, 1, '2024-07-04', NULL),
(239, 'REKAYASA DAN PEMODELAN FURNITUR SMK KELAS 10 SEMESTER 2', NULL, '-', 15, '2013', 1, 'REKAYASAN_MODEL_FURNITURE.jpg', NULL, 4, 10, NULL, 0, 1, '2024-07-04', NULL),
(240, 'REKAYASA PERANGKAT LUNAK SMK KELAS 10 JILID 1', NULL, '-', 15, '2008', 1, 'AUNUR.png', NULL, 4, 10, NULL, 0, 1, '2024-07-04', NULL),
(241, 'REPRODUKSI HEWAN SMK KELAS 10 SEMESTER 1', NULL, '-', 15, '0', 1, 'REPRODUKSI_HEWAN.jpg', NULL, 4, 10, NULL, 0, 1, '2024-07-04', NULL),
(242, 'RESTORAN SMK KELAS 10 JILID 1', NULL, '-', 15, '2008', 1, 'RESTORAN.jpg', NULL, 4, 10, NULL, 0, 1, '2024-07-04', NULL),
(243, 'ROLEPLAY SMK KELAS 10 SEMESTER 1', NULL, '-', 9, '2013', 1, 'ROLEPLAY.jpg', NULL, 4, 10, NULL, 0, 1, '2024-07-04', NULL),
(244, 'SENI BUDAYA SMK KELAS 10 JILID 1', NULL, '-', 15, '2008', 1, 'SENI_BUDAYA.jpg', NULL, 4, 10, NULL, 0, 2, '2024-07-04', NULL),
(245, 'SENI MUSIK KLASIK KELAS 10 JILID 1', NULL, '-', 15, '2008', 1, 'SENI_MUSIK_KLASIK.png', NULL, 4, 10, NULL, 0, 1, '2024-07-04', NULL),
(246, 'SENI MUSIK NON KLASIK SMK KELAS 10 JILID 1', NULL, '978-979-060-018-8', 15, '2008', 1, 'SENI_MUSIK_NONKLASIK.jpg', NULL, 4, 10, NULL, 0, 1, '2024-07-04', NULL),
(247, 'SENI RUPA SMK KELAS 10 JILID 1', NULL, '978-979-060-022-5', 15, '2008', 1, 'SENI_RUPA.jpg', NULL, 4, 10, NULL, 0, 2, '2024-07-04', NULL),
(248, 'SENI TARI SMK KELAS 10 JILID 1', NULL, '978-979-060-025-6', 15, '2008', 1, 'SENI_TARI_RAHMADI.jpg', NULL, 4, 10, NULL, 0, 1, '2024-07-04', NULL),
(249, 'SENI TEATER SMK KELAS 10 JILID 1', NULL, '978-979-060-030-0', 15, '2008', 1, 'SENI_TEATER_EKO.png', NULL, 4, 10, NULL, 0, 1, '2024-07-04', NULL),
(250, 'SENSOR DAN AKTUATOR SMK KELAS 10 SEMESTER 1', NULL, '-', 9, '2013', 1, 'SENSOR_AKTUATOR.jpg', NULL, 4, 10, NULL, 0, 1, '2024-07-04', NULL),
(251, 'SIMULASI DIGITAL SMK KELAS 10 JILID 2', NULL, '-', 9, '2013', 1, 'SIMULASI_DIGITAL_JILID_2.jpg', NULL, 4, 10, NULL, 0, 1, '2024-07-04', NULL),
(252, 'SIMULASI DIGITAL SMK KELAS 10 JILID 1', NULL, '-', 9, '2013', 1, 'SIMULASI_DIGITAL.png', NULL, 4, 10, NULL, 0, 2, '2024-07-04', NULL),
(253, 'SISTEM OPERASI SMK KELAS 10 SEMESTER 2', NULL, '-', 9, '2013', 1, 'SISTEM_OPERASI.jpg', NULL, 4, 10, NULL, 0, 2, '2024-07-04', NULL),
(254, 'SISTEM OPERASI JARINGAN SMK KELAS 10 SEMESTER 2', NULL, '-', 9, '2013', 1, 'SISTEM_OPERASI_JARINGAN_SEMESTER_2.jpg', NULL, 4, 10, NULL, 0, 1, '2024-07-04', NULL),
(255, 'SISTEM REFRIGERASI DAN TATA UDARA SMK KELAS 10 JILID 1', NULL, '978-979-060-033-1', 15, '2008', 1, 'SISTEM_REFRIGERASI.jpg', NULL, 4, 10, NULL, 0, 1, '2024-07-04', NULL),
(256, 'TATA BUSANA SMK KELAS 10 JILID 1', NULL, '978-979-060-035-2', 15, '2008', 1, 'tata_busana.jpg', NULL, 4, 10, NULL, 0, 1, '2024-07-04', NULL),
(257, 'TATA KECANTIKAN KULIT SMK KELAS 10 JILID 1', NULL, '978-979-060-040-9', 15, '2008', 1, 'tata_cantik.jpg', NULL, 4, 10, NULL, 0, 2, '2024-07-04', NULL),
(258, 'TATA KECANTIKAN RAMBUT SMK KELAS 10 JILID 1', NULL, '978-979-060-044-7', 15, '2008', 1, 'TATA_CANTIK_RAMBUT.jpg', NULL, 4, 10, NULL, 0, 1, '2024-07-04', NULL),
(259, 'TEKNIK ALAT BERAT SMK KELAS 10 JILID 1', NULL, '978-979-060-048-5', 15, '2008', 1, 'TEKNIK_ALAT_BERAT_JILID_1.jpg', NULL, 4, 10, NULL, 0, 1, '2024-07-04', NULL),
(260, 'TEKNIK BODI OTOMOTIF SMK KELAS 10 JILID 1', NULL, '978-979-060-052-2', 15, '2008', 1, 'TEKNIK_BODI_OTOMOTIF.jpg', NULL, 4, 10, NULL, 0, 2, '2024-07-04', NULL),
(261, 'TEKNIK BUDIDAYA TANAMAN SMK KELAS 10 JILID 1', NULL, '978-979-060-056-0', 15, '2008', 1, 'TEKNIK_BUDIDAYA_TANAMAN.jpg', NULL, 4, 10, NULL, 0, 1, '2024-07-04', NULL),
(262, 'TEKNIK DASAR ELEKTRONIKA KOMUNIKASI SMK KELAS 10 SEMESTER 2', NULL, '-', 9, '2013', 1, 'TEKNIK_DASAR_ELEKTRONIKA.jpg', NULL, 4, 10, NULL, 0, 1, '2024-07-04', NULL),
(263, 'TEKNIK DASAR INSTRUMENTASI SMK KELAS 10 SEMESTER 2', NULL, '-', 9, '2013', 1, 'TEKNIK_DASAR_INSTRUMENTASI.jpg', NULL, 4, 10, NULL, 0, 2, '2024-07-04', NULL),
(264, 'TEKNIK DASAR LISTRIK TELEKOMUNIKASI SMK KELAS 10 SEMESTER 2', NULL, '-', 9, '2013', 1, 'TEKNIK_DASAR_LISTRIK.jpg', NULL, 4, 10, NULL, 0, 1, '2024-07-04', NULL),
(265, 'TEKNIK DASAR PEKERJAAN LABORATORIUM KIMIA SMK KELAS 10 SEMESTER 2', NULL, '-', 15, '0', 1, 'teknik_dasar_pekerjaan.jpg', NULL, 4, 10, NULL, 0, 1, '2024-07-04', NULL),
(266, 'TEKNIK DASAR PENGERJAAN LOGAM SMK KELAS 10 SEMESTER 2', NULL, '-', 9, '2013', 1, 'TEKNIK_DASAR_PENGERJAAN.jpg', NULL, 4, 10, NULL, 0, 2, '2024-07-04', NULL),
(267, 'TEKNIK DISTRIBUSI TENAGA LISTRIK SMK KELAS 10 JILID 1', NULL, '978-979-060-060-7', 15, '2008', 1, 'TEKNIK_DISTRIBUSI_TENAGA.jpg', NULL, 4, 10, NULL, 0, 1, '2024-07-04', NULL),
(268, 'TEKNIK GAMBAR BANGUNAN SMK KELAS 10 JILID 1', NULL, '978-979-060-064-5', 15, '2008', 1, 'TEKNIK_GAMBAR_BANGUNAN.png', NULL, 4, 10, NULL, 0, 1, '2024-07-04', NULL),
(269, 'TEKNIK GRAFIKA DAN INDUSTRI GRAFIKA SMK KELAS 10 JILID 1', NULL, '978-979-060-068-3', 15, '2008', 1, 'TEKNINK_GRAFIKA_DAN_INDUSTRI.jpg', NULL, 4, 10, NULL, 0, 2, '2024-07-04', NULL),
(270, 'TEKNIK GRAFIS KOMUNIKASI SMK KELAS 10 JILID 1', NULL, '978-979-060-072-0', 15, '2008', 1, 'TEKNIK_GRAFIS.jpg', NULL, 4, 10, NULL, 0, 1, '2024-07-04', NULL),
(271, 'TEKNIK KERJA BENGKEL SMK KELAS 10 SEMESTER 1', NULL, '-', 9, '2013', 1, 'TEKNIK_KERJA_BENGKEL.jpg', NULL, 4, 10, NULL, 0, 1, '2024-07-04', NULL),
(272, 'TEKNIK KERJA BENGKEL TELEKOMUNIKASI SMK KELAS 10 SEMESTER 2', NULL, '-', 9, '2013', 1, 'TEKNIK_KERJA_BENGKEL_TELEKOMUNIKASI.jpg', NULL, 4, 10, NULL, 0, 1, '2024-07-04', NULL),
(273, 'TEKNIK KONSTRUKSI BANGUNAN GEDUNG SMK KELAS 10 JILID 1', NULL, '978-979-060-076-8', 9, '2008', 1, 'TEKNIK_KONSTRUKSI_BANGUNAN.jpg', NULL, 4, 10, NULL, 0, 1, '2024-07-04', NULL),
(274, 'TEKNIK KONSTRUKSI KAPAL BAJA SMK KELAS 10 JILID 1', NULL, '978-979-060-079-9', 15, '2008', 1, 'TEKNIK_KONSTRUKSI_KAPAL_BAJA.png', NULL, 4, 10, NULL, 0, 1, '2024-07-04', NULL),
(275, 'TEKNIK KONTROL SMK KELAS 10 SEMESTER 1', NULL, '-', 9, '2013', 1, 'TEKNIK_KONTROL.jpg', NULL, 4, 10, NULL, 0, 2, '2024-07-04', NULL),
(276, 'TEKNIK LAS GTAW SMK KELAS 10 SEMESTER 1', NULL, '-', 9, '2013', 1, 'LAS_GTAW.jpg', NULL, 4, 10, NULL, 0, 1, '2024-07-04', NULL),
(277, 'TEKNIK LAS SMAW SMK KELAS 10 SEMESTER 2', NULL, '-', 9, '2013', 1, 'TEKNIK_LAS_SMAW_2.jpg', NULL, 4, 10, NULL, 0, 1, '2024-07-04', NULL);
INSERT INTO `book` (`book_id`, `book_title`, `book_edition`, `book_isbn`, `publisher_id`, `book_year`, `type_id`, `book_cover`, `category_id`, `level_id`, `class_id`, `subject_id`, `book_read`, `status_id`, `input_date`, `last_update`) VALUES
(278, 'TEKNIK LISTRIK SMK KELAS 10 SEMESTER 1', NULL, '-', 9, '2013', 1, 'TEKNIK_LISTRIK.jpg', NULL, 4, 10, NULL, 0, 1, '2024-07-04', NULL),
(279, 'TEKNIK LISTRIK DASAR OTOMOTIF SMK KELAS 10 SEMESTER 2', NULL, '-', 9, '2013', 1, 'TEKNIK_LISTRIK_DASAR_OTOMOTIF.jpg', NULL, 4, 10, NULL, 0, 2, '2024-07-04', NULL),
(280, 'TEKNIK LISTRIK INDUSTRI SMK KELAS 10 JILID 1', NULL, '978-979-060-082-9', 15, '2008', 1, 'Teknik_Listrik_Industri.jpg', NULL, 4, 10, NULL, 0, 1, '2024-07-04', NULL),
(281, 'TEKNIK MESIN INDUSTRI SMK KELAS 10 JILID 1', NULL, '978-979-060-086-7', 15, '2008', 1, 'TEKNIK_MESIN_INDUSTRI.jpg', NULL, 4, 10, NULL, 0, 1, '2024-07-04', NULL),
(282, 'TEKNIK MIKROPROSESOR SEMESTER 2', NULL, '-', 9, '2013', 1, 'mikroprosesor.jpg', NULL, 4, 10, NULL, 0, 1, '2024-07-04', NULL),
(283, 'TEKNIK OTOMASI INDUSTRI SMK KELAS 10 JILID 1', NULL, '978-979-060-090-4', 15, '2008', 1, 'TEKNIK_OTOMASI_INDUSTRI.png', NULL, 4, 10, NULL, 0, 1, '2024-07-04', NULL),
(284, 'TEKNIK PEMANFAATAN TENAGA LISTIK JILID 1', NULL, '978-979-060-094-2', 5, '2008', 1, 'TEKNIK_PEMANFAATAN_TENAGA.jpg', NULL, 4, 10, NULL, 0, 1, '2024-07-04', NULL),
(285, 'TEKNIK PEMBANGKIT TENAGA LISTRIK SMK KELAS 10 JILID 1', NULL, '978-979-060-098-0', 5, '2008', 1, 'TEKNIK_PEMBANGKIT_LISTRIK.jpg', NULL, 4, 10, NULL, 0, 2, '2024-07-04', NULL),
(286, 'TEKNIK PEMBENTUKAN PLAT SMK KELAS 10 JILID 1', NULL, '978-979-060-102-4', 5, '2008', 1, 'TEKNIK_PEMBENTUKAN_PELAT.jpg', NULL, 4, 10, NULL, 0, 1, '2024-07-04', NULL),
(287, 'TEKNIK PEMBIBITAN TANAMAN DAN PRODUKSI BENIH SMK KELAS 10 JILID 1', NULL, '978-979-060-106-2', 5, '2008', 1, 'TEKNIK_PEMBIBITAN_TANAMAN.jpg', NULL, 4, 10, NULL, 0, 1, '2024-07-04', NULL),
(288, 'TEKNIK PEMELIHARAAN DAN PERBAIKAN SISTEM ELEKTRONIKA SMK KELAS 10 JILID 1', NULL, '978-979-060-112-3', 5, '2008', 1, 'TEKNIK_PEMELIHARAAN.jpg', NULL, 4, 10, NULL, 0, 1, '2024-07-04', NULL),
(289, 'TEKNIK PEMESINAN SMK KELAS 10 JILID 1', NULL, '978-979-060-116-1', 5, '2008', 1, 'TEKNIK_PEMESINAN.png', NULL, 4, 10, NULL, 0, 2, '2024-07-04', NULL),
(290, 'TEKNOLOGI PENCELUPAN DAN PENCAPAN SMK KELAS 10 JILID 1', NULL, '978-979-060-119-2', 5, '2008', 1, 'TEKNIK_PENCELUPAN.jpg', NULL, 4, 10, NULL, 0, 1, '2024-07-04', NULL),
(291, 'TEKNIK PENERANGAN LISTRIK SMK KELAS 11 SEMESTER 3', NULL, '-', 9, '2013', 1, 'TEKNIK_PENERANGAN_LISTRIK.jpg', NULL, 4, 11, NULL, 0, 1, '2024-07-04', NULL),
(292, 'TEKNIK PENGECORAN SMK KELAS 10 JILID 1', NULL, '978-979-060-123-9', 5, '2008', 1, 'TEKNIK_PENGECORAN_LOGAM.jpg', NULL, 4, 10, NULL, 0, 1, '2024-07-04', NULL),
(293, 'TEKNIK PENGELASAN KAPAL SMK KELAS 10 JILID 1', NULL, '978-979-060-127-7', 5, '2008', 1, 'PENGELASAN_KAPAL.jpg', NULL, 4, 10, NULL, 0, 1, '2024-07-04', NULL),
(294, 'TEKNIK PENYIARAN DAN PRODUKSI PROGRAM RADIO,TELEVISI DAN FILM SMK KELAS 10 JILID 1', NULL, '978-979-060-130-7', 5, '2008', 1, 'TEKNIK_PENYIARAN_DAN_PRODUKSI_PROGRAM.jpg', NULL, 4, 10, NULL, 0, 1, '2024-07-04', NULL),
(295, 'TEKNIK PERAWATAN DAN PERBAIKAN OTOMOTIF SMK KELAS 10 SEMESTER 1', NULL, '-', 9, '2013', 1, 'TEKNIK_PERAWATAN_DAN_PERBAIKAN_OTOMOTIF.jpg', NULL, 4, 10, NULL, 0, 1, '2024-07-04', NULL),
(296, 'TEKNIK PERENCANAAN GIZI MAKANAN SMK KELAS 10 JILID 1', NULL, '978-979-060-133-8', 5, '2008', 1, 'TEKNIK_PERENCANAAN_GIZI.jpg', NULL, 4, 10, NULL, 0, 1, '2024-07-04', NULL),
(297, 'TEKNIK PERKAYUAN SMK KELAS 10 JILID 1', NULL, '978-979-060-137-6', 5, '2008', 1, 'teknik_perkayuan.jpg', NULL, 4, 10, NULL, 0, 2, '2024-07-04', NULL),
(298, 'TEKNIK PRODUKSI MESIN INDUSTRI SMK KELAS 10 JILID 1', NULL, '978-979-060-139-2', 5, '2008', 1, 'TEKNIK_PRODUKSI_MESIN.png', NULL, 4, 10, NULL, 0, 1, '2024-07-04', NULL),
(299, 'TEKNIK SEPEDA MOTOR SMK KELAS 10 JILID 1', NULL, '978-979-060-144-4', 5, '2008', 1, 'TEKNIK_SEPEDA_MOTOR.jpg', NULL, 4, 10, NULL, 0, 1, '2024-07-04', NULL),
(300, 'TEKNIK STRUKTUR BANGUNAN SMK KELAS 10 JILID 1', NULL, '978-979-060-148-2', 5, '2008', 1, 'TEKNIK_STRUKTUR_BANGUNAN.jpg', NULL, 4, 10, NULL, 0, 1, '2024-07-04', NULL),
(301, 'TEKNIK SURVEI DAN PEMETAAN SMK KELAS 10 JILID 1', NULL, '978-979-060-152-9', 5, '2008', 1, 'TEKNIK_SURVEI_PEMETAAN.jpg', NULL, 4, 10, NULL, 0, 1, '2024-07-04', NULL),
(302, 'TEKNIK TELEKOMUNIKASI SMK KELAS 10 JILID 1', NULL, '978-979-060-156-7', 5, '2008', 1, 'TEKNIK_TELEKOMUNIKASI.png', NULL, 4, 10, NULL, 0, 1, '2024-07-04', NULL),
(303, 'TEKNIK TRANSMISI TENAGA LISTRIK SMK KELAS 10 JILID 1', NULL, '978-979-060-160-4', 5, '2008', 1, 'TEKNIK_TRANSMISI_TENAGA_LISTRIK.jpg', NULL, 4, 10, NULL, 0, 1, '2024-07-04', NULL),
(304, 'TEKNIK KELISTRIKAN DAN ELEKTRONIKA INSTRUMEN SMK KELAS 10', NULL, '-', 0, '2013', 1, 'TEKNIK_KELISTRIKAN_DAN_ELEKTRONIKA.jpg', NULL, 4, 10, NULL, 0, 1, '2024-07-04', NULL),
(305, 'TEKNOLOGI BAHAN FURNITUR SMK KELAS 10 SEMESTER 2', NULL, '-', 9, '2013', 1, 'TEKNOLOGI_BAHAN.jpg', NULL, 4, 10, NULL, 0, 1, '2024-07-04', NULL),
(306, 'TEKNOLOGI DASAR OTOMOTIF SMK KELAS 10 SEMESTER 2', NULL, '-', 9, '2013', 1, 'TEKNOLOGI_DASAR_OTOMOIF.jpg', NULL, 4, 10, NULL, 0, 1, '2024-07-04', NULL),
(307, 'TEKNOLOGI MEKANIK SMK KELAS 10 SEMESTER 1', NULL, '-', 9, '2013', 1, 'TEKNOLOGI_MEKANIK.jpg', NULL, 4, 10, NULL, 0, 1, '2024-07-04', NULL),
(308, 'TEKNOLOGI PANGAN SMK KELAS 10 JILID 1', NULL, '978-979-060-164-2', 5, '2008', 1, 'TEKNOLOGI_PANGAN.png', NULL, 4, 10, NULL, 0, 1, '2024-07-04', NULL),
(309, 'TEKNIK PEMBUATAN BENANG DAN PEMBUATAN KAIN SMK KELAS 10 JILID 1', NULL, '978-979-060-109-3', 5, '2008', 1, 'TEKNIK_PEMBUATAN_BENANG_DAN_PEMBUATAN_KAIN.jpg', NULL, 4, 10, NULL, 0, 2, '2024-07-04', NULL),
(310, 'BAHASA INDONESIA TINGKAT SEMENJANA SMK KELAS 10 JILID 1', NULL, '978-979-068-126-2', 8, '2009', 1, 'BAHASA_INDONESIA.jpg', NULL, 4, 10, NULL, 0, 1, '2024-07-04', NULL),
(311, 'USAHA JASA PARIWISATA SMK KELAS 10 JILID 1', NULL, '978-979-060-167-3', 5, '2008', 1, 'USAHHA_JASA_PARIWISATA.jpg', NULL, 4, 10, NULL, 0, 1, '2024-07-04', NULL),
(312, 'ARGIBISNIS PAKAN TERNAK UNGGAS SMK KELAS 11 SEMESTER 3', NULL, '-', 5, '0', 1, 'AGRI_BISNIS_PAKAN.jpg', NULL, 4, 11, NULL, 0, 1, '2024-07-04', NULL),
(313, 'ARGIBISNIS TERNAK RUMINANSIA PEDAGING SMK KELAS 11 SEMESTER 3', NULL, '-', 5, '2013', 1, 'AGRIBISNIS_TERNAK_RUMINASIA_PEDAGING.jpg', NULL, 4, 11, NULL, 0, 1, '2024-07-04', NULL),
(314, 'ARGIBISNIS TERNAK RUMINANSIA PERAH SMK KELAS 11 SEMESTER 3', NULL, '-', 5, '2013', 1, 'agribisnis_ternak_ruminasia_perah.jpg', NULL, 4, 11, NULL, 0, 1, '2024-07-04', NULL),
(315, 'ARGIBISNIS TERNAK UNGGAS PETELUR SMK KELAS 11 SEMESTER 3', NULL, '-', 5, '0', 1, 'AGRIBISNIS_TERNAK_UNGGAS_PETELUR.jpg', NULL, 4, 11, NULL, 0, 1, '2024-07-04', NULL),
(316, 'AIRCRAFT AVIONICS DRAWING SMK KELAS 11 SEMESTER 4', NULL, '-', 9, '2013', 1, 'AIRCRAFT_AVIONICS.jpg', NULL, 4, 11, NULL, 0, 1, '2024-07-04', NULL),
(317, 'AIRCRAFT COMPONENT CNC MACHINING SMK KELAS 11 SEMESTER 4', NULL, '-', 9, '2013', 1, 'AIRCRAFT_COMPONENT_CNC.jpg', NULL, 4, 11, NULL, 0, 2, '2024-07-04', NULL),
(318, 'AIRCRAFT ELECTRICAL & ELECTRONICS SMK KELAS 11 SEMESTER 4', NULL, '-', 9, '2013', 1, 'AIRCRFAFT_ELECTRICAL_&_ELECTRONICS.jpg', NULL, 4, 11, NULL, 0, 1, '2024-07-04', NULL),
(319, 'AIRCRAFT ELECTRICAL SYSTEM ASSEMBLY SMK KELAS 11 SEMESTER 4', NULL, '-', 9, '2013', 1, 'aircraft_electrical_system_assembly.jpg', NULL, 4, 11, NULL, 0, 1, '2024-07-04', NULL),
(320, 'AIRCRAFT ELECTRONICAL CIRCUITS AND CONTROL SMK KELAS 11 SEMESTER 4', NULL, '-', 9, '2013', 1, 'aircraft_electronical_circuits.jpg', NULL, 4, 11, NULL, 0, 1, '2024-07-04', NULL),
(321, 'AIRCRAFT INSTRUMENT AND AUTOPILOT SMK KELAS 11 SEMESTER 4', NULL, '-', 9, '2013', 1, 'AIRCRAFT_INSTRUMENT.jpg', NULL, 4, 11, NULL, 0, 1, '2024-07-04', NULL),
(322, 'AIRCRAFT INSTRUMENTS SMK KELAS 11 SEMESTER 4', NULL, '-', 9, '2013', 1, 'AIRCRAFT_INSTRUMMENT.jpg', NULL, 4, 11, NULL, 0, 1, '2024-07-04', NULL),
(323, 'AIRCRAFT MANUFACTURE & ASSY PARTS SMK KELAS 11 SEMESTER 3', NULL, '-', 9, '2013', 1, 'AIRCRAFT_MANUFACTURE.jpg', NULL, 4, 11, NULL, 0, 2, '2024-07-04', NULL),
(324, 'AIRCHAFT STRUCTURE SMK KELAS 11 SEMESTER 4', NULL, '-', 9, '2013', 1, 'AIRCHAFT_STRUCTURE.jpg', NULL, 4, 11, NULL, 0, 2, '2024-07-04', NULL),
(325, 'AIRCRAFT SYSTEMS SMK KELAS 11 SEMESTER 4', NULL, '-', 9, '2013', 1, 'AIRCRAFT_SYSTEMS.jpg', NULL, 4, 11, NULL, 0, 1, '2024-07-04', NULL),
(326, 'AKTIF MENGGUNAKAN MATEMATIKA SMK KELAS 11', NULL, '979-462-941-3', 8, '2008', 1, 'matematika.jpg', NULL, 4, 11, NULL, 0, 1, '2024-07-04', NULL),
(327, 'AKUNTANSI INDUSTRI SMK KELAS 11 JILID 2', NULL, '978-602-8320-10-8', 5, '2008', 1, 'akutansi_industri.png', NULL, 4, 11, NULL, 0, 1, '2024-07-04', NULL),
(328, 'Alat Ukur dan Teknik Pengukuran SMK KELAS 11', NULL, '978-602-8320-13-9', 5, '2008', 1, 'cover_default.jpg', NULL, 4, 11, NULL, 0, 2, '2024-07-04', NULL),
(329, 'ANALISIS TITRIMETRI DAN GRAVIMETRI SMK KELAS 11', NULL, '-', 9, '2013', 1, 'cover_default.jpg', NULL, 4, 11, NULL, 0, 2, '2024-07-04', NULL),
(330, 'BAHASA DAN SASTRA INDONESIA SMK KELAS 11', NULL, '979-462-876-X', 8, '2008', 1, 'cover_default.jpg', NULL, 4, 11, NULL, 0, 2, '2024-07-04', NULL),
(331, 'DASAR ANALISIS FISIKOKIMIA SMK KELAS 11', NULL, '-', 5, '0', 1, 'cover_default.jpg', NULL, 4, 11, NULL, 0, 2, '2024-07-04', NULL),
(332, 'EFEKTIF DAN APLIKATIF BERBAHASA INDONESIA SMK KELAS 11', NULL, '978-979-068-075-3', 8, '2009', 2, 'cover_default.jpg', NULL, 4, 11, NULL, 0, 2, '2024-07-04', NULL),
(333, 'FINISHING BANGUNAN SMK KELAS 11', NULL, '-', 9, '2013', 1, 'cover_default.jpg', NULL, 4, 11, NULL, 0, 2, '2024-07-04', NULL),
(334, 'FINISHING KONSTRUKSI KAYU SMK KELAS 11', NULL, '-', 9, '2013', 1, 'cover_default.jpg', NULL, 4, 11, NULL, 0, 2, '2024-07-04', NULL),
(335, 'FISIKA SMK KELAS 11', NULL, '978-602-8320-28-3', 5, '2008', 1, 'cover_default.jpg', NULL, 4, 11, NULL, 0, 2, '2024-07-04', NULL),
(336, 'GARDU INDUK SMK KELAS 11', NULL, '-', 9, '2013', 1, 'cover_default.jpg', NULL, 4, 11, NULL, 0, 2, '2024-07-04', NULL),
(337, 'GAS TURBINE ENGINE SMK KELAS 11', NULL, '-', 19, '2013', 1, 'cover_default.jpg', NULL, 4, 11, NULL, 0, 2, '2024-07-04', NULL),
(338, 'GENERATOR SMK KELAS 11', NULL, '-', 19, '2013', 1, 'cover_default.jpg', NULL, 4, 11, NULL, 0, 2, '2024-07-04', NULL),
(339, 'HAMBATAN PENGEBORAN DAN PEMANCINGAN SMK KELAS 11', NULL, '-', 19, '2013', 1, 'cover_default.jpg', NULL, 4, 11, NULL, 0, 2, '2024-07-04', NULL),
(340, 'ILMU UKUR KAYU SMK KELAS 11', NULL, '-', 28, '2008', 1, 'cover_default.jpg', NULL, 4, 11, NULL, 0, 2, '2024-07-04', NULL),
(341, 'INSTALASI MOTOR LISTRIK SMK KELAS 11', NULL, '-', 19, '2013', 1, 'cover_default.jpg', NULL, 4, 11, NULL, 0, 2, '2024-07-04', NULL),
(342, 'IRIGASI DAN DRAINASE SMK KELAS 11', NULL, '-', 5, '0', 1, 'cover_default.jpg', NULL, 4, 11, NULL, 0, 2, '2024-07-04', NULL),
(343, 'KELISTRIKAN ALAT BERAT ALTERNATOR SMK KELAS 11', NULL, '-', 9, '2013', 1, 'cover_default.jpg', NULL, 4, 11, NULL, 0, 2, '2024-07-04', NULL),
(344, 'KIMIA ANALITIK TERAPAN SMK KELAS 11', NULL, '-', 5, '0', 1, 'cover_default.jpg', NULL, 4, 11, NULL, 0, 2, '2024-07-04', NULL),
(345, 'KIMIA INDUSTRI SMK KELAS 11', NULL, '978-602-8320-43-6', 5, '2008', 1, 'cover_default.jpg', NULL, 4, 11, NULL, 0, 2, '2024-07-04', NULL),
(346, 'KONSEP DASAR AKUNTANSI DAN PELAPORAN KEUANGAN SMK KELAS 11', NULL, '978-602-8320-53-5', 5, '2008', 1, 'cover_default.jpg', NULL, 4, 11, NULL, 0, 2, '2024-07-04', NULL),
(347, 'KONTROL REFRIGERASI DAN TATA UDARA SMK KELAS 11', NULL, '-', 9, '2013', 1, 'cover_default.jpg', NULL, 4, 11, NULL, 0, 2, '2024-07-04', NULL),
(348, 'KONSERVASI TANAH DAN AIR SMK KELAS 11', NULL, '-', 5, '0', 1, 'cover_default.jpg', NULL, 4, 11, NULL, 0, 2, '2024-07-04', NULL),
(349, 'KREATIF MENGGUNAKAN MATEMATIKA SMK KELAS 11', NULL, '979-462-940-5', 8, '2008', 1, 'cover_default.jpg', NULL, 4, 11, NULL, 0, 2, '2024-07-04', NULL),
(350, 'KRIYA KULIT SMK KELAS 11', NULL, '978-602-8320-64-1', 5, '2008', 1, 'cover_default.jpg', NULL, 4, 11, NULL, 0, 2, '2024-07-04', NULL),
(351, 'MACHINE ELECTRIC & MOTOR CONTROL SMK KELAS 11', NULL, '-', 9, '2013', 1, 'cover_default.jpg', NULL, 4, 11, NULL, 0, 2, '2024-07-04', NULL),
(352, 'MAHIR MATEMATIKA SMK KELAS 11', NULL, '979-462-885-9', 8, '2008', 1, 'cover_default.jpg', NULL, 4, 11, NULL, 0, 2, '2024-07-04', NULL),
(353, 'MARKETING SMK KELAS 11', NULL, '978-602-8320-71-9', 5, '2008', 1, 'cover_default.jpg', NULL, 4, 11, NULL, 0, 2, '2024-07-04', NULL),
(354, 'MATEMATIKA BISNIS DAN MENAJEMEN SMK KELAS 11', NULL, '978-602-8320-75-7', 5, '2008', 1, 'cover_default.jpg', NULL, 4, 11, NULL, 0, 2, '2024-07-04', NULL),
(355, 'OPERASI TEKNIK KIMIA SMK KELAS 11', NULL, '-', 5, '0', 1, 'cover_default.jpg', NULL, 4, 11, NULL, 0, 2, '2024-07-04', NULL),
(356, 'PEDALANGAN SMK KELAS 11', NULL, '978-602-8320-87-0', 5, '2008', 1, 'cover_default.jpg', NULL, 4, 11, NULL, 0, 2, '2024-07-04', NULL),
(357, 'PEMBUATAN KOMPENEN INSTRUMEN LOGAM SMK KELAS 11', NULL, '-', 9, '2013', 1, 'cover_default.jpg', NULL, 4, 11, NULL, 0, 2, '2024-07-04', NULL),
(358, 'PEMELIHARAAN SASIS SEPEDA MOTOR SMK KELAS 11', NULL, '-', 9, '2013', 1, 'cover_default.jpg', NULL, 4, 11, NULL, 0, 2, '2024-07-04', NULL),
(359, 'PEMELIHARAAN KELISTRIKAN KENDARAAN RINGAN SMK KELAS 11', NULL, '-', 9, '2013', 1, 'cover_default.jpg', NULL, 4, 11, NULL, 0, 2, '2024-07-04', NULL),
(360, 'PEMELIHARAAN KELISTRIKAN SEPEDA MOTOR SMK KELAS 11', NULL, '-', 9, '2013', 1, 'cover_default.jpg', NULL, 4, 11, NULL, 0, 2, '2024-07-04', NULL),
(361, 'PEMELIHARAAN MESIN KENDARAAN RINGAN SMK KELAS 11', NULL, '-', 9, '2013', 1, 'cover_default.jpg', NULL, 4, 11, NULL, 0, 2, '2024-07-04', NULL),
(362, 'PEMELIHARAAN MESIN KENDARAAN RINGAN SMK KELAS 11', NULL, '-', 9, '2013', 1, 'cover_default.jpg', NULL, 4, 11, NULL, 0, 2, '2024-07-04', NULL),
(363, 'PEMELIHARAAN MESIN SEPEDA MOTOR SMK KELAS 11', NULL, '-', 9, '2013', 1, 'cover_default.jpg', NULL, 4, 11, NULL, 0, 2, '2024-07-04', NULL),
(364, 'Pemeliharaan Chasis dan Pemindah Tenaga Kendaraan Ringan', NULL, '-', 9, '2013', 1, 'cover_default.jpg', NULL, 4, NULL, NULL, 0, 2, '2024-07-04', NULL),
(365, 'PEMELIHARAAN SASIS SEPEDA MOTOR SMK KELAS 11', NULL, '-', 9, '2013', 1, 'cover_default.jpg', NULL, 4, 11, NULL, 0, 2, '2024-07-04', NULL),
(366, 'PEMELIHARAAN SASIS SEPEDA MOTOR SMK KELAS 11', NULL, '-', 9, '2013', 1, 'cover_default.jpg', NULL, 4, 11, NULL, 0, 2, '2024-07-04', NULL),
(367, 'PEMELIHARAAN DAN PERBAIKAN INSTRUMEN LOGAM SMK KELAS 11', NULL, '-', 9, '2013', 1, 'cover_default.jpg', NULL, 4, 11, NULL, 0, 2, '2024-07-04', NULL),
(368, 'PENANGANAN BAHAN HASIL PERTANIAN DAN PERIKANAN SMK KELAS 11', NULL, '-', 5, '0', 1, 'cover_default.jpg', NULL, 4, 11, NULL, 0, 2, '2024-07-04', NULL),
(369, 'PENGECATAN BODI KENDARAAN SMK KELAS 11', NULL, '-', 9, '2013', 1, 'cover_default.jpg', NULL, 4, 11, NULL, 0, 2, '2024-07-04', NULL),
(370, 'OENGOLAHAN DIVERSIFIKASI HASIL PERIKANAN SMK KELAS 11', NULL, '-', 5, '0', 1, 'cover_default.jpg', NULL, 4, 11, NULL, 0, 2, '2024-07-04', NULL),
(371, 'PENGOLAHAN HASIL PERIKANAN TRADISIONAL SMK KELAS 11', NULL, '-', 5, '0', 1, 'cover_default.jpg', NULL, 4, 11, NULL, 0, 2, '2024-07-04', NULL),
(372, 'PENGOLAHAN HASIL SAMPING PRODUK PERIKANAN DAN RUMPUT LAUT SMK KELAS 11', NULL, '-', 28, '', 1, 'cover_default.jpg', NULL, 4, 11, NULL, 0, 2, '2024-07-04', NULL),
(373, 'PENGUJIAN MUTU PANGAN SMK KELAS 11', NULL, '-', 28, '', 1, 'cover_default.jpg', NULL, 4, 11, NULL, 0, 2, '2024-07-04', NULL),
(374, 'PENGUKURAN DAN PEMETAAN HUTAN SMK KELAS 11', NULL, '-', 28, '', 1, 'cover_default.jpg', NULL, 4, 11, NULL, 0, 2, '2024-07-04', NULL),
(375, 'PENJUALAN SMK KELAS 11', NULL, '978-602-8320-97-9', 28, '2008', 1, 'cover_default.jpg', NULL, 4, 11, NULL, 0, 2, '2024-07-04', NULL),
(376, 'TEKNIK INDUSTRI PERALATAN GUDANG SMK KELAS 11', NULL, '-', 19, '2013', 1, 'cover_default.jpg', NULL, 4, 11, NULL, 0, 2, '2024-07-04', NULL),
(377, 'PERANCANGAN SISTEM KERJA DAN ERGONOMI INDUSTRI SMK KELAS 11', NULL, '978-979-060-002-7', 5, '2008', 1, 'cover_default.jpg', NULL, 4, 11, NULL, 0, 2, '2024-07-04', NULL),
(378, 'PERAWATAN ENGINE DAN UNIT ALAT BERAT', NULL, '-', 9, '2013', 1, 'cover_default.jpg', NULL, 4, NULL, NULL, 0, 2, '2024-07-04', NULL),
(379, 'PERAWATAN ENGINE DAN UNTI ALAT BERAT', NULL, '-', 5, '2013', 1, 'cover_default.jpg', NULL, 4, NULL, NULL, 0, 2, '2024-07-04', NULL),
(380, 'PEMELIHARAAN KACA, ASSESORIES DAN KELISTRIKAN BODI', NULL, '-', 9, '2013', 1, 'cover_default.jpg', NULL, 4, NULL, NULL, 0, 2, '2024-07-04', NULL),
(381, 'PERBAIKAN PANEL-PANEL BODI', NULL, '-', 9, '2013', 1, 'cover_default.jpg', NULL, 4, NULL, NULL, 0, 2, '2024-07-04', NULL),
(382, 'PEREKAYASAAN SISTEM ANTENA SMK KELAS 11', NULL, '-', 9, '2013', 1, 'cover_default.jpg', NULL, 4, 11, NULL, 0, 2, '2024-07-04', NULL),
(383, 'PEREKAYASAAN SISTEM RADIO DAN TELEVISI SMK KELAS 11', NULL, '-', 9, '2013', 1, 'cover_default.jpg', NULL, 4, 11, NULL, 0, 2, '2024-07-04', NULL),
(384, 'POWER TRAIN DAN HYDRAULIC ALAT BERAT SMK KELAS 11', NULL, '-', 9, '2013', 1, 'cover_default.jpg', NULL, 4, 11, NULL, 0, 2, '2024-07-04', NULL),
(385, 'PRODUKSI HASIL NABATI SMK KELAS 11', NULL, '-', 5, '0', 1, 'cover_default.jpg', NULL, 4, 11, NULL, 0, 2, '2024-07-04', NULL),
(386, 'PROSES INDUSTRI KIMIA SMK KELAS 11', NULL, '-', 5, '0', 1, 'cover_default.jpg', NULL, 4, 11, NULL, 0, 2, '2024-07-04', NULL),
(387, 'PROSES PENGOLAHAN MIGAS DAN PETROKIMIA SMK KELAS 11', NULL, '-', 5, '2013', 1, 'cover_default.jpg', NULL, 4, 11, NULL, 0, 2, '2024-07-04', NULL),
(388, 'RESTORAN SMK KELAS 11', NULL, '-', 5, '2008', 1, 'cover_default.jpg', NULL, 4, 11, NULL, 0, 2, '2024-07-04', NULL),
(389, 'SENI BUDAYA SMK KELAS 11', NULL, '978-979-060-013-3', 5, '2008', 1, 'cover_default.jpg', NULL, 4, 11, NULL, 0, 2, '2024-07-04', NULL),
(390, 'SENI RUPA SMK KELAS 11', NULL, '978-979-060-023-2', 5, '2008', 1, 'cover_default.jpg', NULL, 4, 11, NULL, 0, 2, '2024-07-04', NULL),
(391, 'SENSOR DAN AKTUATOR SMK KELAS 11', NULL, '-', 9, '2013', 1, 'cover_default.jpg', NULL, 4, 11, NULL, 0, 2, '2024-07-04', NULL),
(392, 'SISTEM DAN INSTALASI TATA UDARA SMK KELAS 11', NULL, '-', 9, '2013', 1, 'cover_default.jpg', NULL, 4, 11, NULL, 0, 2, '2024-07-04', NULL),
(393, 'SISTEM KONTROL TERPROGRAM SMK KELAS 11', NULL, '-', 9, '2013', 1, 'cover_default.jpg', NULL, 4, 11, NULL, 0, 2, '2024-07-04', NULL),
(394, 'SISTEM REFRIGERASI DAN TATA UDARA', NULL, '978-979-060-034-8', 5, '2008', 1, 'cover_default.jpg', NULL, 4, NULL, NULL, 0, 2, '2024-07-04', NULL),
(395, 'TEKNIK BUDIDAYA TANAMAN SMK KELAS 11', NULL, '978-979-060-057-7', 5, '2008', 1, 'cover_default.jpg', NULL, 4, 11, NULL, 0, 2, '2024-07-04', NULL),
(396, 'TEKNIK DISTRIBUSI TENAGA LISTRIK SMK KELAS 11', NULL, '978-979-060-061-4', 5, '0', 1, 'cover_default.jpg', NULL, 4, 11, NULL, 0, 2, '2024-07-04', NULL),
(397, 'TEKNIK GAMBAR BANGUNAN SMK KELAS 11', NULL, '978-979-060-065-2', 5, '2008', 1, 'cover_default.jpg', NULL, 4, 11, NULL, 0, 2, '2024-07-04', NULL),
(398, 'TEKNIK GRAFIKA DAN INDUSTRI GRAFIKA KELAS 11', NULL, '978-979-060-069-0', 5, '2008', 1, 'cover_default.jpg', NULL, 4, 11, NULL, 0, 2, '2024-07-04', NULL),
(399, 'TEKNIK GRAFIS KOMUNIKASI KELAS 11', NULL, '978-979-060-073-7', 5, '2008', 1, 'cover_default.jpg', NULL, 4, 11, NULL, 0, 2, '2024-07-04', NULL),
(400, 'TEKNIK KONSTRUKSI BANGUNAN GEDUNG KELAS 11', NULL, '978-979-060-077-5', 5, '2008', 1, 'cover_default.jpg', NULL, 4, 11, NULL, 0, 2, '2024-07-04', NULL),
(401, 'TEKNIK LISTRIK INDUSTRI KELAS 11', NULL, '978-979-060-083-6', 5, '2008', 1, 'cover_default.jpg', NULL, 4, 11, NULL, 0, 2, '2024-07-04', NULL),
(402, 'TEKNIK MESIN INDUSTRI KELAS 11', NULL, '978-979-060-087-4', 5, '2008', 1, 'cover_default.jpg', NULL, 4, 11, NULL, 0, 2, '2024-07-04', NULL),
(403, 'TEKNIK PEMBENIHAN IKAN KELAS 11', NULL, '-', 5, '0', 1, 'cover_default.jpg', NULL, 4, 11, NULL, 0, 2, '2024-07-04', NULL),
(404, 'TEKNIK PEMBENIHAN KRUSTACEA KELAS 11', NULL, '-', 5, '0', 1, 'cover_default.jpg', NULL, 4, 11, NULL, 0, 2, '2024-07-04', NULL),
(405, 'TEKNIK PEMBENTUKAN PELAT KELAS 11', NULL, '978-979-060-103-1', 5, '0', 1, 'cover_default.jpg', NULL, 4, 11, NULL, 0, 2, '2024-07-04', NULL),
(406, 'TEKNIK PEMBIBITAN TANAMAN DAN PRODUKSI BENIH', NULL, '978-979-060-106-2', 5, '2008', 1, 'cover_default.jpg', NULL, 4, NULL, NULL, 0, 2, '2024-07-04', NULL),
(407, 'TEKNIK PEMERANAN SMK KELAS 11', NULL, '-', 9, '2013', 1, 'cover_default.jpg', NULL, 4, 11, NULL, 0, 2, '2024-07-04', NULL),
(408, 'TEKNIK PEMESINAN SMK KELAS 11', NULL, '978-979-060-116-1', 5, '2008', 1, 'cover_default.jpg', NULL, 4, 11, NULL, 0, 2, '2024-07-04', NULL),
(409, 'TEKNOLOGI PENCELUPAN DAN PENCAPAN SMK KELAS 11', NULL, '978-979-060-120-8', 5, '2008', 1, 'cover_default.jpg', NULL, 4, 11, NULL, 0, 2, '2024-07-04', NULL),
(410, 'TEKNIK PENGAMBILAN CONTOH SMK KELAS 11', NULL, '-', 5, '', 1, 'cover_default.jpg', NULL, 4, 11, NULL, 0, 2, '2024-07-04', NULL),
(411, 'TEKNIK PENGECORAN SMK KELAS 11', NULL, '978-979-080-123-9', 5, '2008', 1, 'cover_default.jpg', NULL, 4, 11, NULL, 0, 2, '2024-07-04', NULL),
(412, 'TEKNIK PENGELASAN KAPAL SMK KELAS 11', NULL, '978-979-060-128-4', 5, '2008', 1, 'cover_default.jpg', NULL, 4, 11, NULL, 0, 2, '2024-07-04', NULL),
(413, 'TEKNIK PENGENDALIAN INSTRUMEN LOGAM SMK KELAS 11 SEMESTER 3', NULL, '-', 0, '2019', 1, 'cover_default.jpg', NULL, 4, 11, NULL, 0, 2, '2024-07-04', NULL),
(414, 'TEKNIK PENGENDALIAN INSTRUMEN LOGAM SMK KELAS XI SEMESTER 4', NULL, '-', 0, '2019', 1, 'cover_default.jpg', NULL, 4, 11, NULL, 0, 2, '2024-07-04', NULL),
(415, 'TEKNIK PERKAYUAN SMK KELAS 11', NULL, '978-979-060-138-3', 5, '2008', 1, 'cover_default.jpg', NULL, 4, 11, NULL, 0, 2, '2024-07-04', NULL),
(416, 'PK.TEKNIK PRODUKSI MIGAS SMK KELAS 11', NULL, '-', 5, '2013', 1, 'cover_default.jpg', NULL, 4, 11, NULL, 0, 2, '2024-07-04', NULL),
(417, 'PK.TEKNIK RESERVOIR DAN CADANGAN MIGAS SMK KELAS 11', NULL, '-', 9, '2013', 1, 'cover_default.jpg', NULL, 4, 11, NULL, 0, 2, '2024-07-04', NULL),
(418, 'TEKNIK SEPEDA MOTOR SMK KELAS 11', NULL, '978-979-060-145-1', 5, '2008', 1, 'cover_default.jpg', NULL, 4, 11, NULL, 0, 2, '2024-07-04', NULL),
(419, 'TEKNIK STRUKTUR BANGUNAN SMK KELAS 11', NULL, '978-979-060-149-9', 5, '2008', 1, 'cover_default.jpg', NULL, 4, 11, NULL, 0, 2, '2024-07-04', NULL),
(420, 'TEKNIK PEMBUATAN BENANG DAN PEMBUATAN KAIN SMK KELAS 11', NULL, '978-979-060-110-9', 5, '2008', 1, 'cover_default.jpg', NULL, 2, 11, NULL, 0, 2, '2024-07-04', NULL),
(421, 'Buku Guru kelas I Tema 1 Diriku', NULL, '978-602-1530-03-0', 6, '2013', 1, 'Buku_Guru_kelas_I_Tema_1_Diriku.png', NULL, 2, 1, NULL, 0, 1, '2024-07-04', NULL),
(422, 'Buku Guru kelas I Tema 2 Kegemaranku', NULL, '978-602-282-881-5', 6, '2013', 1, 'Buku_Guru_kelas_I_Tema_2_Kegemaranku.png', NULL, 2, 1, NULL, 0, 1, '2024-07-04', NULL),
(423, 'Buku Guru kelas I Tema 3 Kegiatanku', NULL, '978-602-282-883-9', 6, '2013', 1, 'Buku_Guru_kelas_I_Tema_3_Kegiatanku.png', NULL, 2, 1, NULL, 0, 1, '2024-07-04', NULL),
(424, 'Buku Guru kelas I Tema 4 Keluargaku', NULL, '978-602-282-885-3', 6, '2013', 1, 'Buku_Guru_kelas_I_Tema_4_Keluargaku.png', NULL, 2, 1, NULL, 0, 1, '2024-07-04', NULL),
(425, 'Buku Panduan Guru Pendidikan Agama Khonghucu dan Budi Pekerti untuk SMA_SMK Kelas XII', NULL, '978-602-244-481-7', 2, '2022', 1, 'Buku_Panduan_Guru_Pendidikan_Agama_Khonghucu_dan_Budi_Pekerti_untuk_SMA_SMK_Kelas_XII.png', NULL, 4, 12, NULL, 0, 1, '2024-07-04', NULL),
(426, 'Buku Guru kelas I Tema 5  Pengalamanku', NULL, '978-602-282-887-7', 6, '2013', 1, 'Buku_Guru_kelas_I_Tema_5_Pengalamanku.png', NULL, 2, 1, NULL, 0, 2, '2024-07-04', NULL),
(427, 'Buku Guru 0kelas I Tema 6 Lingkungan,Sehatdan Asri', NULL, '978-602-282-889-1', 6, '2013', 1, 'Buku_Guru_kelas_I_Tema_6_Lingkungan,Sehatdan_Asri.png', NULL, 2, 1, NULL, 0, 1, '2024-07-04', NULL),
(428, 'Buku Panduan Guru Pendidikan Kepercayaan Terhadap Tuhan Yang Maha Esa dan Budi Pekerti untuk SMA_SMK Kelas XII', NULL, '978-602-244-385-8', 2, '2022', 1, 'download_(5).png', NULL, 4, 12, NULL, 0, 1, '2024-07-04', NULL),
(429, 'Buku Panduan Guru Prakarya Budi Daya untuk SMA_MA Kelas XII', NULL, '978-602-244-900-3', 3, '2022', 1, 'Buku_Panduan_Guru_Prakarya_Budi_Daya_untuk_SMA_MA_Kelas_XII.png', NULL, 4, 12, NULL, 0, 1, '2024-07-04', NULL),
(430, 'Buku Panduan Guru Prakarya dan Kewirausahaan Rekayasa untuk SMA_MA Kelas XII', NULL, '978-602-244-904-1', 3, '2022', 1, 'Buku_Panduan_Guru_Prakarya_dan_Kewirausahaan_Rekayasa_untuk_SMA_MA_Kelas_XII.png', NULL, 4, 12, NULL, 0, 1, '2024-07-04', NULL),
(431, 'Buku Guru Pendidikan Agama Khonghucu dan Budi Pekerti Kelas I', NULL, '978-602-282-871-6', 6, '2013', 1, 'Buku_Guru_Pendidikan_Agama_Khonghucu_dan_Budi_Pekerti_Kelas_I.png', NULL, 2, 1, NULL, 0, 1, '2024-07-04', NULL),
(432, 'Buku Panduan Guru Prakarya Pengolahan untuk SMA_MA Kelas XII', NULL, '978-602-244-906-5', 3, '2022', 1, 'Buku_Panduan_Guru_Prakarya_Pengolahan_untuk_SMA_MA_Kelas_XII.png', NULL, 4, 12, NULL, 0, 1, '2024-07-04', NULL),
(433, 'Buku Guru Pendidikan Agama Kristen dan Budi Pekerti Kelas I', NULL, '978-602-282-815-0', 6, '2013', 1, 'Buku_Guru_Pendidikan_Agama_Kristen_dan_Budi_Pekerti_Kelas_I.png', NULL, 2, 1, NULL, 0, 2, '2024-07-04', NULL),
(434, 'Buku Panduan Guru Seni Musik untuk SD Kelas V', NULL, '978-602-244-352-0', 16, '2021', 1, 'Buku_Panduan_Guru_Seni_Musik_untuk_SD_Kelas_V.png', NULL, 2, 5, NULL, 0, 1, '2024-07-04', NULL),
(435, 'Buku Kelas I Tema 1 Diriku', NULL, '978-602-282-878-5', 6, '2013', 1, 'Buku_Kelas_I_Tema_1_Diriku.png', NULL, 2, 1, NULL, 0, 2, '2024-07-04', NULL),
(436, 'Buku Panduan Guru Seni Teater untuk SMA_MA Kelas XII', NULL, '978-602-244-348-3', 2, '2022', 1, 'Buku_Panduan_Guru_Seni_Teater_untuk_SMA_MA_Kelas_XII.png', NULL, 4, 12, NULL, 0, 1, '2024-07-04', NULL),
(437, 'Buku Kelas I Tema 2 Kegemaranku', NULL, '978-602-282-880-8', 6, '2013', 1, 'Buku_Kelas_I_Tema_2_Kegemaranku.png', NULL, 2, 1, NULL, 0, 1, '2024-07-04', NULL),
(438, 'Buku kelas I Tema 3 Kegiatanku', NULL, '978-602-282-882-2', 6, '2013', 1, 'Buku_kelas_I_Tema_3_Kegiatanku.png', NULL, 2, 1, NULL, 0, 1, '2024-07-04', NULL),
(439, 'Panduan Guru Pendidikan Pancasila untuk SMA_MA_SMK_MAK Kelas XII', NULL, '978-623-194-636-2', 3, '2022', 1, 'Pendidikan_Pancasila_untuk_SMA_MA_SMK_MAK_Kelas_XII.png', NULL, 4, 12, NULL, 0, 1, '2024-07-04', NULL),
(440, 'Buku Kelas I Tema 4 Keluargaku', NULL, '978-602-282-884-6', 6, '2013', 1, 'Buku_Kelas_I_Tema_4_Keluargaku.png', NULL, 2, 1, NULL, 0, 2, '2024-07-04', NULL),
(441, 'Buku kelas I Tema 5 Pengalamanku', NULL, '978-602-282-886-0', 6, '2013', 1, 'Buku_kelas_I_Tema_5_Pengalamanku.png', NULL, 2, 1, NULL, 0, 2, '2024-07-04', NULL),
(442, 'Buku Panduan Guru Pendidikan Jasmani, Olahraga, dan Kesehatan untuk SD/MI Kelas V', NULL, '978-602-244-518-0', 17, '2021', 1, 'Buku_Panduan_Guru_Pendidikan_Jasmani,_Olahraga,_dan_Kesehatan_untuk_SDMI_Kelas_V.png', NULL, 2, 5, NULL, 0, 1, '2024-07-05', NULL),
(443, 'Buku Kelas I Tema 6 Lingkungan, Bersih, Sehat dan Asri', NULL, '978-602-282-888-4', 6, '2013', 1, 'Buku_Kelas_I_Tema_6_Lingkungan,_Bersih,_Sehat_dan_Asri.png', NULL, 2, 1, NULL, 0, 1, '2024-07-05', NULL),
(444, 'Buku Kelas I Tema 7 Benda, Hewan, Tumbuhan disekitarku', NULL, '978-602-282-890-7', 6, '2013', 1, 'Buku_Kelas_I_Tema_7_Benda,_Hewan,_Tumbuhan_disekitarku.png', NULL, 2, 1, NULL, 0, 1, '2024-07-05', NULL),
(445, 'Buku Kelas I Tema 8 Peristiwa Alam', NULL, '978-602-282-892-1', 6, '2013', 1, 'Buku_Kelas_I_Tema_8_Peristiwa_Alam.png', NULL, 2, 1, NULL, 0, 2, '2024-07-05', NULL),
(446, 'Pendidikan Agama Hindu Dan Budi pekerti Kelas I', NULL, '978-602-282-836-5', 6, '2013', 1, 'Pendidikan_Agama_Hindu_Dan_Budi_pekerti_Kelas_I.png', NULL, 2, 1, NULL, 0, 2, '2024-07-05', NULL),
(447, 'Pendidikan Agama Islam Dan Budi pekerti Kelas I', NULL, '978-602-282-794-8', 6, '2013', 1, 'Pendidikan_Agama_Islam_Dan_Budi_pekerti_Kelas_I.png', NULL, 2, 1, NULL, 0, 2, '2024-07-05', NULL),
(448, 'Pendidikan Agama Katolik Dan Budi Pekerti Kelas I', NULL, '978-602-282-822-8', 6, '2013', 1, 'Pendidikan_Agama_Katolik_Dan_Budi_Pekerti_Kelas_I.png', NULL, 2, 1, NULL, 0, 2, '2024-07-05', NULL),
(449, 'Pendidikan Agama Khonghucu Dan Budi Pekerti Kelas I', NULL, '978-602-282-864-8', 6, '2013', 1, 'Pendidikan_Agama_Khonghucu_Dan_Budi_Pekerti_Kelas_I.png', NULL, 2, 1, NULL, 0, 2, '2024-07-05', NULL),
(450, 'Pendidikan Agama Kristen Dan Budi Pekerti Kelas I', NULL, '978-602-282-808-2', 6, '2013', 1, 'Pendidikan_Agama_Kristen_Dan_Budi_Pekerti_Kelas_I.png', NULL, 2, 1, NULL, 0, 2, '2024-07-05', NULL),
(451, 'Buku Guru Pendidikan Agama Hindu dan Budi Pekerti Kelas II', NULL, '978-602-282-231-8', 6, '2013', 1, 'Buku_Guru_Pendidikan_Agama_Hindu_dan_Budi_Pekerti_Kelas_II.png', NULL, 2, 2, NULL, 0, 1, '2024-07-05', NULL),
(452, 'Teacher Book – My Next Words Grade 5', NULL, '978-602-244-508-1', 2, '2021', 1, 'Teacher_Book_–_My_Next_Words_Grade_5.png', NULL, 2, 5, NULL, 0, 1, '2024-07-05', NULL),
(453, 'Buku Panduan Guru Seni Teater untuk SD Kelas IV', NULL, '978-602-244-338-4', 17, '2021', 1, 'Buku_Panduan_Guru_Seni_Teater_untuk_SD_Kelas_IV.png', NULL, 2, 4, NULL, 0, 1, '2024-07-05', NULL),
(454, 'Buku Panduan Guru Seni Rupa untuk SD Kelas IV', NULL, '978-602-244-346-9', 17, '2021', 1, 'Buku_Panduan_Guru_Seni_Rupa_untuk_SD_Kelas_IV.png', NULL, 2, 4, NULL, 0, 1, '2024-07-05', NULL),
(455, 'Panduan Guru Pendidikan Pancasila untuk SD/MI Kelas VI', NULL, '978-623-194-642-3', 11, '2023', 1, 'Panduan_Guru_Pendidikan_Pancasila_untuk_SDMI_Kelas_IV.png', NULL, 2, 6, NULL, 0, 1, '2024-07-05', NULL),
(456, 'PK.TEKNIK PRODUKSI MIGAS PERALATAN PRODUKSI ATAS DAN BAWAH PERMUKAAN SMK KELAS 11', NULL, '-', 9, '2013', 1, '2155_pk.-teknik-produksi-migas-peralatan-produksi-atas-dan-bawah-permukaan-4-kelas-11-smk.jpg', NULL, 4, 11, NULL, 0, 1, '2024-07-05', NULL),
(457, 'AKOMODASI PERHOTELAN SMK KELAS 12', NULL, '978-602-8320-07-8', 5, '2008', 1, 'Akomodasi_Perhotelan.jpg', NULL, 4, 12, NULL, 0, 1, '2024-07-05', NULL),
(458, 'ALAT UKUR DAN TEKNIK PENGUKURAN SMK KELAS 12', NULL, '978-602-8320-14-6', 5, '2008', 1, 'alat_ukur_dan_teknik_pengukuran.jpg', NULL, 4, 12, NULL, 0, 1, '2024-07-05', NULL),
(459, 'BAHASA INDONESIA 3 SMK KELAS 12', NULL, '979-462-869-7', 18, '2008', 1, 'Bahasa_Indonesia_3.jpg', NULL, 4, 12, NULL, 0, 1, '2024-07-05', NULL),
(460, 'BIOLOGI PERTANIAN SMK KELAS 12', NULL, '978-602-8320-17-7', 5, '2008', 1, 'Biologi_Pertanian.jpg', NULL, 4, 12, NULL, 0, 1, '2024-07-05', NULL),
(461, 'KIMIA KESEHATAN SMK KELAS 12 JILID 3', NULL, '978-602-8320-51-1', 5, '2008', 1, 'kimia_kesehatan_jilid_3.jpg', NULL, 4, 12, NULL, 0, 1, '2024-07-05', NULL),
(462, 'KOMUNIKATIF DALAM BERBAHASA INDONESIA SMK KELAS 12', NULL, '979-462-847-6', 5, '2008', 1, 'Komunikatif_dalam_Bahasa_Indonesia.jpg', NULL, 4, 12, NULL, 0, 1, '2024-07-05', NULL),
(463, 'KONSEP DASAR PELAPORAN AKUNTANSI DAN PELAPORAN KEUANGAN SMK KELAS 12 JILID 3', NULL, '978-602-8320-54-2', 5, '2008', 1, 'Konsep_Dasar_Akutansi_dan_Pelaporan_Keuangan.jpg', NULL, 4, 12, NULL, 0, 1, '2024-07-05', NULL),
(464, 'KRIYA KERAMIK SMK KELAS 12', NULL, '978-602-8320-61-0', 5, '2008', 1, 'Kriya_Keramik.png', NULL, 4, 12, NULL, 0, 1, '2024-07-05', NULL),
(465, 'KRIYA KULIT SMK KELAS 12 JILID 3', NULL, '978-602-8320-65-8', 5, '2008', 1, 'Kriya_Kulit.png', NULL, 4, 12, NULL, 0, 1, '2024-07-05', NULL),
(466, 'KRIYA TEKSTIL SMK KELAS 12 JILID 3', NULL, '978-602-8320-69-6', 5, '2008', 1, 'KRIYA_TEKSTIL.jpg', NULL, 4, 12, NULL, 0, 2, '2024-07-05', NULL),
(467, 'NAUTIKA KAPAL PENANGKAP IKAN SMK KELAS 12 JILID 3', NULL, '978-602-8320-80-1', 5, '2008', 1, 'NAUTIKA_KAPAL_PENANGKAP_IKAN.jpg', NULL, 4, 12, NULL, 0, 1, '2024-07-05', NULL),
(468, 'PATISERI SMK KELAS 12 JILID 3', NULL, '978-602-8320-84-9', 5, '2008', 1, 'PATISERI.jpg', NULL, 4, 12, NULL, 0, 1, '2024-07-05', NULL),
(469, 'PEKERJAAN SOSIAL SMK KELAS 12 JILID 3', NULL, '978-602-8320-91-7', 5, '2008', 1, 'PEKERJAAN_SOSIAL.jpg', NULL, 4, 12, NULL, 0, 1, '2024-07-05', NULL),
(470, 'PENJUALAN SMK KELAS 12 JILID 3', NULL, '978-602-8320-98-6', 5, '2008', 1, 'PENJUALAN_JILID_3.jpg', NULL, 4, 12, NULL, 0, 1, '2024-07-05', NULL),
(471, 'REKAYASA PERANGKAT LUNAK SMK KELAS 12 JILID 3', NULL, '978-979-060-010-2', 5, '2008', 1, 'Rekayasa_Perangkat.jpg', NULL, 4, 12, NULL, 0, 1, '2024-07-05', NULL),
(472, 'RESTORAN SMK KELAS 12 JILID 3', NULL, '978-979-060-006-5', 5, '2008', 1, 'Restoran_Jilid_3.jpg', NULL, 4, 12, NULL, 0, 1, '2024-07-05', NULL),
(473, 'SENI MUSIK NON KLASIK SMK KELAS 12 JILID 3', NULL, '978-979-060-020-1', 5, '2008', 1, 'SENI_MUSIK_NON_KLASIK.png', NULL, 4, 12, NULL, 0, 2, '2024-07-05', NULL),
(474, 'SENI TARI SMK KELAS 12 JILID 3', NULL, '978-979-060-027-2', 5, '2008', 1, 'Seni_Tari_Jilid_3.png', NULL, 4, 12, 16, 0, 1, '2024-07-05', NULL),
(475, 'TATA BUSANA SMK KELAS 12 JILID 3', NULL, '978-979-060-038-6', 5, '2008', 1, 'TATA_BUSANA.jpg', NULL, 4, 12, NULL, 0, 1, '2024-07-05', NULL),
(476, 'TATA KECANTIKAN KULIT SMK KELAS 12 JILID 3', NULL, '978-979-060-042-3', 5, '2008', 1, 'tata_kecantikan_kulit.jpg', NULL, 4, 12, NULL, 0, 1, '2024-07-05', NULL),
(477, 'TATA KECANTIKAN RAMBUT JILID 3', NULL, '978-979-060-048-1', 5, '2008', 1, 'TATA_KECANTIKAN_RAMBUT.jpg', NULL, 4, NULL, NULL, 0, 1, '2024-07-05', NULL),
(478, 'TEKNIK ALAT BERAT SMK KELAS 12 JILID 3', NULL, '978-979-060-050-8', 5, '2008', 1, 'TEKNIK_ALAT_BERAT.jpg', NULL, 4, 12, NULL, 0, 1, '2024-07-05', NULL),
(479, 'TEKNIK BODI OTOMOTIF SMK KELAS 12 JILID 3', NULL, '978-979-060-054-6', 5, '2008', 1, 'TEKNIK_BODI_OTOMOTIF.jpg', NULL, 4, 12, NULL, 0, 1, '2024-07-05', NULL),
(480, 'TEKNIK OTOMASI INDUSTRI SMK KELAS 12 JILID 3', NULL, '978-979-060-092-8', 5, '2008', 1, 'TEKNIK_OTOMASI_INDUSTRI.jpg', NULL, 4, 12, NULL, 0, 1, '2024-07-05', NULL),
(481, 'TEKNIK PEMANFAATAN TENAGA LISTRIK SMK KELAS 12 JILID 3', NULL, '978-979-060-096-6', 5, '2008', 1, 'TEKNIK_PEMANFAATAN_TENAGA_LISTRIK.png', NULL, 4, 12, NULL, 0, 1, '2024-07-05', NULL),
(482, 'TEKNIK PEMELIHARAAN DAN PERBAIKAN SISTEM ELEKTRONIKA SMK KELAS 12 JILID 3', NULL, '978-979-060-114-7', 5, '2008', 1, 'Teknik_Pemeliharaan_dan_perbaikan.jpg', NULL, 4, 12, NULL, 0, 1, '2024-07-05', NULL),
(483, 'TEKNIK PERENCANAAN GIZI MAKANAN SMK KELAS 12 JILID 3', NULL, '978-979-060-135-2', 5, '2008', 1, 'TEKNIK_PERENCANAAN_GIZI_MAKANAN.jpg', NULL, 4, 12, NULL, 0, 1, '2024-07-05', NULL),
(484, 'TEKNIK PRODUKSI MESIN INDUSTRI SMK KELAS 12 JILID 3', NULL, '978-978-060-139-2', 5, '2008', 1, 'TEKNIK_PRODUKSI_MESIN_INDUSTRI.jpg', NULL, 4, 12, NULL, 0, 1, '2024-07-05', NULL),
(485, 'TEKNIK SURVEI DAN PEMETAAN SMK KELAS 12 JILID 3', NULL, '978-979-060-154-3', 5, '2008', 1, 'TEKNIK_SURVEI_PEMETAAN.png', NULL, 4, 12, NULL, 0, 1, '2024-07-05', NULL),
(486, 'TEKNIK TELEKOMUNIKASI SMK KELAS 12 JILID 3', NULL, '978-979-060-158-1', 5, '2008', 1, 'TEKNIK_TELEKOMUNIKASI.jpg', NULL, 4, 12, NULL, 0, 1, '2024-07-05', NULL),
(487, 'TEKNIK TRANSMISI TENAGA LISTRIK SMK KELAS 12 JILID 3', NULL, '978-979-060-161-1', 5, '2008', 1, 'TEKNIK_TRANSMISI_TENAGA_LISTRIK.jpg', NULL, 4, 12, NULL, 0, 1, '2024-07-05', NULL),
(488, 'Cerita Aji Deris', NULL, '978-602-244-974-4', 22, '2022', 2, 'createthumb.png', NULL, 1, NULL, NULL, 0, 1, '2024-10-16', NULL),
(489, 'Ambilkan Bulan, Bu', NULL, '978-602-455-430-9', 24, '2017', 2, '08c1-4a96-448c-be63-89de1e582d7f.png', NULL, 13, NULL, NULL, 0, 1, '2024-10-16', NULL),
(490, 'Panduan Guru Pendidikan Pancasila untuk SDMI Kelas III', NULL, '978-623-194-642-3', 3, '2022', 1, 'Panduan_Guru_Pendidikan_Pancasila_untuk_SDMI_Kelas_III.png', NULL, 2, 3, NULL, 0, 1, '2024-07-05', NULL),
(491, 'Pendidikan Agama Hindu dan Budi Pekerti untuk SD Kelas III', NULL, '978-602-244-421-3', 2, '2022', 1, 'Pendidikan_Agama_Hindu_dan_Budi_Pekerti_untuk_SD_Kelas_III.png', NULL, 2, 3, NULL, 0, 1, '2024-07-05', NULL),
(492, 'Belajar Bersama Temanmu Matematika untuk Sekolah Dasar Kelas IV', NULL, '978-602-244-533-3', 2, '2021', 1, 'Belajar_Bersama_Temanmu_Matematika_untuk_Sekolah_Dasar_Kelas_IV_–_Volume_2.png', NULL, 2, 4, NULL, 0, 1, '2024-07-05', NULL),
(493, 'Buku Guru – Kata-kataku Selanjutnya Kelas IV', NULL, '978-602-244-508-1', 17, '2021', 1, 'Buku_Guru_–_Kata-kataku_Selanjutnya_Kelas_4.png', NULL, 2, 4, NULL, 0, 1, '2024-07-05', NULL),
(494, 'Buku Panduan Guru Bahasa Indonesia Melihat Sekitar untuk SD Kelas IV', NULL, '978-602-244-369-8', 17, '2021', 1, 'Buku_Panduan_Guru_Bahasa_Indonesia_Melihat_Sekitar_untuk_SD_Kelas_IV.png', NULL, 2, 4, NULL, 0, 1, '2024-07-05', NULL),
(495, 'Buku Panduan Guru Matematika untuk SD/MI Kelas IV', NULL, '978-602-244-874-7', 2, '2022', 1, 'Buku_Panduan_Guru_Matematika_untuk_SDMI_Kelas_IV.png', NULL, 2, 4, NULL, 0, 1, '2024-07-05', NULL),
(496, 'Buku Panduan Guru Matematika untuk Sekolah Dasar Kelas IV – Volume 2', NULL, '978-602-244-531-9', 12, '2021', 1, 'Buku_Panduan_Guru_Matematika_untuk_Sekolah_Dasar_Kelas_IV_–_Volume_2.png', NULL, 2, 4, NULL, 0, 1, '2024-07-05', NULL),
(497, 'Buku Panduan Guru Pendidikan Agama Buddha dan Budi Pekerti untuk SD Kelas IV', NULL, '978-602-244-486-2', 17, '2021', 1, 'Buku_Panduan_Guru_Pendidikan_Agama_Buddha_dan_Budi_Pekerti_untuk_SD_Kelas_IV.png', NULL, 2, 4, NULL, 0, 1, '2024-07-05', NULL),
(498, 'Buku Panduan Guru Pendidikan Agama Hindu dan Budi Pekerti Untuk Kelas IV SD', NULL, '978-602-244-392-6', 17, '2021', 1, 'Buku_Panduan_Guru_Pendidikan_Agama_Hindu_dan_Budi_Pekerti_untuk_SD_Kelas_IV.png', NULL, 2, 4, NULL, 0, 1, '2024-07-05', NULL),
(499, 'KAMUS BAHASA INDONESIA', NULL, '-', 0, '0', 1, 'Kamus_Bahasa_Indonesia.jpg', NULL, 13, NULL, 3, 0, 1, '2024-07-05', NULL),
(500, 'KIMIA 1 SMA KELAS 10', NULL, '978-979-068-180-4', 8, '2009', 1, 'Kimia.png', NULL, 4, 10, 44, 0, 1, '2024-07-05', NULL),
(501, 'KIMIA SMA KELAS 10', NULL, '979-979-068-181-1', 8, '2009', 1, 'Kimia_1.jpg', NULL, 4, 10, 44, 0, 1, '2024-07-05', NULL),
(502, 'Azab dan Sengsara', NULL, '', 13, '', 2, 'a.jpg', NULL, 13, NULL, NULL, 0, 1, '2024-10-16', NULL),
(503, 'KOMPETENSI BERBAHASA DAN SASTRA INDONESIA SMA KELAS 10', NULL, '978-979-068-917-6', 8, '2009', 1, 'Kompetensi_Berbahasa_dan_Sastra_Indonesia.jpg', NULL, 4, 10, NULL, 0, 2, '2024-07-05', NULL),
(504, 'MEMAHAMI GEOGRAFI SMA KELAS 10', NULL, '978-979-068-141-5', 8, '2009', 1, 'Memahami_Geografi.jpg', NULL, 4, 10, NULL, 0, 2, '2024-07-05', NULL),
(505, 'MEMAHAMI KIMIA SMA KELAS 10', NULL, '978-979-068-177-4', 8, '2009', 1, 'Memahami_Kimia.jpg', NULL, 4, 10, 44, 0, 1, '2024-07-05', NULL),
(506, 'MEMBUKA CAKRAWALA EKONOMI SMA KELAS 10', NULL, '978-979-068-697-7', 8, '2009', 1, 'Membuka_Cakrawala_Ekonomi.jpg', NULL, 4, 10, NULL, 0, 1, '2024-07-05', NULL),
(507, 'MENGASAH KEMAMPUAN EKONOMI SMA KELAS 10', NULL, '978-979-068-693-9', 7, '2009', 1, 'mengasah_Ekonomi.jpg', NULL, 4, 10, NULL, 0, 1, '2024-07-05', NULL),
(508, 'MUDAH DAN AKTIF BELAJAR BIOLOGI SMA KELAS 10', NULL, '978-979-068-828-5', 7, '2009', 1, 'createthumb.jpg', NULL, 4, 10, NULL, 0, 2, '2024-07-05', NULL),
(509, 'MUDAH DAN AKTIF BELAJAR FISIKA SMA KELAS 10', NULL, '978-979-068-817-9', 7, '2009', 1, 'Mudah_dan_Aktif.jpg', NULL, 4, 10, NULL, 0, 2, '2024-07-05', NULL),
(510, 'MUDAH DAN AKTIF BELAJAR KIMIA SMA KELAS 10', NULL, '978-979-068-722-6', 7, '2009', 1, 'Mudah_dan_Aktif_Belajar_Kimia.jpg', NULL, 4, 10, 44, 0, 2, '2024-07-05', NULL),
(511, 'NUANSA GEOGRAFI SMA KELAS 10', NULL, '978-979-068-785-1', 7, '2009', 1, 'Nuansa_Geografi.jpg', NULL, 4, 10, NULL, 0, 2, '2024-07-05', NULL),
(512, 'PANDUAN PEMBELAJARAN BIOLOGI SMA KELAS 10', NULL, '978-979-068-137-8', 7, '2009', 1, 'Panduan_Biologi.jpg', NULL, 4, 10, NULL, 0, 2, '2024-07-05', NULL),
(513, 'PANDUAN PEMBELAJARAN FISIKA SMA KELAS 10', NULL, '978-979-068-820-9', 7, '2009', 1, 'Panduan_Pembelajaran_Fisika_SMA.jpg', NULL, 4, 10, NULL, 0, 2, '2024-07-05', NULL),
(514, 'PENDIDIKAN AGAMA ISLAM SMA KELAS 10', NULL, '978-979-095-686-5', 1, '2011', 1, 'Husni.jpg', NULL, 4, 10, NULL, 0, 1, '2024-07-05', NULL),
(515, 'PENDIDIKAN AGAMA KHONGHUCU SMA KELAS 10', NULL, '978-979-095-669-8', 1, '2011', 1, 'Pendidikan_Agama_Konghucu.jpg', NULL, 4, 10, NULL, 0, 1, '2024-07-05', NULL),
(516, 'PENDIDIKAN KEWARGANEGARAAN SMA KELAS 10', NULL, '978-979-095-672-8', 1, '2011', 1, 'Pendidikan_Kewarganegaraan.jpg', NULL, 4, 10, NULL, 0, 1, '2024-07-05', NULL),
(517, 'PRAKTIS BELAJAR BIOLOGI SMA KELAS 10', NULL, '978-979-068-824-7', 1, '2009', 1, 'praktis_belajar_biologi.png', NULL, 4, 10, NULL, 0, 2, '2024-07-05', NULL),
(518, 'PRAKTIS BELAJAR FISIKA SMA KELAS 10', NULL, '978-979-068-813-1', 1, '2009', 1, 'Praktis_belajar_fisika.jpg', NULL, 4, 10, NULL, 0, 1, '2024-07-05', NULL),
(519, 'PRAKTIS BELAJAR KIMIA SMA KELAS 10', NULL, '978-979-068-714-1', 1, '2009', 1, 'Praktis_Belajar_Kimia.jpg', NULL, 4, 10, NULL, 0, 2, '2024-07-05', NULL),
(520, 'SEJARAH SMA KELAS 10', NULL, '978-979-068-064-7', 1, '2009', 1, 'Sejarah_Handrayana.jpg', NULL, 4, 10, NULL, 0, 2, '2024-07-05', NULL),
(521, 'SEJARAH SMA KELAS 10', NULL, '978-979-068-062-3', 1, '2009', 1, 'Sejarah_Tarunasena.png', NULL, 4, 10, NULL, 0, 1, '2024-07-05', NULL),
(522, 'SEJARAH SMA KELAS 10', NULL, '978-979-068-063-0', 1, '2009', 1, 'Sejarah_Dwi.jpg', NULL, 4, 10, NULL, 0, 1, '2024-07-05', NULL),
(523, 'SENI TARI SMA KELAS 10', NULL, '978-979-095-260-7', 1, '2010', 1, 'Seni_Tari.jpg', NULL, 4, 10, NULL, 0, 2, '2024-07-05', NULL),
(524, 'SOSIOLOGI SMA KELAS 10', NULL, '978-979-068-209-2', 8, '2009', 1, 'Sosiologi.jpg', NULL, 4, 10, NULL, 0, 1, '2024-07-05', NULL),
(525, 'SOSIOLOGI SMA KELAS 10', NULL, '978-979-068-208-5', 8, '2009', 1, 'Sosiologi_Suhandi.jpg', NULL, 4, 10, NULL, 0, 1, '2024-07-05', NULL),
(526, 'SOSIOLOGI SMA KELAS 10', NULL, '978-979-068-745-5', 8, '2009', 1, 'Sosiologi.png', NULL, 4, 10, NULL, 0, 2, '2024-07-05', NULL),
(527, 'SOSIOLOGI SMA KELAS 10', NULL, '978-979-068-744-8', 8, '2009', 1, 'Sosiologi_Elisanti.jpg', NULL, 4, 10, NULL, 0, 1, '2024-07-05', NULL),
(528, 'SOSIOLOGI MENYELAMI FENOMENA SOSIAL DIMASYARAKAT SMA KELAS 10', NULL, '978-979-068-738-7', 8, '2009', 1, 'sosiologi_bagja.jpg', NULL, 4, 10, NULL, 0, 1, '2024-07-05', NULL),
(529, 'SOSIOLOGI SMA KELAS 10', NULL, '978-979-068-210-8', 8, '2009', 1, 'cover_default.jpg', NULL, 4, 10, NULL, 0, 2, '2024-07-05', NULL),
(530, 'SOSIOLOGI SMA KELAS 10', NULL, '978-979-068-747-9', 8, '2009', 1, 'cover_default.jpg', NULL, 4, 10, NULL, 0, 2, '2024-07-05', NULL),
(531, 'SOSIOLOGI SMA KELAS 10', NULL, '978-979-068-746-2', 8, '2009', 1, 'cover_default.jpg', NULL, 4, 10, NULL, 0, 2, '2024-07-05', NULL),
(532, 'SOSIOLOGI SMA KELAS 10', NULL, '978-979-068-219-1', 8, '2009', 1, 'cover_default.jpg', NULL, 4, 10, NULL, 0, 2, '2024-07-05', NULL),
(533, 'BAHASA JEPANG SMA KELAS 10', NULL, '978-979-095-681-0', 8, '2011', 1, 'cover_default.jpg', NULL, 4, 10, NULL, 0, 2, '2024-07-05', NULL),
(534, 'ANTROPOLOGI SMA KELAS 11', NULL, '978-979-068-224-5', 8, '2009', 1, 'cover_default.jpg', NULL, 4, 11, NULL, 0, 2, '2024-07-05', NULL),
(535, 'ANTROPOLOGI SMA KELAS 11', NULL, '978-979-068-225-2', 8, '2009', 1, 'cover_default.jpg', NULL, 4, 11, NULL, 0, 2, '2024-07-05', NULL),
(536, 'ANTROPOLOGI SMA KELAS 11', NULL, '978-979-068-231-3', 8, '2009', 1, 'cover_default.jpg', NULL, 4, 11, NULL, 0, 2, '2024-07-05', NULL),
(537, 'ANTROPOLOGI SMA KELAS 11', NULL, '978-979-068-668-7', 8, '2009', 1, 'cover_default.jpg', NULL, 4, 11, NULL, 0, 2, '2024-07-05', NULL),
(538, 'BAHASA DAN SASTRA INDONESIA SMA KELAS 11', NULL, '978-979-068-895-7', 8, '2009', 1, 'cover_default.jpg', NULL, 4, 11, 3, 0, 2, '2024-07-05', NULL),
(539, 'BAHASA INDONEISA SMA KELAS 11', NULL, '978-979-068-924-4', 7, '2009', 1, 'cover_default.jpg', NULL, 4, 11, 3, 0, 2, '2024-07-05', NULL),
(540, 'BAHASA INDONESIA SMA KELAS 11', NULL, '978-979-068-922-0', 7, '2009', 1, 'cover_default.jpg', NULL, 4, 11, 3, 0, 2, '2024-07-05', NULL),
(541, 'GEOGRAFI SMA KELAS 11', NULL, '978-979-068-146-0', 7, '2009', 1, 'cover_default.jpg', NULL, 4, 11, NULL, 0, 2, '2024-07-05', NULL),
(542, 'BERBAHASA INDONESIA DENGAN EFEKTIF SMA KELAS 11', NULL, '978-979-068-914-5', 7, '2009', 1, 'cover_default.jpg', NULL, 4, 11, 3, 0, 2, '2024-07-05', NULL),
(543, 'BIOLOGI SMA KELAS 11', NULL, '978-979-068-133-0', 7, '2009', 1, 'cover_default.jpg', NULL, 4, 11, NULL, 0, 2, '2024-07-05', NULL),
(544, 'BIOLOGI SMA KELAS 11', NULL, '978-979-068-839-1', 7, '2009', 1, 'cover_default.jpg', NULL, 4, 11, NULL, 0, 2, '2024-07-05', NULL),
(545, 'BIOLOGI SMA KELAS 11', NULL, '978-979-068-836-0', 7, '2009', 1, 'cover_default.jpg', NULL, 4, 11, NULL, 0, 2, '2024-07-05', NULL),
(546, 'BIOLOGI SMA KELAS 11', NULL, '978-979-068-838-4', 7, '2009', 1, 'cover_default.jpg', NULL, 4, 11, NULL, 0, 2, '2024-07-05', NULL),
(547, 'BIOLOGI SMA KELAS 11', NULL, '978-979-095-683-4', 19, '2011', 1, 'cover_default.jpg', NULL, 4, 11, NULL, 0, 2, '2024-07-05', NULL),
(548, 'CAKRAWALA SEJARAH SMA KELAS 11', NULL, '978-979-068-673-1', 7, '2009', 1, 'cover_default.jpg', NULL, 4, 11, NULL, 0, 2, '2024-07-05', NULL),
(549, 'DEVELOPING SMA KELAS 11', NULL, '978-979-068-079-1', 7, '2009', 1, 'cover_default.jpg', NULL, 4, 11, NULL, 0, 2, '2024-07-05', NULL),
(550, 'EKONOMI SMA KELAS 11', NULL, '978-979-068-198-9', 7, '2009', 1, 'cover_default.jpg', NULL, 4, 11, NULL, 0, 2, '2024-07-05', NULL),
(551, 'EKONOMI SMA KELAS 11', NULL, '978-979-068-205-4', 7, '2009', 1, 'cover_default.jpg', NULL, 4, 11, NULL, 0, 2, '2024-07-05', NULL),
(552, 'EKONOMI SMA KELAS 11', NULL, '978-979-068-707-3', 7, '2009', 1, 'cover_default.jpg', NULL, 4, 11, NULL, 0, 2, '2024-07-05', NULL),
(553, 'EKONOMI SMA KELAS 11', NULL, '978-979-068-199-6', 7, '2009', 1, 'cover_default.jpg', NULL, 4, 11, NULL, 0, 2, '2024-07-05', NULL),
(554, 'EKONOMI SMA KELAS 11', NULL, '978-979-068-708-0', 7, '2009', 1, 'cover_default.jpg', NULL, 4, 11, NULL, 0, 2, '2024-07-05', NULL),
(555, 'EKONOMI SMA KELAS 11', NULL, '978-979-068-705-9', 7, '2009', 1, 'cover_default.jpg', NULL, 4, 11, NULL, 0, 2, '2024-07-05', NULL),
(556, 'EKONOMI SMA KELAS 11', NULL, '978-979-068-706-6', 7, '2009', 1, 'cover_default.jpg', NULL, 4, 11, NULL, 0, 2, '2024-07-05', NULL),
(557, 'FISIKA SMA KELAS 11', NULL, '978-979-068-170-5', 8, '2009', 1, 'cover_default.jpg', NULL, 4, 11, NULL, 0, 2, '2024-07-05', NULL),
(558, 'FISIKA SMA KELAS 11', NULL, '798-799-068-171-2', 8, '2009', 1, 'cover_default.jpg', NULL, 4, 11, NULL, 0, 2, '2024-07-05', NULL),
(559, 'FISIKA SMA KELAS 11', NULL, '978-979-068-172-9', 7, '2009', 1, 'cover_default.jpg', NULL, 4, 11, NULL, 0, 2, '2024-07-05', NULL),
(560, 'FISIKA SMA KELAS 11', NULL, '978-979-068-809-4', 7, '2009', 1, 'cover_default.jpg', NULL, 4, 11, NULL, 0, 2, '2024-07-05', NULL),
(561, 'FISIKA SMA KELAS 11', NULL, '978-979-068-808-7', 7, '2009', 1, 'cover_default.jpg', NULL, 4, 11, NULL, 0, 2, '2024-07-05', NULL),
(562, 'Gelanggang Pendidikan Jasmani, Olahraga, dan Kesehatan', NULL, '978-979-095-281-2', 20, '2010', 1, 'cover_default.jpg', NULL, 4, NULL, NULL, 0, 2, '2024-07-05', NULL),
(563, 'GEOGRAFI SMA KELAS 11', NULL, '978-979-068-151-4', 7, '2009', 1, 'cover_default.jpg', NULL, 4, 11, NULL, 0, 2, '2024-07-05', NULL),
(564, 'GEOGRAFI SMA KELAS 11', NULL, '978-979-068-144-6', 7, '2009', 1, 'cover_default.jpg', NULL, 4, 11, NULL, 0, 2, '2024-07-05', NULL),
(565, 'GEOGRAFI SMA KELAS 11', NULL, '978-979-068-143-9', 7, '2009', 1, 'cover_default.jpg', NULL, 4, 11, NULL, 0, 2, '2024-07-05', NULL),
(566, 'GEOGRAFI SMA KELAS 11', NULL, '978-979-068-794-3', 7, '2009', 1, 'cover_default.jpg', NULL, 4, 11, NULL, 0, 2, '2024-07-05', NULL),
(567, 'GEOGRAFI SMA KELAS 11', NULL, '978-979-068-926-8', 7, '2009', 1, 'cover_default.jpg', NULL, 4, 11, NULL, 0, 2, '2024-07-05', NULL),
(568, 'GEOGRAFI SMA KELAS 11', NULL, '978-979-068-778-3', 7, '2009', 1, 'cover_default.jpg', NULL, 4, 11, NULL, 0, 2, '2024-07-05', NULL),
(569, 'INTERLANGUAGE SMA KELAS 11', NULL, '979-462-896-4', 8, '2008', 1, 'cover_default.jpg', NULL, 4, 11, NULL, 0, 2, '2024-07-05', NULL),
(570, 'KHAZNAH ANTROPOLOGI SMA KEAS 11', NULL, '978-979-068-667-0', 7, '2009', 1, 'cover_default.jpg', NULL, 4, 11, NULL, 0, 2, '2024-07-05', NULL),
(571, 'KHAZANAH MATEMATIKA SMA KELAS 11', NULL, '978-979-068-861-2', 7, '2009', 1, 'cover_default.jpg', NULL, 4, 11, NULL, 0, 2, '2024-07-05', NULL),
(572, 'KIMIA SMA KELAS 11', NULL, '978-979-068-182-8', 8, '2009', 1, 'cover_default.jpg', NULL, 4, 11, NULL, 0, 2, '2024-07-05', NULL),
(573, 'KIMIA SMA KELAS 11', NULL, '978-979-068-183-5', 7, '2009', 1, 'cover_default.jpg', NULL, 4, 11, NULL, 0, 2, '2024-07-05', NULL),
(574, 'KIMIA SMA KELAS 11', NULL, '978-979-068-729-5', 7, '2009', 1, 'cover_default.jpg', NULL, 4, 11, NULL, 0, 2, '2024-07-05', NULL),
(575, 'KIMIA SMA KELAS 11', NULL, '978-979-068-730-1', 7, '2009', 1, 'cover_default.jpg', NULL, 4, 11, NULL, 0, 2, '2024-07-05', NULL),
(576, 'SASTRA INDONESIA SMA KELAS 11', NULL, '978-979-068-918-3', 7, '2009', 1, 'cover_default.jpg', NULL, 4, 11, 3, 0, 2, '2024-07-05', NULL),
(577, 'KOMPETENSI FISIKA SMA KELAS 11', NULL, '978-979-068-235-1', 7, '2009', 1, 'cover_default.jpg', NULL, 4, 11, NULL, 0, 2, '2024-07-05', NULL),
(578, 'KIMIA SMA KELAS 11', NULL, '978-979-068-190-3', 7, '2009', 1, 'cover_default.jpg', NULL, 4, 11, NULL, 0, 12, '2024-07-05', NULL),
(579, 'MATEMATIKA SMA KELAS 11', NULL, '978-979-068-850-6', 7, '2009', 1, 'cover_default.jpg', NULL, 4, 11, NULL, 0, 2, '2024-07-05', NULL),
(580, 'MATEMATIKA SMA KELAS 11', NULL, '-', 20, '2010', 1, 'cover_default.jpg', NULL, 4, 11, NULL, 0, 2, '2024-07-05', NULL),
(581, 'MATEMATIKA INOVATIF SMA KELAS 11', NULL, '978-979-068-866-7', 7, '2009', 1, 'cover_default.jpg', NULL, 4, 11, NULL, 0, 2, '2024-07-05', NULL),
(582, 'MATEMATIKA SMA KELAS 11', NULL, '979-462-910-3', 8, '2008', 1, 'cover_default.jpg', NULL, 4, 11, NULL, 0, 2, '2024-07-05', NULL),
(583, 'MATEMATIKA SMA KELAS 11', NULL, '979-462-586-8', 8, '2008', 1, 'cover_default.jpg', NULL, 4, 11, NULL, 0, 2, '2024-07-05', NULL),
(584, 'MEMAHAMI KIMIA SMA KELAS 11', NULL, '978-979-068-178-1', 7, '2009', 1, 'cover_default.jpg', NULL, 4, 11, NULL, 0, 2, '2024-07-05', NULL),
(585, 'MEMBUKA CAKRAWALA EKONOMI SMA KELAS 11', NULL, '978-979-068-698-4', 7, '2009', 1, 'cover_default.jpg', NULL, 4, 11, NULL, 0, 2, '2024-07-05', NULL),
(586, 'MUDAH DAN AKTIF BELAJAR BIOLOGI SMA KELAS 11', NULL, '978-979-068-829-2', 7, '2009', 1, 'cover_default.jpg', NULL, 4, 11, NULL, 0, 2, '2024-07-05', NULL),
(587, 'MUDAH DAN AKTIF BELAJAR FISIKA SMAKELAS 11', NULL, '978-979-068-818-6', 7, '2009', 1, 'cover_default.jpg', NULL, 4, 11, NULL, 0, 2, '2024-07-05', NULL),
(588, 'MUDAH DAN AKTIF BELAJAR KIMIA SMA KELAS 11', NULL, '978-979-068-723-3', 7, '2009', 1, 'cover_default.jpg', NULL, 4, 11, NULL, 0, 2, '2024-07-05', NULL),
(589, 'BIOLOGI SMA KELAS 11', NULL, '978-979-068-138-5', 7, '2009', 1, 'cover_default.jpg', NULL, 4, 11, NULL, 0, 2, '2024-07-05', NULL);
INSERT INTO `book` (`book_id`, `book_title`, `book_edition`, `book_isbn`, `publisher_id`, `book_year`, `type_id`, `book_cover`, `category_id`, `level_id`, `class_id`, `subject_id`, `book_read`, `status_id`, `input_date`, `last_update`) VALUES
(590, 'GEOGRAFI SMA KELAS 11', NULL, '978-979-068-774-5', 7, '2009', 1, 'cover_default.jpg', NULL, 4, 11, NULL, 0, 2, '2024-07-05', NULL),
(591, 'KIMIA SMA KELAS 11', NULL, '978-979-068-719-6', 7, '2009', 1, 'cover_default.jpg', NULL, 4, 11, NULL, 0, 2, '2024-07-05', NULL),
(592, 'BAHASA JEPANG SMA KELAS 11', NULL, '978-979-095-684-1', 19, '2011', 1, 'cover_default.jpg', NULL, 4, 11, NULL, 0, 2, '2024-07-05', NULL),
(593, 'AGAMA ISLAM SMA KELAS 11', NULL, '978-979-095-687-2', 20, '2011', 1, 'cover_default.jpg', NULL, 4, 11, NULL, 0, 2, '2024-07-05', NULL),
(594, 'AGAMA ISLAM SMA KELAS 11', NULL, '978-979-095-688-9', 20, '2011', 1, 'cover_default.jpg', NULL, 4, 11, NULL, 0, 2, '2024-07-05', NULL),
(595, 'AGAMA ISLAM SMA KELAS 11', NULL, '978-979-095-689-6', 20, '2011', 1, 'cover_default.jpg', NULL, 4, 11, NULL, 0, 2, '2024-07-05', NULL),
(596, 'PENDIDIKAN KEWARGANEGARAAN SMA KELAS 11', NULL, '978-979-095-678-0', 20, '2011', 1, 'cover_default.jpg', NULL, 4, 11, NULL, 0, 2, '2024-07-05', NULL),
(597, 'PRAKTIS BELAJAR BIOLOGI SMA KELAS 11', NULL, '978-979-068-825-4', 7, '2009', 1, 'cover_default.jpg', NULL, 4, 11, NULL, 0, 2, '2024-07-05', NULL),
(598, 'PRAKTIS BELAJAR TEKNOLOGI INFORMASI DAN KOMUNIKASI SMA KELAS 11', NULL, '978-979-095-270-6', 20, '2010', 1, 'cover_default.jpg', NULL, 4, 11, NULL, 0, 2, '2024-07-05', NULL),
(599, 'MEMAHAMI SEJARAH SMA KELAS 11', NULL, '978-979-068-066-1', 7, '2009', 1, 'cover_default.jpg', NULL, 4, 11, NULL, 0, 2, '2024-07-05', NULL),
(600, 'SEJARAH SMA KELAS 11', NULL, '978-979-068-068-5', 7, '2009', 1, 'cover_default.jpg', NULL, 4, 11, NULL, 0, 2, '2024-07-05', NULL),
(601, 'SEJARAH SMA KELAS 11', NULL, '978-979-068-069-2', 7, '2009', 1, 'cover_default.jpg', NULL, 4, 11, NULL, 0, 2, '2024-07-05', NULL),
(602, 'SEJARAH SMA KELAS 11', NULL, '978-979-068-072-2', 7, '2009', 1, 'cover_default.jpg', NULL, 4, 11, NULL, 0, 2, '2024-07-05', NULL),
(603, 'SEJARAH SMA KELAS 11', NULL, '978-979-068-070-8', 7, '2009', 1, 'cover_default.jpg', NULL, 4, 11, NULL, 0, 2, '2024-07-05', NULL),
(604, 'SOSIOLOGI SMA KELAS 11', NULL, '978-979-068-212-2', 7, '2009', 1, 'cover_default.jpg', NULL, 4, 11, NULL, 0, 2, '2024-07-05', NULL),
(605, 'SOSIOLOGI SMA KELAS 11', NULL, '978-979-068-213-9', 7, '2009', 1, 'cover_default.jpg', NULL, 4, 11, NULL, 0, 2, '2024-07-05', NULL),
(606, 'SOSIOLOGI SMA KELAS 11', NULL, '978-979-068-750-9', 7, '2009', 1, 'cover_default.jpg', NULL, 4, 11, NULL, 0, 2, '2024-07-05', NULL),
(607, 'SOSIOLOGI SMA KELAS 11', NULL, '978-979-088-739-4', 7, '2009', 1, 'cover_default.jpg', NULL, 4, 11, NULL, 0, 2, '2024-07-05', NULL),
(608, 'SOSIOLOGI SMA KELAS 11', NULL, '978-979-068-214-6', 7, '2009', 1, 'cover_default.jpg', NULL, 4, 11, NULL, 0, 2, '2024-07-05', NULL),
(609, 'SOSIOLOGI SMA KELAS 11', NULL, '978-979-068-748-6', 7, '2009', 1, 'cover_default.jpg', NULL, 4, 11, NULL, 0, 2, '2024-07-05', NULL),
(610, 'SOSIOLOGI SMA KELAS 11', NULL, '978-979-068-749-3', 7, '2009', 1, 'cover_default.jpg', NULL, 4, 11, NULL, 0, 2, '2024-07-05', NULL),
(611, 'SOSIOLOGI SMA KELAS 11', NULL, '978-979-068-751-6', 7, '2009', 1, 'cover_default.jpg', NULL, 4, 11, NULL, 0, 2, '2024-07-05', NULL),
(612, 'BAHASA JEPANG SMA KELAS 11', NULL, '978-979-095-682-7', 20, '2011', 1, 'cover_default.jpg', NULL, 4, 11, NULL, 0, 2, '2024-07-05', NULL),
(613, 'TEKNOLOGI INFORMASI DAN KOMUNIKASI SMA KELAS 11', NULL, '978-979-095-269-0', 20, '2010', 1, 'cover_default.jpg', NULL, 4, 11, NULL, 0, 2, '2024-07-05', NULL),
(614, 'TEKNOLOGI INFORMASI DAN KOMUNIKASI SMA KELAS 11', NULL, '979-630-064-8', 20, '2008', 1, 'cover_default.jpg', NULL, 4, 11, NULL, 0, 2, '2024-07-05', NULL),
(615, 'TERAMPIL BERBAHASA INDONESIA SMA KELAS 11', NULL, '978-979-068-050-0', 7, '2009', 1, 'cover_default.jpg', NULL, 4, 11, 3, 0, 2, '2024-07-05', NULL),
(616, 'MATEMATIKA SMA KELAS 11', NULL, '978-979-068-923-7', 7, '2009', 1, 'cover_default.jpg', NULL, 4, 11, NULL, 0, 2, '2024-07-05', NULL),
(617, 'AKTIF BELAJAR FISIKA SMA KELAS 12', NULL, '978-979-068-801-8', 8, '2009', 1, 'cover_default.jpg', NULL, 4, 12, NULL, 0, 2, '2024-07-05', NULL),
(618, 'AKTIF BELAJAR KIMIA SMA KELAS 12', NULL, '978-979-068-736-3', 8, '2009', 1, 'cover_default.jpg', NULL, 4, 12, NULL, 0, 2, '2024-07-05', NULL),
(619, 'AKTIF BELAJAR KOMPUTER SMA KELAS 12', NULL, '978-979-095-271-3', 8, '2010', 1, 'cover_default.jpg', NULL, 4, 12, NULL, 0, 2, '2024-07-05', NULL),
(620, 'AKTIF DAN KREATIF BERBAHASA INDONESIA SMA KELAS 12', NULL, '979-462-866-2', 8, '2008', 1, 'cover_default.jpg', NULL, 4, 12, 3, 0, 2, '2024-07-05', NULL),
(621, 'ANTROPOLOGI SMA KELAS 12', NULL, '978-979-068-226-9', 8, '2009', 1, 'cover_default.jpg', NULL, 4, 12, NULL, 0, 2, '2024-07-05', NULL),
(622, 'ANTROPOLOGI SMA KELAS 12', NULL, '978-979-068-227-6', 8, '2009', 1, 'cover_default.jpg', NULL, 4, 12, NULL, 0, 2, '2024-07-05', NULL),
(623, 'ANTROPOLOGI SMA KELAS 12', NULL, '978-979-068-382-2', 8, '2009', 1, 'cover_default.jpg', NULL, 4, 12, NULL, 0, 2, '2024-07-05', NULL),
(624, 'ANTROPOLOGI SMA KELAS 12', NULL, '978-979-068-232-0', 8, '2009', 1, 'cover_default.jpg', NULL, 4, 12, NULL, 0, 2, '2024-07-05', NULL),
(625, 'BAHASA DAN SASTRA INDONESIA SMA KELAS 12', NULL, '979-462-891-3', 8, '2008', 1, 'cover_default.jpg', NULL, 4, 12, 3, 0, 2, '2024-07-05', NULL),
(626, 'BAHASA DAN SASTRA INDONESIA SMA KELAS 12', NULL, '978-979-068-900-8', 8, '2009', 1, 'cover_default.jpg', NULL, 4, 12, 3, 0, 2, '2024-07-05', NULL),
(627, 'BERBAHASA DAN BERSASTRA INDONESIA SMA KELAS 12', NULL, '-', 8, '2010', 1, 'cover_default.jpg', NULL, 4, 12, 3, 0, 2, '2024-07-05', NULL),
(628, 'BAHASA INDONESIA SMA KELAS 12', NULL, '978-979-068-905-3', 8, '2009', 1, 'cover_default.jpg', NULL, 4, 12, 3, 0, 2, '2024-07-05', NULL),
(629, 'BAHASA INDONESIA SMA KELAS 12', NULL, '978-979-095-368-0', 8, '2010', 1, 'cover_default.jpg', NULL, 4, 12, 3, 0, 2, '2024-07-05', NULL),
(630, 'BAHASA INDONESIA SMA KELAS 12', NULL, '978-979-068-904-6', 8, '2009', 1, 'cover_default.jpg', NULL, 4, 12, 3, 0, 2, '2024-07-05', NULL),
(631, 'BERBAHASA INDONESIA DENGAN EFEKTIF SMA KELAS 12', NULL, '978-979-068-915-2', 8, '2009', 1, 'cover_default.jpg', NULL, 4, 12, 3, 0, 2, '2024-07-05', NULL),
(632, 'BIOLOGI SMA KELAS 12', NULL, '978-979-068-134-7', 8, '2009', 1, 'cover_default.jpg', NULL, 4, 12, NULL, 0, 2, '2024-07-05', NULL),
(633, 'BIOLOGI SMA KELAS 12', NULL, '978-979-068-135-4', 8, '2009', 1, 'cover_default.jpg', NULL, 4, 12, NULL, 0, 2, '2024-07-05', NULL),
(634, 'BIOLOGI SMA KELAS 12', NULL, '978-979-068-843-8', 8, '2009', 1, 'cover_default.jpg', NULL, 4, 12, NULL, 0, 2, '2024-07-05', NULL),
(635, 'BIOLOGI SMA KELAS 12', NULL, '978-979-068-841-4', 8, '2009', 1, 'cover_default.jpg', NULL, 4, 12, NULL, 0, 2, '2024-07-05', NULL),
(636, 'TEKNOLOGI INFORMASI DAN KOMUNIKASI SMA KELAS 12', NULL, '978-979-095-276-8', 8, '2010', 1, 'cover_default.jpg', NULL, 4, 12, NULL, 0, 2, '2024-07-05', NULL),
(637, 'DEVELOPING ENGLISH COMPETENCIES SMA KELAS 12', NULL, '978-979-068-080-7', 8, '2009', 1, 'cover_default.jpg', NULL, 4, 12, 4, 0, 2, '2024-07-05', NULL),
(638, 'EKONOMI SMA KELAS 12', NULL, '978-979-068-206-1', 8, '2009', 1, 'cover_default.jpg', NULL, 4, 12, NULL, 0, 2, '2024-07-05', NULL),
(639, 'EKONOMI SMA KELAS 12', NULL, '978-979-068-201-6', 8, '2009', 1, 'cover_default.jpg', NULL, 4, 12, NULL, 0, 2, '2024-07-05', NULL),
(640, 'EKONOMI SMA KELAS 12', NULL, '978-979-068-710-3', 8, '2009', 1, 'cover_default.jpg', NULL, 4, 12, NULL, 0, 2, '2024-07-05', NULL),
(641, 'EKONOMI SMA KELAS 12', NULL, '978-979-068-202-3', 8, '2009', 1, 'cover_default.jpg', NULL, 4, 12, NULL, 0, 2, '2024-07-05', NULL),
(642, 'EKONOMI SMA KELAS 12', NULL, '978-979-068-712-7', 8, '2009', 1, 'cover_default.jpg', NULL, 4, 12, NULL, 0, 2, '2024-07-05', NULL),
(643, 'EKONOMI SMA KELAS 12', NULL, '978-979-068-709-7', 8, '2009', 1, 'cover_default.jpg', NULL, 4, 12, NULL, 0, 2, '2024-07-05', NULL),
(644, 'FISIKA SMA KELAS 12', NULL, '978-979-068-173-6', 8, '2009', 1, 'cover_default.jpg', NULL, 4, 12, NULL, 0, 2, '2024-07-05', NULL),
(645, 'FISIKA SMA KELAS 12', NULL, '978-979-068-810-0', 8, '2009', 1, 'cover_default.jpg', NULL, 4, 12, NULL, 0, 2, '2024-07-05', NULL),
(646, 'FISIKA SMA KELAS 12', NULL, '978-979-068-175-0', 8, '2009', 1, 'cover_default.jpg', NULL, 4, 12, NULL, 0, 2, '2024-07-05', NULL),
(647, 'FISIKA SMA KELAS 12', NULL, '978-979-068-236-8', 8, '2009', 1, 'cover_default.jpg', NULL, 4, 12, NULL, 0, 2, '2024-07-05', NULL),
(648, 'GENERASI TELEMATIKA SMA KELAS 12', NULL, '978-979-068-236-8', 8, '2009', 1, 'cover_default.jpg', NULL, 4, 12, NULL, 0, 2, '2024-07-05', NULL),
(649, 'GEOGRAFI SMA KELAS 12', NULL, '978-979-068-147-7', 8, '2009', 1, 'cover_default.jpg', NULL, 4, 12, NULL, 0, 2, '2024-07-05', NULL),
(650, 'GEOGRAFI SMA KELAS 12', NULL, '978-979-068-149-1', 8, '2009', 1, 'cover_default.jpg', NULL, 4, 12, NULL, 0, 2, '2024-07-05', NULL),
(651, 'GEOGRAFI SMA KELAS 12', NULL, '978-979-069-150-7', 8, '2009', 1, 'cover_default.jpg', NULL, 4, 12, NULL, 0, 2, '2024-07-05', NULL),
(652, 'GEOGRAFI SMA KELAS 12', NULL, '978-979-068-796-7', 8, '2009', 1, 'cover_default.jpg', NULL, 4, 12, NULL, 0, 2, '2024-07-05', NULL),
(653, 'GEOGRAFI SMA KELAS 12', NULL, '978-979-068-779-0', 8, '2009', 1, 'cover_default.jpg', NULL, 4, 12, NULL, 0, 2, '2024-07-05', NULL),
(654, 'INTERLANGUAGE SMA KELAS 12', NULL, '979-462-898-0', 8, '2008', 1, 'cover_default.jpg', NULL, 4, 12, NULL, 0, 2, '2024-07-05', NULL),
(655, 'KHAZANAH MATEMATIKA SMA KELAS 12', NULL, '978-979-068-862-9', 8, '2009', 1, 'cover_default.jpg', NULL, 4, 12, NULL, 0, 2, '2024-07-05', NULL),
(656, 'KIMIA SMA KELAS 12', NULL, '978-979-068-186-6', 8, '2009', 1, 'cover_default.jpg', NULL, 4, 12, NULL, 0, 2, '2024-07-05', NULL),
(657, 'KIMIA SMA KELAS 12', NULL, '978-979-068-184-2', 8, '2009', 1, 'cover_default.jpg', NULL, 4, 12, NULL, 0, 2, '2024-07-05', NULL),
(658, 'KIMIA SMA KELAS 12', NULL, '978-979-068-185-9', 8, '2009', 1, 'cover_default.jpg', NULL, 4, 12, NULL, 0, 2, '2024-07-05', NULL),
(659, 'SASTRA INDONESIA SMA KELAS 12', NULL, '978-979-068-919-0', 8, '2009', 1, 'cover_default.jpg', NULL, 4, 12, NULL, 0, 2, '2024-07-05', NULL),
(660, 'MAHIR MATEMATIKA SMA KELAS 12', NULL, '979-462-845-X', 8, '2007', 1, 'cover_default.jpg', NULL, 4, 12, NULL, 0, 2, '2024-07-05', NULL),
(661, 'KIMIA SMA KELAS 12', NULL, '978-979-068-191-0', 8, '2009', 1, 'cover_default.jpg', NULL, 4, 12, NULL, 0, 2, '2024-07-05', NULL),
(662, 'MATEMATIKA SMA KELAS 12', NULL, '978-979-068-852-0', 8, '2009', 1, 'cover_default.jpg', NULL, 4, 12, NULL, 0, 2, '2024-07-05', NULL),
(663, 'MATEMATIKA SMA KELAS 12', NULL, '978-979-068-857-5', 8, '2009', 1, 'cover_default.jpg', NULL, 4, 12, NULL, 0, 2, '2024-07-05', NULL),
(664, 'MATEMATIKA INOVATIF SMA KELAS 12', NULL, '978-979-068-869-8', 8, '2009', 1, 'cover_default.jpg', NULL, 4, 12, NULL, 0, 2, '2024-07-05', NULL),
(665, 'MATEMATIKA APLIKASI SMA KELAS 12', NULL, '979-462-948-0', 8, '2009', 1, 'cover_default.jpg', NULL, 4, 12, NULL, 0, 2, '2024-07-05', NULL),
(666, 'MATEMATIKA SMA KELAS 12', NULL, '979-462-911-1', 8, '2009', 1, 'cover_default.jpg', NULL, 4, 12, NULL, 0, 2, '2024-07-05', NULL),
(667, 'MEMAHAMI GEOGRAFI SMA KELAS 12', NULL, '978-979-068-148-4', 8, '2009', 1, 'cover_default.jpg', NULL, 4, 12, NULL, 0, 2, '2024-07-05', NULL),
(668, 'MEMBUKA CAKRAWALA EKONOMI SMAKELAS 12', NULL, '978-979-068-699-1', 8, '2009', 1, 'cover_default.jpg', NULL, 4, 12, NULL, 0, 2, '2024-07-05', NULL),
(669, 'MUDAH DAN AKTIF BELAJAR BIOLOGI SMA KELAS 12', NULL, '978-979-068-830-8', 8, '2009', 1, 'cover_default.jpg', NULL, 4, 12, NULL, 0, 2, '2024-07-05', NULL),
(670, 'MUDAH DAN AKTIF BELAJAR FISIKA SMA KELAS 12', NULL, '978-979-068-931-2', 8, '2009', 1, 'cover_default.jpg', NULL, 4, 12, NULL, 0, 2, '2024-07-05', NULL),
(671, 'MUDAH DAN AKTIF BELAJAR KIMIA SMA KELAS 12', NULL, '978-979-068-724-0', 8, '2009', 1, 'cover_default.jpg', NULL, 4, 12, NULL, 0, 2, '2024-07-05', NULL),
(672, 'GEOGRAFI SMA KELAS 12', NULL, '978-979-068-787-5', 8, '2009', 1, 'cover_default.jpg', NULL, 4, 12, NULL, 0, 2, '2024-07-05', NULL),
(673, 'BIOLOGI SMA KELAS 12', NULL, '978-979-068-139-2', 8, '2009', 1, 'cover_default.jpg', NULL, 4, 12, NULL, 0, 2, '2024-07-05', NULL),
(674, 'FISIKA SMA KELAS 12', NULL, '978-979-068-822-3', 8, '2009', 1, 'cover_default.jpg', NULL, 4, 12, NULL, 0, 2, '2024-07-05', NULL),
(675, 'KIMIA SMA KELAS 12', NULL, '-', 0, '0', 1, 'cover_default.jpg', NULL, 4, 12, NULL, 0, 2, '2024-07-05', NULL),
(676, 'BAHASA ARAB SMA KELAS 12', NULL, '978-979-095-692-6', 19, '2011', 1, 'cover_default.jpg', NULL, 4, 12, NULL, 0, 2, '2024-07-05', NULL),
(677, 'AGAMA ISLAM SMA KELAS 12', NULL, '978-979-095-690-2', 19, '2011', 1, 'cover_default.jpg', NULL, 4, 12, NULL, 0, 2, '2024-07-05', NULL),
(678, 'PJOK SMA KELAS 12', NULL, '978-979-095-283-6', 19, '2010', 1, 'cover_default.jpg', NULL, 4, 12, NULL, 0, 2, '2024-07-05', NULL),
(679, 'PENDIDIKAN KEWARGANEGARAAN SMA KELAS 12', NULL, '978-979-095-679-7', 19, '2011', 1, 'cover_default.jpg', NULL, 4, 12, NULL, 0, 2, '2024-07-05', NULL),
(680, 'CAKAP BERSASTRA INDONESIA SMA KELAS 12', NULL, '978-979-068-910-7', 19, '2009', 1, 'cover_default.jpg', NULL, 4, 12, NULL, 0, 2, '2024-07-05', NULL),
(681, 'CAKAP BERSASTRA INDONESIA SMA KELAS 12', NULL, '978-979-068-909-1', 19, '2009', 1, 'cover_default.jpg', NULL, 4, 12, NULL, 0, 2, '2024-07-05', NULL),
(682, 'PRAKTIS BELAJAR BIOLOGI SMA KELAS 12', NULL, '978-979-068-826-1', 19, '2009', 1, 'cover_default.jpg', NULL, 4, 12, NULL, 0, 2, '2024-07-05', NULL),
(683, 'PRAKTIS BELAJAR FISIKA SMA KELAS 12', NULL, '978-979-068-815-5', 19, '2009', 1, 'cover_default.jpg', NULL, 4, 12, NULL, 0, 2, '2024-07-05', NULL),
(684, 'PRAKTIS BELAJAR KIMIA SMA KELAS 12', NULL, '978-979-068-716-5', 19, '2009', 1, 'cover_default.jpg', NULL, 4, 12, NULL, 0, 2, '2024-07-05', NULL),
(685, 'PRAKTIS BELAJAR PJOK SMA KELAS 12', NULL, '978-979-095-284-3', 19, '2009', 1, 'cover_default.jpg', NULL, 4, 12, NULL, 0, 2, '2024-07-05', NULL),
(686, 'PRAKTIS BELAJAR TEKNOLOGI INFORMASI DAN KOMUNIKASI SMA KELAS 12', NULL, '978-979-095-277-5', 19, '2010', 1, 'cover_default.jpg', NULL, 4, 12, NULL, 0, 2, '2024-07-05', NULL),
(687, 'SEJARAH SMA KELAS 12', NULL, '978-979-068-071-5', 19, '2009', 1, 'cover_default.jpg', NULL, 4, 12, NULL, 0, 2, '2024-07-05', NULL),
(688, 'SOSIOLOGI SMA KELAS 12', NULL, '978-979-068-216-0', 19, '2009', 1, 'cover_default.jpg', NULL, 4, 12, NULL, 0, 2, '2024-07-05', NULL),
(689, 'SOSIOLOGI SMA KELAS 12', NULL, '978-979-068-215-3', 19, '2009', 1, 'cover_default.jpg', NULL, 4, 12, NULL, 0, 2, '2024-07-05', NULL),
(690, 'SOSIOLOGI SMA KELAS 12', NULL, '978-979-068-756-1', 19, '2009', 1, 'cover_default.jpg', NULL, 4, 12, NULL, 0, 2, '2024-07-05', NULL),
(691, 'SOSIOLOGI SMA KELAS 12', NULL, '978-979-068-740-0', 19, '2009', 1, 'cover_default.jpg', NULL, 4, 12, NULL, 0, 2, '2024-07-05', NULL),
(692, 'SOSIOLOGI SMA KELAS 12', NULL, '978-979-068-217-7', 19, '2009', 1, 'cover_default.jpg', NULL, 4, 12, NULL, 0, 2, '2024-07-05', NULL),
(693, 'SOSIOLOGI SMA KELAS 12', NULL, '978-979-068-755-4', 19, '2009', 1, 'cover_default.jpg', NULL, 4, 12, NULL, 0, 2, '2024-07-05', NULL),
(694, 'SOSIOLOGI SMA KELAS 12', NULL, '978-979-068-753-0', 19, '2009', 1, 'cover_default.jpg', NULL, 4, 12, NULL, 0, 2, '2024-07-05', NULL),
(695, 'SOSIOLOGI SMA KELAS 12', NULL, '978-979-068-221-4', 19, '2009', 1, 'cover_default.jpg', NULL, 4, 12, NULL, 0, 2, '2024-07-05', NULL),
(696, 'TEKNOLOGI INFORMASI DAN KOMUNIKASI SMA KELAS 12', NULL, '978-979-095-273-7', 19, '2010', 1, 'cover_default.jpg', NULL, 4, 12, NULL, 0, 2, '2024-07-05', NULL),
(697, 'TEKNOLOGI INFORMASI DAN KOMUNIKASI SMA KELAS 12', NULL, '978-979-095-274-4', 19, '2010', 1, 'cover_default.jpg', NULL, 4, 12, NULL, 0, 2, '2024-07-05', NULL),
(698, 'TEKNOLOGI INFORMASI DAN KOMUNIKASI SMA KELAS 12', NULL, '979-630-066-2.', 19, '2008', 1, 'cover_default.jpg', NULL, 4, 12, NULL, 0, 2, '2024-07-05', NULL),
(699, 'TEKNOLOGI INFORMASI DAN KOMUNIKASI SMA KELAS 12', NULL, '979-630-067-9', 19, '2008', 1, 'cover_default.jpg', NULL, 4, 12, NULL, 0, 2, '2024-07-05', NULL),
(700, 'TERAMPIL BERBAHASA INDONESIA SMA KELAS 12', NULL, '978-979-068-051-7', 19, '2009', 1, 'cover_default.jpg', NULL, 4, 12, NULL, 0, 2, '2024-07-05', NULL),
(701, 'Buku Panduan Guru Pendidikan Agama Islam dan Budi Pekerti untuk SD/MI Kelas IV', NULL, '978-602-244-491-6', 17, '2021', 1, 'Buku_Panduan_Guru_Pendidikan_Agama_Islam_dan_Budi_Pekerti_untuk_SD_Kelas_IV.png', NULL, 2, 4, NULL, 0, 1, '2024-07-05', NULL),
(702, 'Buku Panduan Guru Pendidikan Agama Katolik dan Budi Pekerti untuk SD Kelas IV', NULL, '978-602-244-406-0', 17, '2021', 1, 'Buku_Panduan_Guru_Pendidikan_Agama_Katolik_dan_Budi_Pekerti_untuk_SD_Kelas_IV.png', NULL, 2, 4, NULL, 0, 1, '2024-07-05', NULL),
(703, 'Buku Panduan Guru Pendidikan Agama Khonghucu dan Budi Pekerti Untuk SD Kelas IV', NULL, '978-602-244-483-1', 17, '2021', 1, 'Buku_Panduan_Guru_Pendidikan_Agama_Khonghucu_dan_Budi_Pekerti_untuk_SD_Kelas_IV.png', NULL, 2, 4, NULL, 0, 1, '2024-07-05', NULL),
(704, 'Buku Panduan Guru Pendidikan Jasmani, Olahraga, dan Kesehatan Untuk SD/MI Kelas IV', NULL, '978-602-244-878-5', 2, '2022', 1, 'Buku_Panduan_Guru_Pendidikan_Jasmani,_Olahraga,_dan_Kesehatan_untuk_SDMI_Kelas_IV.png', NULL, 2, 4, NULL, 0, 1, '2024-07-05', NULL),
(705, 'Buku Panduan Guru Pendidikan Kepercayaan Terhadap Tuhan Yang Maha Esan Budi Pekerti Untuk SD/MI Kelas IV', NULL, '978-602-244-396-4', 17, '2021', 1, 'Buku_Panduan_Guru_Pendidikan_Kepercayaan_Terhadap_Tuhan_Yang_Maha_Esa_dan_Budi_Pekerti_untuk_SD_Kelas_IV.png', NULL, 2, 4, NULL, 0, 1, '2024-07-05', NULL),
(706, 'Batu Golog : Cerita Rakyat untuk Pendidikan Dasar', NULL, '978-602-53678-8-5', 22, '2017', 2, 'cover_default.jpg', NULL, 1, NULL, NULL, 0, 1, '2024-10-16', NULL),
(707, 'Buku Panduan Guru Seni Tari untuk SD Kelas IV', NULL, '978-602-244-451-0', 17, '2021', 1, 'Buku_Panduan_Guru_Seni_Tari_untuk_SD_Kelas_IV.png', NULL, 2, 4, NULL, 0, 1, '2024-07-05', NULL),
(708, 'Aku Sayang Ayah', NULL, '978-602-437-743-4', 25, '2019', 2, 'Aku Sayang Ayah.jpg', NULL, 1, NULL, NULL, 0, 1, '2024-10-16', NULL),
(709, 'Matematika untuk SD/MI Kelas IV', NULL, '978-602-244-876-1', 2, '2022', 1, 'Matematika_untuk_SDMI_Kelas_IV.png', NULL, 2, 4, NULL, 0, 1, '2024-07-05', NULL),
(710, 'Panduan Guru Pendidikan Pancasila untuk SD/MI Kelas IV', NULL, '978-623-194-642-3', 11, '2021', 1, 'Panduan_Guru_Pendidikan_Pancasila_untuk_SDMI_Kelas_IV.png', NULL, 2, 4, NULL, 0, 1, '2024-07-05', NULL),
(711, 'Pendidikan Agama Hindu dan Budi Pekerti untuk SD Kelas IV', NULL, '978-602-244-389-6', 17, '2021', 1, 'Pendidikan_Agama_Hindu_dan_Budi_Pekerti_untuk_SD_Kelas_IV.png', NULL, 2, 4, NULL, 0, 1, '2024-07-05', NULL),
(712, 'Pendidikan Agama Islam dan Budi Pekerti untuk SD Kelas IV', NULL, '978-602-244-423-7', 12, '2021', 1, 'Pendidikan_Agama_Islam_dan_Budi_Pekerti_untuk_SD_Kelas_IV.png', NULL, 2, 4, NULL, 0, 1, '2024-07-05', NULL),
(713, 'Pendidikan Agama Katolik dan Budi Pekerti untuk SD Kelas IV', NULL, '978-602-244-404-6', 17, '2021', 1, 'Pendidikan_Agama_Katolik_dan_Budi_Pekerti_untuk_SD_Kelas_IV.png', NULL, 2, 4, NULL, 0, 1, '2024-07-05', NULL),
(714, 'Pendidikan Kepercayaan Terhadap Tuhan Yang Maha Esa dan Budi Pekerti Untuk SD/MI Kelas IV', NULL, '978-602-244-394-0', 17, '2021', 1, 'Pendidikan_Kepercayaan_Terhadap_Tuhan_Yang_Maha_Esa_dan_Budi_Pekerti_untuk_SD_Kelas_IV.png', NULL, 2, 4, NULL, 0, 1, '2024-07-05', NULL),
(715, 'Pendidikan Pancasila untuk SD/MI Kelas IV', NULL, '978-623-194-628-7', 11, '2023', 1, 'Pendidikan_Pancasila_untuk_SDMI_Kelas_IV.png', NULL, 2, 4, NULL, 0, 1, '2024-07-05', NULL),
(716, 'DINA BISA CERITA', NULL, '978-602-437-878-3', 25, '2019', 2, 'cover_default.jpg', NULL, 1, NULL, NULL, 0, 1, '2024-10-16', NULL),
(717, 'Buku Panduan Guru Matematika untuk SD/MI Kelas V', NULL, '978-602-244-874-7', 11, '2022', 1, 'Buku_Panduan_Guru_Matematika_untuk_SDMI_Kelas_V.png', NULL, 2, 5, NULL, 0, 1, '2024-07-05', NULL),
(718, 'Pendidikan Agama Hindu Dan Budi pekerti Kelas I', NULL, '978-602-282-836-5', 6, '2013', 1, 'Pendidikan_Agama_Hindu_Dan_Budi_pekerti_Kelas_I.png', NULL, 2, 1, NULL, 0, 2, '2024-07-05', NULL),
(719, 'Pendidikan Agama Islam Dan Budi pekerti Kelas I', NULL, '978-602-282-794-8', 6, '2013', 1, 'Pendidikan_Agama_Islam_Dan_Budi_pekerti_Kelas_I.png', NULL, 2, 1, NULL, 0, 2, '2024-07-05', NULL),
(720, 'Pendidikan Agama Katolik Dan Budi Pekerti Kelas I', NULL, '978-602-282-822-8', 6, '2013', 1, 'Pendidikan_Agama_Katolik_Dan_Budi_Pekerti_Kelas_I.png', NULL, 2, 1, NULL, 0, 2, '2024-07-05', NULL),
(721, 'Pendidikan Agama Khonghucu Dan Budi Pekerti Kelas I', NULL, '978-602-282-864-8', 6, '2013', 1, 'Pendidikan_Agama_Khonghucu_Dan_Budi_Pekerti_Kelas_I.png', NULL, 2, 1, NULL, 0, 2, '2024-07-05', NULL),
(722, 'Pendidikan Agama Kristen Dan Budi Pekerti Kelas I', NULL, '978-602-282-808-2', 6, '2013', 1, 'Pendidikan_Agama_Kristen_Dan_Budi_Pekerti_Kelas_I.png', NULL, 2, 1, NULL, 0, 2, '2024-07-05', NULL),
(723, 'Bola Diamlah!', NULL, '978-602-437-762-5', 25, '2019', 2, 'Bola Diamlah.png', NULL, 7, NULL, NULL, 0, 1, '2024-10-16', NULL),
(724, 'Buku Guru Pendidikan Agama Katolik dan Budi Pekerti Kelas II', NULL, '978-602-282-217-2', 6, '2013', 1, 'Buku_Guru_Pendidikan_Agama_Katolik_dan_Budi_Pekerti_Kelas_II.png', NULL, 2, 2, NULL, 0, 1, '2024-07-05', NULL),
(725, 'Buku Guru Pendidikan Agama Khonghucu dan Budi Pekerti Kelas II', NULL, '978-602-282-259-2', 6, '2013', 1, 'Buku_Guru_Pendidikan_Agama_Khonghucu_dan_Budi_Pekerti_Kelas_II.png', NULL, 2, 2, NULL, 0, 1, '2024-07-05', NULL),
(726, 'Buku Guru Pendidikan Agama Kristen dan Budi Pekerti Kelas I', NULL, '978-602-282-196-0', 6, '2013', 1, 'Buku_Guru_Pendidikan_Agama_Kristen_dan_Budi_Pekerti_Kelas_II.png', NULL, 2, 1, NULL, 0, 1, '2024-07-05', NULL),
(727, 'Buku Guru Tema 1 kelas II Hidup Rukun', NULL, '978-602-427-164-0', 6, '2013', 1, 'Kelas_II_tema_1_Hidup_Rukun.png', NULL, 2, 2, NULL, 0, 1, '2024-07-05', NULL),
(728, 'Buku Guru Tema 2 kelas II Bermain di Lingkunganku', NULL, '978-602-427-166-4', 6, '2013', 1, 'Buku_Guru_Tema_2_kelas_II_Bermain_di_Lingkunganku.png', NULL, 2, 2, NULL, 0, 1, '2024-07-05', NULL),
(729, 'Buku Guru Tema 3 kelas II Tugasku Sehari-hari', NULL, '978-602-427-168-8', 6, '2013', 1, 'Buku_Guru_Tema_3_kelas_II_Tugasku_Sehari-hari.png', NULL, 2, 2, NULL, 0, 1, '2024-07-05', NULL),
(730, 'Buku Guru Tema 4 kelas II Hidup Bersih dan Sehat', NULL, '978-602-427-172-5', 6, '2013', 1, 'Buku_Guru_Tema_4_kelas_II_Hidup_Bersih_dan_Sehat.png', NULL, 2, 2, NULL, 0, 1, '2024-07-05', NULL),
(731, 'Buku Guru Tema 5 kelas II Pengalamanku', NULL, '978-602-427-170-1', 6, '2013', 1, 'Buku_Guru_Tema_5_kelas_II_Pengalamanku.png', NULL, 2, 2, NULL, 0, 1, '2024-07-05', NULL),
(732, 'Buku Guru Tema 6 kelas II Merawat Hewan dan Tumbuhan', NULL, '978-602-427-176-3', 6, '2013', 1, 'Buku_Guru_Tema_6_kelas_II_Merawat_Hewan_dan_Tumbuhan.png', NULL, 2, 2, NULL, 0, 1, '2024-07-05', NULL),
(733, 'Buku Panduan Guru Matematika untuk Sekolah Dasar Kelas V – Volume 1', NULL, '978-602-244-531-9', 2, '2021', 1, 'Buku_Panduan_Guru_Matematika_untuk_Sekolah_Dasar_Kelas_V_–_Volume_1.png', NULL, 2, 5, NULL, 0, 1, '2024-07-05', NULL),
(734, 'Buku Guru Tema 7 Kelas II Kebersamaan', NULL, '978-602-427-174-9', 6, '2013', 1, 'Buku_Guru_Tema_7_Kelas_II_Kebersamaan.png', NULL, 2, 2, NULL, 0, 1, '2024-07-05', NULL),
(735, 'Buku Guru Tema 8 Kelas II keselamatan di rumah dan Perjalanan', NULL, '978-602-427-178-7', 6, '2013', 1, 'Buku_Guru_Tema_8_Kelas_II_keselamatan_di_rumah_dan_Perjalanan.png', NULL, 2, 2, NULL, 0, 1, '2024-07-05', NULL),
(736, 'Kelas II tema 1 Hidup Rukun', NULL, '978-602-282-999-7', 6, '2013', 1, 'Kelas_II_tema_1_Hidup_Rukun.png', NULL, 2, 2, NULL, 0, 1, '2024-07-05', NULL),
(737, 'Kelas II tema 2 Bermain Di Lingkunganku', NULL, '978-602-427-165-7', 6, '2013', 1, 'Kelas_II_tema_2_Bermain_Di_Lingkunganku.png', NULL, 2, 2, NULL, 0, 2, '2024-07-05', NULL),
(738, 'Kelas II tema 3 Tugasku Sehari Hari', NULL, '978-602-427-167-1', 6, '2013', 1, 'Kelas_II_tema_3_Tugasku_Sehari_Hari.png', NULL, 2, 2, NULL, 0, 1, '2024-07-05', NULL),
(739, 'Kelas II tema 4 Hidup Bersih Dan Sehat', NULL, '978-602-427-171-8', 6, '2013', 1, 'Kelas_II_tema_4_Hidup_Bersih_Dan_Sehat.png', NULL, 2, 2, NULL, 0, 2, '2024-07-05', NULL),
(740, 'Kelas II tema 5 pengalamanku', NULL, '978-602-427-169-5', 6, '2013', 1, 'Kelas_II_tema_5_pengalamanku.png', NULL, 2, 2, NULL, 0, 2, '2024-07-05', NULL),
(741, 'Kelas II tema 6 merawat Hewan Dan Tumbuhan', NULL, '978-602-427-175-6', 6, '2013', 1, 'Buku_Guru_Tema_6_kelas_II_Merawat_Hewan_dan_Tumbuhan.png', NULL, 2, 2, NULL, 0, 1, '2024-07-05', NULL),
(742, 'Buku Panduan Guru Matematika untuk Sekolah Dasar Kelas V – Volume 2', NULL, '978-602-244-531-9', 2, '2021', 1, 'Buku_Panduan_Guru_Matematika_untuk_Sekolah_Dasar_Kelas_V_–_Volume_2.png', NULL, 2, 5, NULL, 0, 1, '2024-07-05', NULL),
(743, 'Kelas II tema 7 Kebersamaan', NULL, '978-602-427-173-2', 6, '2013', 1, 'Buku_Guru_Tema_7_Kelas_II_Kebersamaan.png', NULL, 2, 2, NULL, 0, 1, '2024-07-05', NULL),
(744, 'Kelas II tema 8 Keselamatan Di Rumah Dan di Perjalanan', NULL, '978-602-427-177-0', 6, '2013', 1, 'Kelas_II_tema_8_Keselamatan_Di_Rumah_Dan_di_Perjalanan.png', NULL, 2, 2, NULL, 0, 2, '2024-07-05', NULL),
(745, 'Pendidikan Agama Hindu Dan Budi Pekerti Kelas II', NULL, '978-602-282-224-0', 6, '2013', 1, 'Pendidikan_Agama_Hindu_Dan_Budi_Pekerti_Kelas_II.png', NULL, 2, 2, NULL, 0, 1, '2024-07-05', NULL),
(746, 'Pendidikan Agama Islam dan Budi Pekerti Kelas II', NULL, '978-602-282-182-3', 6, '2013', 1, 'Pendidikan_Agama_Islam_dan_Budi_Pekerti_Kelas_II.png', NULL, 2, 2, NULL, 0, 1, '2024-07-05', NULL),
(747, 'Buku Panduan Guru Pendidikan Agama Buddha dan Budi Pekerti untuk SD Kelas V', NULL, '978-602-244-486-2', 2, '2021', 1, 'Buku_Panduan_Guru_Pendidikan_Agama_Khonghucu_dan_Budi_Pekerti_untuk_SD_Kelas_V.png', NULL, 2, 5, NULL, 0, 1, '2024-07-05', NULL),
(748, 'Pendidikan Agama Katolik Dan Budi Pekerti Kelas II', NULL, '978-602-282-210-3', 6, '2013', 1, 'Pendidikan_Agama_Katolik_Dan_Budi_Pekerti_Kelas_II.png', NULL, 2, 2, NULL, 0, 2, '2024-07-05', NULL),
(749, 'Pendidikan Agama Khonghucu Dan Budi Pekerti Kelas II', NULL, '978-602-282-252-3', 6, '2013', 1, 'Pendidikan_Agama_Khonghucu_Dan_Budi_Pekerti_Kelas_II.png', NULL, 2, 2, NULL, 0, 2, '2024-07-05', NULL),
(750, 'Pendidikan Agama Kristen Dan Budi Pekerti Kelas II', NULL, '978-602-282-196-0', 6, '2013', 1, 'Pendidikan_Agama_Kristen_Dan_Budi_Pekerti_Kelas_II.png', NULL, 2, 2, NULL, 0, 1, '2024-07-05', NULL),
(751, 'Buku Panduan Guru Pendidikan Agama Islam dan Budi Pekerti untuk SD Kelas V', NULL, '978-602-244-544-9', 2, '2021', 1, 'Buku_Panduan_Guru_Pendidikan_Agama_Islam_dan_Budi_Pekerti_untuk_SD_Kelas_V.png', NULL, 2, 5, NULL, 0, 1, '2024-07-05', NULL),
(752, 'Buku Guru Pendidikan Agama Hindu dan Budi Pekerti Kelas III', NULL, '978-602-282-231-8', 6, '2013', 1, 'Buku_Guru_Pendidikan_Agama_Hindu_dan_Budi_Pekerti_Kelas_III.png', NULL, 2, 3, NULL, 0, 1, '2024-07-05', NULL),
(753, 'Buku Guru Pendidikan Agama Islam dan Budi Pekerti Kelas III', NULL, '978-602-282-189-2', 6, '2013', 1, 'Buku_Guru_Pendidikan_Agama_Islam_dan_Budi_Pekerti_Kelas_III.png', NULL, 2, 3, NULL, 0, 2, '2024-07-05', NULL),
(754, 'Buku Guru Pendidikan Agama Katolik dan Budi Pekerti Kelas III', NULL, '978-602-282-217-2', 6, '2013', 1, 'Buku_Guru_Pendidikan_Agama_Katolik_dan_Budi_Pekerti_Kelas_III.png', NULL, 2, 3, NULL, 0, 1, '2024-07-05', NULL),
(755, 'Buku Panduan Guru Pendidikan Agama Khonghucu dan Budi Pekerti Untuk SD Kelas V', NULL, '978-602-244-483-1', 2, '2021', 1, 'Buku_Panduan_Guru_Pendidikan_Agama_Khonghucu_dan_Budi_Pekerti_untuk_SD_Kelas_V.png', NULL, 2, 5, NULL, 0, 1, '2024-07-05', NULL),
(756, 'Buku Guru Pendidikan agama Khonghucu Dan Budi Pekerti Kelas III', NULL, '978-602-282-259-2', 6, '2013', 1, 'Buku_Guru_Pendidikan_agama_Khonghucu_Dan_Budi_Pekerti_Kelas_III.png', NULL, 2, 3, NULL, 0, 1, '2024-07-05', NULL),
(757, 'Buku Panduan Guru Pendidikan Agama Kristen dan Budi Pekerti untuk SD Kelas V', NULL, '978-602-244-462-6', 2, '2021', 1, 'Buku_Panduan_Guru_Pendidikan_Agama_Kristen_dan_Budi_Pekerti_untuk_SD_Kelas_V.png', NULL, 2, 5, NULL, 0, 1, '2024-07-05', NULL),
(758, 'Buku Panduan Guru Pendidikan Jasmani, Olahraga, dan Kesehatan untuk SD Kelas V', NULL, '978-602-244-518-0', 17, '2021', 1, 'Buku_Panduan_Guru_Pendidikan_Jasmani,_Olahraga,_dan_Kesehatan_untuk_SDMI_Kelas_V.png', NULL, 2, 5, NULL, 0, 1, '2024-07-05', NULL),
(759, 'Dua Potong Gorengan', NULL, '978-602-437-843-1', 25, '2019', 2, 'cover_default.jpg', NULL, 1, NULL, NULL, 0, 1, '2024-10-16', NULL),
(760, 'Buku Guru Pendidikan agama Kristen Dan Budi Pekerti Kelas III', NULL, '978-602-282-203-5', 6, '2013', 1, 'Buku_Guru_Pendidikan_agama_Kristen_Dan_Budi_Pekerti_Kelas_III.png', NULL, 2, 3, NULL, 0, 1, '2024-07-05', NULL),
(761, 'Buku Panduan Guru Seni Teater untuk SD Kelas V', NULL, '978-602-244-338-4', 16, '2021', 1, 'Buku_Panduan_Guru_Seni_Teater_untuk_SD_Kelas_V.png', NULL, 2, 5, NULL, 0, 1, '2024-07-05', NULL),
(762, 'Matematika untuk SD/MI Kelas V', NULL, '978-602-244-876-1', 11, '2022', 1, 'Matematika_untuk_SDMI_Kelas_V.png', NULL, 2, 5, NULL, 0, 1, '2024-07-05', NULL),
(763, 'Panduan Guru Pendidikan Pancasila untuk SD/MI Kelas V', NULL, '978-623-194-642-3', 11, '2021', 1, 'Panduan_Guru_Pendidikan_Pancasila_untuk_SDMI_Kelas_V.png', NULL, 2, 5, NULL, 0, 1, '2024-07-05', NULL),
(764, 'Pendidikan Agama Katolik dan Budi Pekerti untuk SD Kelas V', NULL, '978-602-244-413-8', 2, '2021', 1, 'Pendidikan_Agama_Katolik_dan_Budi_Pekerti_untuk_SD_Kelas_V.png', NULL, 2, 5, NULL, 0, 1, '2024-07-05', NULL),
(765, 'Pendidikan Agama Kristen dan Budi Pekerti untuk SD Kelas V', NULL, '978-602-244-460-2', 2, '2021', 1, 'Pendidikan_Agama_Kristen_dan_Budi_Pekerti_untuk_SD_Kelas_V.png', NULL, 2, 5, NULL, 0, 1, '2024-07-05', NULL),
(766, 'Pendidikan Kepercayaan Terhadap Tuhan Yang Maha Esa dan Budi Pekerti Untuk SD Kelas V', NULL, '978-602-244-344-5', 2, '2021', 1, 'Pendidikan_Kepercayaan_Terhadap_Tuhan_Yang_Maha_Esa_dan_Budi_Pekerti_untuk_SD_Kelas_V.png', NULL, 2, 5, NULL, 0, 1, '2024-07-05', NULL),
(767, 'Pendidikan Pancasila untuk SD/MI Kelas V', NULL, '978-623-194-628-7', 11, '2023', 1, 'Pendidikan_Pancasila_untuk_SDMI_Kelas_V.png', NULL, 2, 5, NULL, 0, 1, '2024-07-05', NULL),
(768, 'Es Pelangi', NULL, '978-602-437-736-6', 25, '2019', 2, 'Es Pelangi.png', NULL, 1, NULL, NULL, 0, 1, '2024-10-16', NULL),
(769, 'Buku Panduan Guru Pendidikan Agama Buddha dan Budi Pekerti untuk SD Kelas VI', NULL, '978-602-244-486-2', 2, '2022', 1, 'Buku_Panduan_Guru_Pendidikan_Agama_Buddha_dan_Budi_Pekerti_untuk_SD_Kelas_VI.png', NULL, 2, 6, NULL, 0, 1, '2024-07-05', NULL),
(770, 'Buku Panduan Guru Pendidikan Agama Islam dan Budi Pekerti untuk SD Kelas VI', NULL, '978-602-244-544-9', 2, '2022', 1, 'Buku_Panduan_Guru_Pendidikan_Agama_Islam_dan_Budi_Pekerti_untuk_SDMI_Kelas_VI.png', NULL, 2, 6, NULL, 0, 1, '2024-07-05', NULL),
(771, 'Buku Panduan Guru Pendidikan Agama Katolik dan Budi Pekerti untuk SD Kelas VI', NULL, '978-602-244-415-2', 2, '2022', 1, 'Buku_Panduan_Guru_Pendidikan_Agama_Katolik_dan_Budi_Pekerti_untuk_SD_Kelas_VI.png', NULL, 2, 6, NULL, 0, 1, '2024-07-05', NULL),
(772, 'Buku Panduan Guru Seni Musik untuk SD/MI Kelas VI', NULL, '978-602-244-352-0', 2, '2022', 1, 'Buku_Panduan_Guru_Seni_Musik_untuk_SDMI_Kelas_VI.png', NULL, 2, 6, NULL, 0, 1, '2024-07-05', NULL),
(773, 'Panduan Guru Pendidikan Pancasila untuk SDMI Kelas VI', NULL, '978-623-194-642-3', 11, '2023', 1, 'Panduan_Guru_Pendidikan_Pancasila_untuk_SDMI_Kelas_VI.png', NULL, 2, 6, NULL, 0, 1, '2024-07-05', NULL),
(774, 'Pendidikan Agama Islam dan Budi Pekerti untuk SD/MI Kelas VI', NULL, '978-602-244-423-7', 2, '2022', 1, 'Pendidikan_Agama_Islam_dan_Budi_Pekerti_untuk_SDMI_Kelas_VI.png', NULL, 2, 6, NULL, 0, 1, '2024-07-05', NULL),
(775, 'Buku Guru Tema 1 kelas III Pertumbuhan dan Perkembiakan Makhluk Hidup', NULL, '978-602-427-180-0', 6, '2015', 1, 'Buku_Guru_Tema_1_kelas_III_Pertumbuhan_dan_Perkembiakan_Makhluk_Hidup.png', NULL, 2, 3, NULL, 0, 1, '2024-07-05', NULL),
(776, 'Buku Guru Tema 3 kelas III Benda di Sekitarku', NULL, '978-602-427-194-7', 6, '2013', 1, 'Buku_Guru_Tema_3_kelas_III_Benda_di_Sekitarku.png', NULL, 2, 3, NULL, 0, 1, '2024-07-05', NULL),
(777, 'Buku Guru Tema 4 kelas III Kewajiban dan Hakku', NULL, '978-602-427-186-2', 6, '2013', 1, 'Buku_Guru_Tema_4_kelas_III_Kewajiban_dan_Hakku.png', NULL, 2, 3, NULL, 0, 1, '2024-07-05', NULL),
(778, 'Buku Guru Tema 5 Kelas III Cuaca', NULL, '978-602-427-184-8', 6, '2013', 1, 'Buku_Guru_Tema_5_Kelas_III_Cuaca.png', NULL, 2, 3, NULL, 0, 2, '2024-07-05', NULL),
(779, 'Buku Guru Tema 6 Kelas III Energi dan Perubahanya', NULL, '978-602-427-192-3', 6, '2013', 1, 'Buku_Guru_Tema_6_Kelas_III_Energi_dan_Perubahanya.png', NULL, 2, 3, NULL, 0, 1, '2024-07-05', NULL),
(780, 'Buku Guru Tema 7 Kelas III Perkembangan Teknologi', NULL, '978-602-427-182-4', 6, '2015', 1, 'Buku_Guru_Tema_7_Kelas_III_Perkembangan_Teknologi.png', NULL, 2, 3, NULL, 0, 1, '2024-07-05', NULL),
(781, 'Buku Guru Tema 8 Kelas III Praja muda karana', NULL, '978-602-427-188-6', 6, '2013', 1, 'Kelas_III_tema_8_Praja_Muda_Karana.png', NULL, 2, 3, NULL, 0, 1, '2024-07-05', NULL),
(782, 'Kelas III tema 1 Pertumbuhan Dan Perkembangan Mahluk Hidup', NULL, '978-602-427-179-4', 6, '2015', 1, 'Kelas_III_tema_1_Pertumbuhan_Dan_Perkembangan_Mahluk_Hidup.png', NULL, 2, 3, NULL, 0, 2, '2024-07-05', NULL),
(783, 'Kelas III tema 2 Menyanyangi Hewan Dan Tumbuhan', NULL, '978-602-427-179-4', 6, '2015', 1, 'Kelas_III_tema_1_Pertumbuhan_Dan_Perkembangan_Mahluk_Hidup.png', NULL, 2, 3, NULL, 0, 2, '2024-07-05', NULL),
(784, 'Kelas III tema 3 Benda Disekitarku', NULL, '978-602-427-193-0', 6, '2015', 1, 'Buku_Guru_Tema_3_kelas_III_Benda_di_Sekitarku.png', NULL, 2, 3, NULL, 0, 1, '2024-07-05', NULL),
(785, 'Kelas III tema 4 Kewajiban Dan Hak ku', NULL, '978-602-427-185-5', 6, '2013', 1, 'Kelas_III_tema_4_Kewajiban_Dan_Hak_ku.png', NULL, 2, 3, NULL, 0, 2, '2024-07-05', NULL),
(786, 'Kelas III tema 5 Cuaca', NULL, '978-602-427-183-1', 6, '2015', 1, 'Kelas_III_tema_5_Cuaca.png', NULL, 2, 3, NULL, 0, 2, '2024-07-05', NULL),
(787, 'Kelas III tema 6 Energi Dan Perubahanya', NULL, '978-602-427-191-6', 6, '2015', 1, 'Kelas_III_tema_6_Energi_Dan_Perubahanya.png', NULL, 2, 3, NULL, 0, 2, '2024-07-05', NULL),
(788, 'Kelas III tema 7 Perkembangan Teknologi', NULL, '978-602-427-181-7', 6, '2015', 1, 'Kelas_III_tema_7_Perkembangan_Teknologi.png', NULL, 2, 3, NULL, 0, 2, '2024-07-05', NULL),
(789, 'Kelas III tema 8 Praja Muda Karana', NULL, '978-602-427-187-9', 6, '2015', 1, 'Buku_Guru_Tema_8_Kelas_III_Praja_muda_karana.png', NULL, 2, 3, NULL, 0, 1, '2024-07-05', NULL),
(790, 'Pendidikan Agama Hindu Dan Budi Pekerti Kelas III', NULL, '978-602-282-227-1', 6, '2014', 1, 'Pendidikan_Agama_Hindu_Dan_Budi_Pekerti_Kelas_III.png', NULL, 2, 3, NULL, 0, 1, '2024-07-05', NULL),
(791, 'Pendidikan Agama Islam Dan Budi Pekerti Kelas III', NULL, '978-602-282-185-4', 6, '2015', 1, 'Pendidikan_Agama_Islam_Dan_Budi_Pekerti_Kelas_III.png', NULL, 2, 3, NULL, 0, 2, '2024-07-05', NULL),
(792, 'Buku Guru Kelas IV Tema 1 Indahnya Kebersamaan', NULL, '978-602-282-895-2', 6, '2013', 1, 'Buku_Guru_Kelas_IV_Tema_1_Indahnya_Kebersamaan.png', NULL, 2, 4, NULL, 0, 1, '2024-07-05', NULL),
(793, 'Pendidikan Agama Khonghucu Dan Budi Pekerti Kelas III', NULL, '978-602-282-252-3', 6, '2015', 1, 'Pendidikan_Agama_Khonghucu_Dan_Budi_Pekerti_Kelas_III.png', NULL, 2, 3, NULL, 0, 1, '2024-07-05', NULL),
(794, 'Pendidikan Agama Kristen Dan Budi Pekerti Kelas III', NULL, '978-979-282-196-0', 6, '2015', 1, 'Pendidikan_Agama_Kristen_Dan_Budi_Pekerti_Kelas_III.png', NULL, 2, 3, NULL, 0, 1, '2024-07-05', NULL),
(795, 'Buku Guru Kelas IV Tema 2 Selalu Berhemat Energi', NULL, '978-602-282-897-6', 6, '2013', 1, 'Buku_Guru_Kelas_IV_Tema_2_Selalu_Berhemat_Energi.png', NULL, 2, 4, NULL, 0, 1, '2024-07-05', NULL),
(796, 'Buku Guru Kelas IV Tema 3 Peduli Terhadap Makhluk Hidup', NULL, '978-602-282-899-0', 6, '2013', 1, 'Buku_Guru_Kelas_IV_Tema_4_Berbagai_Pekerjaan.png', NULL, 2, 4, NULL, 0, 1, '2024-07-05', NULL),
(797, 'Buku Guru Kelas IV Tema 4 Berbagai Pekerjaan', NULL, '978-602-282-901-0', 6, '2013', 1, 'Buku_Guru_Kelas_IV_Tema_4_Berbagai_Pekerjaan.png', NULL, 2, 4, NULL, 0, 1, '2024-07-05', NULL),
(798, 'Buku Guru Kelas IV Tema 5 pahlawanku', NULL, '978-602-282-903-4', 6, '2013', 1, 'Buku_Guru_Kelas_IV_Tema_5_pahlawanku.png', NULL, 2, 4, NULL, 0, 1, '2024-07-05', NULL),
(799, 'Buku Guru Kelas IV Tema 6 cita-citaku', NULL, '978-602-282-907-2', 6, '2013', 1, 'Buku_Guru_Kelas_IV_Tema_6_cita-citaku.png', NULL, 2, 4, NULL, 0, 1, '2024-07-05', NULL),
(800, 'Buku Guru Kelas IV Tema 7 indahnya keragaman di negeriku', NULL, '978-602-282-905-8', 6, '2013', 1, 'Buku_Guru_Kelas_IV_Tema_7_indahnya_keragaman_di_negeriku.png', NULL, 2, 4, NULL, 0, 1, '2024-07-05', NULL),
(801, 'Buku Guru Kelas IV Tema 8 Daerah tempat tinggalku', NULL, '978-602-282-909-6', 6, '2013', 1, 'Buku_Guru_Kelas_IV_Tema_8_Daerah_tempat_tinggalku.png', NULL, 2, 4, NULL, 0, 1, '2024-07-05', NULL),
(802, 'Buku Guru Kelas IV Tema 9 Kayanya Negeriku', NULL, '978-602-282-911-9', 6, '2013', 1, 'Buku_Guru_Kelas_IV_Tema_9_Kayanya_Negeriku.png', NULL, 2, 4, NULL, 0, 1, '2024-07-05', NULL),
(803, 'Buku Guru Pendidikan Agama Hindu dan Budi Pekerti Kelas IV', NULL, '978-602-282-843-3', 6, '2013', 1, 'Buku_Guru_Pendidikan_Agama_Hindu_dan_Budi_Pekerti_Kelas_IV.png', NULL, 2, 4, NULL, 0, 2, '2024-07-05', NULL),
(804, 'Buku Guru Pendidikan agama Islam Dan Budi Pekerti Kelas IV', NULL, '978-602-282-801-3', 6, '2013', 1, 'Buku_Guru_Pendidikan_agama_Islam_Dan_Budi_Pekerti_Kelas_IV.png', NULL, 2, 4, NULL, 0, 1, '2024-07-05', NULL),
(805, 'Buku Guru Pendidikan Agama Katolik dan Budi Pekerti Kelas IV', NULL, '978-602-282-829-7', 6, '2013', 1, 'Buku_Guru_Pendidikan_Agama_Katolik_dan_Budi_Pekerti_Kelas_IV.png', NULL, 2, 4, NULL, 0, 1, '2024-07-05', NULL),
(806, 'Buku Guru Pendidikan Agama Khonghucu dan Budi Pekerti Kelas IV', NULL, '978-602-282-871-6', 6, '2013', 1, 'Buku_Guru_Pendidikan_Agama_Khonghucu_dan_Budi_Pekerti_Kelas_IV.png', NULL, 2, 4, NULL, 0, 1, '2024-07-05', NULL),
(807, 'Buku Guru Pendidikan Agama Kristen dan Budi Pekerti Kelas IV', NULL, '978-602-282-815-0', 6, '2013', 1, 'Buku_Guru_Pendidikan_Agama_Kristen_dan_Budi_Pekerti_Kelas_IV.png', NULL, 2, 4, NULL, 0, 1, '2024-07-05', NULL),
(808, 'Kelas IV tema 1 Indahnya Kebersamaan', NULL, '978-602-282-894-5', 6, '2013', 1, 'Kelas_IV_tema_1_Indahnya_Kebersamaan.png', NULL, 2, 4, NULL, 0, 2, '2024-07-05', NULL),
(809, 'Kelas IV tema 2 Selalu Berhemat Energi', NULL, '978-602-282-896-9', 6, '2013', 1, 'Kelas_IV_tema_2_Selalu_Berhemat_Energi.png', NULL, 2, 4, NULL, 0, 1, '2024-07-05', NULL),
(810, 'Kelas IV tema 3 Peduli Terhadap Mahluk Hidup', NULL, '978-602-282-898-3', 6, '2013', 1, 'Kelas_IV_tema_3_Peduli_Terhadap_Mahluk_Hidup.png', NULL, 2, 4, NULL, 0, 1, '2024-07-05', NULL),
(811, 'Kelas IV tema 4 Berbagai Pekerjaan', NULL, '978-602-282-900-3', 6, '2013', 1, 'Kelas_IV_tema_4_Berbagai_Pekerjaan.png', NULL, 2, 4, NULL, 0, 1, '2024-07-05', NULL),
(812, 'Kelas IV tema 5 Pahlawanku', NULL, '978-602-282-902-7', 6, '2013', 1, 'Buku_Guru_Kelas_IV_Tema_5_pahlawanku.png', NULL, 2, 4, NULL, 0, 2, '2024-07-05', NULL),
(813, 'Kelas IV tema 6 Cita-Citaku', NULL, '978-602-282-906-5', 6, '2013', 1, 'Kelas_IV_tema_6_Cita-Citaku.png', NULL, 2, 4, NULL, 0, 1, '2024-07-05', NULL),
(814, 'Kelas IV tema 7 Indah Keragaman', NULL, '978-602-282-904-1', 6, '2013', 1, 'Kelas_IV_tema_7_Indah_Keragaman.png', NULL, 2, 4, NULL, 0, 1, '2024-07-05', NULL),
(815, 'Kelas IV tema 8 Daerah Tempat Tinggal', NULL, '978-602-282-908-9', 6, '2013', 1, 'Kelas_IV_tema_8_Daerah_Tempat_Tinggal.png', NULL, 2, 4, NULL, 0, 1, '2024-07-05', NULL),
(816, 'Pendidikan Agama Hindu Dan Budi Pekerti Kelas IV', NULL, '978-602-282-836-5', 6, '2013', 1, 'Pendidikan_Agama_Hindu_Dan_Budi_Pekerti_Kelas_IV.png', NULL, 2, 4, NULL, 0, 2, '2024-07-05', NULL),
(817, 'Pendidikan Agama Islam Dan Budi Pekerti Kelas IV', NULL, '978-602-282-794-8', 6, '2013', 1, 'Pendidikan_Agama_Islam_Dan_Budi_Pekerti_Kelas_IV.png', NULL, 2, 4, NULL, 0, 1, '2024-07-05', NULL),
(818, 'Pendidikan Agama Katolik Dan Budi Pekerti Kelas IV', NULL, '978-602-282-822-8', 6, '2013', 1, 'Pendidikan_Agama_Katolik_Dan_Budi_Pekerti_Kelas_IV.png', NULL, 2, 4, NULL, 0, 1, '2024-07-05', NULL),
(819, 'Pendidikan Agama Khonghucu Dan Budi Pekerti Kelas IV', NULL, '978-602-282-864-8', 6, '2013', 1, 'Pendidikan_Agama_Khonghucu_Dan_Budi_Pekerti_Kelas_IV.png', NULL, 2, 4, NULL, 0, 2, '2024-07-05', NULL),
(820, 'Pendidikan Agama Kristen Dan Budi Pekerti Kelas IV', NULL, '978-602-282-808-2', 25, '2013', 1, 'Pendidikan_Agama_Kristen_Dan_Budi_Pekerti_Kelas_IV.png', NULL, 2, 4, NULL, 0, 2, '2024-07-05', NULL),
(821, 'Buku Guru Kelas V Tema 1 Organ Gerak Manusia dan Hewan', NULL, '978-602-427-205-0', 25, '2013', 1, 'Buku_Guru_Kelas_V_Tema_1_Organ_Gerak_Manusia_dan_Hewan.png', NULL, 2, 5, NULL, 0, 1, '2024-07-05', NULL),
(822, 'Buku Guru Kelas V Tema 2 Udara Bersih Bagi Kesehatan', NULL, '978-602-427-207-4', 25, '2014', 1, 'Buku_Guru_Kelas_V_Tema_2_Udara_Bersih_Bagi_Kesehatan.png', NULL, 2, 5, NULL, 0, 1, '2024-07-05', NULL),
(823, 'Buku Guru Kelas V Tema 3 Makanan Sehat', NULL, '978-602-427-199-2', 25, '2013', 1, 'Buku_Guru_Kelas_V_Tema_3_Makanan_Sehat.png', NULL, 2, 5, NULL, 0, 1, '2024-07-05', NULL),
(824, 'Buku Guru Kelas V Tema 4 Sehat itu Penting', NULL, '978-602-427-201-2', 25, '2013', 1, 'Buku_Guru_Kelas_V_Tema_5_Ekosistem.png', NULL, 2, 5, NULL, 0, 1, '2024-07-05', NULL),
(825, 'Buku Guru Kelas V Tema 5 Ekosistem', NULL, '978-602-427-209-8', 25, '2013', 1, 'Buku_Guru_Kelas_V_Tema_5_Ekosistem.png', NULL, 2, 5, NULL, 0, 1, '2024-07-05', NULL),
(826, 'Buku Guru Kelas V Tema 6 Panas Dan Perpindahanya', NULL, '978-602-427-203-6', 25, '2013', 1, 'Buku_Guru_Kelas_V_Tema_6_Panas_Dan_Perpindahanya.png', NULL, 2, 5, NULL, 0, 1, '2024-07-05', NULL),
(827, 'Buku Guru Kelas V Tema 7 Peristiwa Dalam kehidupan', NULL, '978-602-427-197-8', 25, '2014', 1, 'Buku_Guru_Kelas_V_Tema_7_Peristiwa_Dalam_kehidupan.png', NULL, 2, 5, NULL, 0, 1, '2024-07-05', NULL),
(828, 'Buku Guru Kelas V Tema 8 Lingkungan Sahabat Kita', NULL, '978-602-427-211-1', 25, '2013', 1, 'Buku_Guru_Kelas_V_Tema_8_Lingkungan_Sahabat_Kita.png', NULL, 2, 5, NULL, 0, 1, '2024-07-05', NULL),
(829, 'Buku Guru Kelas V Tema 9 Benda-Benda disekitar kita', NULL, '978-602-427-238-1', 25, '2014', 1, 'Buku_Guru_Kelas_V_Tema_9_Benda-Benda_disekitar_kita.png', NULL, 2, 5, NULL, 0, 1, '2024-07-05', NULL),
(830, 'Buku Guru Pendidikan Agama Katolik dan Budi Pekerti Kelas V', NULL, '978-602-282-217-2', 6, '2014', 1, 'Buku_Guru_Pendidikan_Agama_Katolik_dan_Budi_Pekerti_Kelas_V.png', NULL, 2, 5, NULL, 0, 1, '2024-07-05', NULL),
(831, 'Buku Guru Pendidikan Hindu dan Budi Pekerti Kelas V', NULL, '978-602-282-231-8', 6, '2014', 1, 'Buku_Guru_Pendidikan_Hindu_dan_Budi_Pekerti_Kelas_V.png', NULL, 2, 5, NULL, 0, 1, '2024-07-05', NULL),
(832, 'Buku Guru Pendidikan Islam dan Budi Pekerti Kelas V', NULL, '978-602-282-189-2', 6, '2014', 1, 'Buku_Guru_Pendidikan_Islam_dan_Budi_Pekerti_Kelas_V.png', NULL, 2, 5, NULL, 0, 1, '2024-07-05', NULL),
(833, 'Buku Guru Pendidikan Khonghucu dan Budi Pekerti Kelas V', NULL, '978-602-282-259-2', 6, '2014', 1, 'Buku_Guru_Pendidikan_Khonghucu_dan_Budi_Pekerti_Kelas_V.png', NULL, 2, 5, NULL, 0, 1, '2024-07-05', NULL),
(834, 'Buku Guru Pendidikan Kristen dan Budi Pekerti Kelas V', NULL, '978-602-282-203-5', 1, '2014', 1, 'Buku_Guru_Pendidikan_Kristen_dan_Budi_Pekerti_Kelas_V.png', NULL, 2, 5, NULL, 0, 1, '2024-07-05', NULL),
(835, 'Kelas V Tema 1 Organ Gerak Hewan dan Manusia', NULL, '978-602-427-204-3', 6, '2014', 1, 'Kelas_V_Tema_1_Organ_Gerak_Hewan_dan_Manusia.png', NULL, 2, 5, NULL, 0, 1, '2024-07-05', NULL),
(836, 'Kelas V Tema 2 Udara Bersih Bagi Kesehatan', NULL, '978-602-427-206-7', 6, '2013', 1, 'Kelas_V_Tema_2_Udara_Bersih_Bagi_Kesehatan.png', NULL, 2, 5, NULL, 0, 1, '2024-07-05', NULL),
(837, 'Kelas V Tema 3 Makanan Sehat', NULL, '978-602-427-198-5', 6, '2013', 1, 'Kelas_V_Tema_3_Makanan_Sehat.png', NULL, 2, 5, NULL, 0, 1, '2024-07-05', NULL),
(838, 'Kelas V Tema 4 Sehat itu Penting', NULL, '978-602-427-200-5', 6, '2013', 1, 'Kelas_V_Tema_4_Sehat_itu_Penting.png', NULL, 2, 5, NULL, 0, 2, '2024-07-05', NULL),
(839, 'Kelas V Tema 5 Ekosistem', NULL, '978-602-427-208-1', 6, '2013', 1, 'Kelas_V_Tema_5_Ekosistem.png', NULL, 2, 5, NULL, 0, 1, '2024-07-05', NULL),
(840, 'Kelas V Tema 6 Panas Dan Perpindahanya', NULL, '978-602-427-202-9', 6, '2013', 1, 'Kelas_V_Tema_6_Panas_Dan_Perpindahanya.png', NULL, 2, 5, NULL, 0, 1, '2024-07-05', NULL),
(841, 'Kelas V Tema 7 Peristiwa Dalam Kehidupan', NULL, '978-602-427-196-1', 6, '2014', 1, 'Kelas_V_Tema_7_Peristiwa_Dalam_Kehidupan.png', NULL, 2, 5, NULL, 0, 1, '2024-07-05', NULL),
(842, 'Kelas V Tema 8 Lingkungan Sahabat Kita', NULL, '978-602-427-210-4', 6, '2014', 1, 'Kelas_V_Tema_8_Lingkungan_Sahabat_Kita.png', NULL, 2, 5, NULL, 0, 1, '2024-07-05', NULL),
(843, 'Kelas V Tema 9 Benda Benda Di Sekitar kita', NULL, '978-602-427-195-4', 6, '2014', 1, 'Kelas_V_Tema_9_Benda_Benda_Di_Sekitar_kita.png', NULL, 2, 5, NULL, 0, 1, '2024-07-05', NULL),
(844, 'Pendidikan Agama Hindu Dan Budi Pekerti Kelas V', NULL, '978-602-282-224-0', 6, '2014', 1, 'Pendidikan_Agama_Hindu_Dan_Budi_Pekerti_Kelas_V.png', NULL, 2, 5, NULL, 0, 2, '2024-07-05', NULL),
(845, 'Pendidikan Agama Islam Dan Budi Pekerti Kelas V', NULL, 'Achmad Buchori Ismail', 6, '2014', 1, 'cover_pendidikan_agama_islam_dan_budi_pekerti_kelas_v.jpg', NULL, 2, 5, NULL, 0, 1, '2024-07-05', NULL),
(846, 'Pendidikan Agama Katolik Dan Budi Pekerti Kelas V', NULL, '978-602-282-210-3', 6, '2014', 1, 'Pendidikan_Agama_Katolik_Dan_Budi_Pekerti_Kelas_V.png', NULL, 2, 5, NULL, 0, 1, '2024-07-05', NULL),
(847, 'Pendidikan Agama Khonghucu Dan Budi Pekerti Kelas V', NULL, '978-602-282-252-3', 6, '2014', 1, 'Pendidikan_Agama_Khonghucu_Dan_Budi_Pekerti_Kelas_V.png', NULL, 2, 5, NULL, 0, 1, '2024-07-05', NULL),
(848, 'Pendidikan Agama Kristen Dan Budi Pekerti Kelas V', NULL, '978-602-282-196-0', 6, '2014', 1, 'Pendidikan_Agama_Kristen_Dan_Budi_Pekerti_Kelas_V.png', NULL, 2, 5, NULL, 0, 1, '2024-07-05', NULL),
(849, 'Buku Guru Kelas VI Tema 1 Selamatkan Makluk Hidup', NULL, '978-602-427-213-5', 6, '2013', 1, 'Buku_Guru_Kelas_VI_Tema_1_Selamatkan_Makluk_Hidup.png', NULL, 2, 5, NULL, 0, 1, '2024-07-05', NULL),
(850, 'Buku Guru Kelas VI Tema 2 Persatuan Dalam Perbedaan', NULL, '978-602-427-215-9', 6, '2015', 1, 'Buku_Guru_Kelas_VI_Tema_2_Persatuan_Dalam_Perbedaan.png', NULL, 2, 6, NULL, 0, 1, '2024-07-05', NULL),
(851, 'Buku Guru Kelas VI Tema 3 Tokoh dan penemuan', NULL, '978-602-427-217-3', 6, '2015', 1, 'Buku_Guru_Kelas_VI_Tema_3_Tokoh_dan_penemuan.png', NULL, 2, 6, NULL, 0, 1, '2024-07-05', NULL),
(852, 'Buku Guru Kelas VI Tema 4 Globalisasi', NULL, '978-602-427-219-7', 6, '2015', 1, 'Buku_Guru_Kelas_VI_Tema_4_Globalisasi.png', NULL, 2, 6, NULL, 0, 1, '2024-07-05', NULL),
(853, 'Buku Guru Kelas VI Tema 5 Wirausaha', NULL, '978-602-427-221-0', 6, '2015', 1, 'Buku_Guru_Kelas_VI_Tema_6_Menuju_Masyarakat_Sejahtera.png', NULL, 2, 6, NULL, 0, 1, '2024-07-05', NULL),
(854, 'Buku Guru Kelas VI Tema 6 Menuju Masyarakat Sejahtera', NULL, '978-602-427-223-4', 6, '2015', 1, 'Buku_Guru_Kelas_VI_Tema_6_Menuju_Masyarakat_Sejahtera.png', NULL, 2, 6, NULL, 0, 1, '2024-07-05', NULL),
(855, 'Buku Guru Kelas VI Tema 7 Kepemimpinan', NULL, '978-602-427-225-8', 6, '2015', 1, 'Buku_Guru_Kelas_VI_Tema_7_Kepemimpinan.png', NULL, 2, 6, NULL, 0, 1, '2024-07-05', NULL),
(856, 'Buku Guru Kelas VI Tema 8 Bumiku', NULL, '978-602-427-227-2', 6, '2015', 1, 'Buku_Guru_Kelas_VI_Tema_8_Bumiku.png', NULL, 2, 6, NULL, 0, 1, '2024-07-05', NULL),
(857, 'Buku Guru Kelas VI Tema 9 menjelajah angkasa luar', NULL, '978-602-427-229-6', 6, '2015', 1, 'Buku_Guru_Kelas_VI_Tema_9_menjelajah_angkasa_luar.png', NULL, 2, 6, NULL, 0, 1, '2024-07-05', NULL),
(858, 'Buku Guru Pendidikan agama hindu dan Budi Pekerti Kelas VI', NULL, '978-602-282-231-8', 6, '2015', 1, 'Buku_Guru_Pendidikan_agama_hindu_dan_Budi_Pekerti_Kelas_VI.png', NULL, 2, 6, NULL, 0, 1, '2024-07-05', NULL),
(859, 'Buku Guru Pendidikan agama Islam dan Budi Pekerti Kelas VI', NULL, '978-602-282-189-2', 6, '2015', 1, 'Buku_Guru_Pendidikan_agama_Islam_dan_Budi_Pekerti_Kelas_VI.png', NULL, 2, 6, NULL, 0, 1, '2024-07-05', NULL),
(860, 'Buku Guru Pendidikan agama Katolik dan Budi Pekerti Kelas VI', NULL, '978-602-282-217-2', 6, '2015', 1, 'Buku_Guru_Pendidikan_agama_Katolik_dan_Budi_Pekerti_Kelas_VI.png', NULL, 2, 6, NULL, 0, 1, '2024-07-05', NULL),
(861, 'Buku Guru Pendidikan agama Khonghucu dan Budi Pekerti Kelas VI', NULL, '978-602-282-259-2', 6, '2015', 1, 'Buku_Guru_Pendidikan_agama_Khonghucu_dan_Budi_Pekerti_Kelas_VI.png', NULL, 2, 6, NULL, 0, 1, '2024-07-05', NULL),
(862, 'Buku Guru Pendidikan agama Kristen dan Budi Pekerti Kelas VI', NULL, '978-602-282-203-5', 6, '2015', 1, 'Buku_Guru_Pendidikan_agama_Kristen_dan_Budi_Pekerti_Kelas_VI.png', NULL, 2, 6, NULL, 0, 1, '2024-07-05', NULL),
(863, 'Kelas VI Tema 1 Selamatkan Mahluk Hidup', NULL, '978-602-427-212-8', 6, '2015', 1, 'Kelas_VI_Tema_1_Selamatkan_Mahluk_Hidup.png', NULL, 2, 6, NULL, 0, 1, '2024-07-05', NULL),
(864, 'Kelas VI Tema 2 Persatuan Dan Perbedaan', NULL, '978-602-427-214-2', 6, '2015', 1, 'Kelas_VI_Tema_2_Persatuan_Dan_Perbedaan.png', NULL, 2, 6, NULL, 0, 2, '2024-07-05', NULL),
(865, 'Kelas VI Tema 3 Tokoh Dan Penemuan', NULL, '978-602-427-216-6', 6, '2015', 1, 'Kelas_VI_Tema_3_Tokoh_Dan_Penemuan.png', NULL, 2, 6, NULL, 0, 2, '2024-07-05', NULL),
(866, 'Kelas VI Tema 4 Globalisasi', NULL, '978-602-427-218-0', 6, '2015', 1, 'Kelas_VI_Tema_4_Globalisasi.png', NULL, 2, 6, NULL, 0, 1, '2024-07-05', NULL),
(867, 'Kelas VI Tema 5 Wirausaha', NULL, '978-602-427-220-3', 6, '2015', 1, 'Kelas_VI_Tema_5_Wirausaha.png', NULL, 2, 6, NULL, 0, 2, '2024-07-05', NULL),
(868, 'Kelas VI Tema 6 Menuju Masyarakat Sejahtera', NULL, '-', 6, '2015', 1, 'Kelas_VI_Tema_6_Menuju_Masyarakat_Sejahtera.png', NULL, 2, 6, NULL, 0, 1, '2024-07-05', NULL),
(869, 'Kelas VI Tema 7 Kepemimpinan', NULL, '978-602-427-224-1', 6, '2015', 1, 'Kelas_VI_Tema_7_Kepemimpinan.png', NULL, 2, 6, NULL, 0, 1, '2024-07-05', NULL);
INSERT INTO `book` (`book_id`, `book_title`, `book_edition`, `book_isbn`, `publisher_id`, `book_year`, `type_id`, `book_cover`, `category_id`, `level_id`, `class_id`, `subject_id`, `book_read`, `status_id`, `input_date`, `last_update`) VALUES
(870, 'Kelas VI Tema 8 Bumiku', NULL, '978-602-427-226-5', 6, '2015', 1, 'Buku_Guru_Kelas_VI_Tema_8_Bumiku.png', NULL, 2, 6, NULL, 0, 1, '2024-07-05', NULL),
(871, 'Pendidikan Agama Hindu Dan Budi Pekerti Kelas VI', NULL, '978-602-282-224-0', 6, '2015', 1, 'Pendidikan_Agama_Hindu_Dan_Budi_Pekerti_Kelas_VI.png', NULL, 2, 6, NULL, 0, 1, '2024-07-05', NULL),
(872, 'Pendidikan Agama Islam Dan Budi Pekerti Kelas VI', NULL, '978-602-282-182-3', 6, '2015', 1, 'Buku_Guru_Pendidikan_agama_Islam_dan_Budi_Pekerti_Kelas_VI.png', NULL, 2, 6, NULL, 0, 2, '2024-07-05', NULL),
(873, 'Pendidikan Agama Katolik Dan Budi Pekerti Kelas VI', NULL, '978-602-282-210-3', 6, '2015', 1, 'Pendidikan_Agama_Katolik_Dan_Budi_Pekerti_Kelas_VI.png', NULL, 2, 6, NULL, 0, 1, '2024-07-05', NULL),
(874, 'Pendidikan Agama Khonghucu Dan Budi Pekerti Kelas VI', NULL, '978-602-282-252-3', 6, '2015', 1, 'Pendidikan_Agama_Khonghucu_Dan_Budi_Pekerti_Kelas_VI.png', NULL, 2, 6, NULL, 0, 1, '2024-07-05', NULL),
(875, 'Pendidikan Agama Kristen Dan Budi Pekerti Kelas VI', NULL, '978-602-282-196-0', 6, '2015', 1, 'Pendidikan_Agama_Kristen_Dan_Budi_Pekerti_Kelas_VI.png', NULL, 2, 6, NULL, 0, 1, '2024-07-05', NULL),
(876, 'Bahasa Indonesia Kelas VII', NULL, '978-602-282-968-3', 6, '2013', 1, 'Bahasa_Indonesia_Kelas_VII.png', NULL, 3, 7, 3, 0, 2, '2024-07-05', NULL),
(877, 'Bahasa Inggris Kelas VII', NULL, '978-602-282-976-8', 6, '2013', 2, 'Bahasa_Inggris_Kelas_VII.png', NULL, 3, 7, 4, 0, 2, '2024-07-05', NULL),
(878, 'Buku Guru Bahasa Indonesia Kelas VII', NULL, '978-602-282-972-0', 6, '2013', 1, 'Buku_Guru_Bahasa_Indonesia_Kelas_VII.png', NULL, 3, 7, 3, 0, 1, '2024-07-05', NULL),
(879, 'Buku Guru Bahasa Inggris Kelas VII', NULL, '978-602-282-980-5', 6, '2013', 1, 'Buku_Guru_Bahasa_Inggris_Kelas_VII.png', NULL, 3, 7, 4, 0, 1, '2024-07-05', NULL),
(880, 'Buku Guru IPA kelas VII', NULL, '978-602-282-995-9', 6, '2013', 1, 'Buku_Guru_IPA_kelas_VII.png', NULL, 3, 7, NULL, 0, 2, '2024-07-05', NULL),
(881, 'Buku Guru IPS kelas VII', NULL, '978-602-427-011-7', 6, '2013', 1, 'Buku_Guru_IPS_kelas_VII.png', NULL, 3, 7, NULL, 0, 2, '2024-07-05', NULL),
(882, 'Buku Guru Matematika Kelas VII', NULL, '978-602-282-991-1', 6, '2013', 1, 'Buku_Guru_Matematika_Kelas_VII.png', NULL, 3, 7, NULL, 0, 2, '2024-07-05', NULL),
(883, 'Buku Guru Pendidikan agama Hindu Dan Budi Pekerti Kelas VII', NULL, '978-602-282-940-9', 6, '2013', 1, 'Buku_Guru_Pendidikan_agama_Hindu_Dan_Budi_Pekerti_Kelas_VII.png', NULL, 3, 7, NULL, 0, 1, '2024-07-05', NULL),
(884, 'Buku Guru Pendidikan agama Islam Dan Budi Pekerti Kelas VII', NULL, '978-602-282-916-4', 6, '2013', 1, 'Buku_Guru_Pendidikan_agama_Islam_Dan_Budi_Pekerti_Kelas_VII.png', NULL, 3, 7, NULL, 0, 1, '2024-07-05', NULL),
(885, 'Buku Guru Pendidikan agama Katolik Dan Budi Pekerti Kelas VII', NULL, '978-602-282-932-4', 6, '2013', 1, 'Buku_Guru_Pendidikan_agama_Katolik_Dan_Budi_Pekerti_Kelas_VII.png', NULL, 3, 7, NULL, 0, 1, '2024-07-05', NULL),
(886, 'Buku Guru Pendidikan Jasmani, Olahraga, Kesehatan Kelas VII', NULL, '978-602-427-019-3', 6, '2013', 1, 'Buku_Guru_Pendidikan_Jasmani,_Olahraga,_Kesehatan_Kelas_VII.png', NULL, 3, 7, 8, 0, 2, '2024-07-05', NULL),
(887, 'Buku Guru Pendidikan Pancasila Dan kewarganegaraan Kelas VII', NULL, '978-602-282-964-5', 6, '2013', 1, 'Buku_Guru_Pendidikan_Pancasila_Dan_kewarganegaraan_Kelas_VII.png', NULL, 3, 7, NULL, 0, 1, '2024-07-05', NULL),
(888, 'Buku Guru Prakarya Dan Kewirausahaan Kelas VII', NULL, '978-602-427-038-4', 6, '2013', 1, 'Buku_Guru_Prakarya_Dan_Kewirausahaan_Kelas_VII.png', NULL, 3, 7, NULL, 0, 1, '2024-07-05', NULL),
(889, 'Buku Guru Seni Budaya Kelas VII', NULL, '978-602-427-027-8', 6, '2013', 1, 'Buku_Guru_Seni_Budaya_Kelas_VII.png', NULL, 3, 7, NULL, 0, 2, '2024-07-05', NULL),
(890, 'Ilmu Pengetahuan Alam Kelas VII Semester 1', NULL, '978-602-427-000-1', 6, '2013', 1, 'Ilmu_Pengetahuan_Alam_Kelas_VII_Semester_1.png', NULL, 3, 7, NULL, 0, 2, '2024-07-05', NULL),
(891, 'Ilmu Pengetahuan Alam Kelas VII Semester 2', NULL, '978-602-427-000-1', 6, '2013', 1, 'Ilmu_Pengetahuan_Alam_Kelas_VII_Semester_2.png', NULL, 3, 7, NULL, 0, 1, '2024-07-05', NULL),
(892, 'Ilmu Pengetahuan Sosial Kelas VII', NULL, '978-602-427-007-0', 6, '2013', 1, 'Ilmu_Pengetahuan_Sosial_Kelas_VII.png', NULL, 3, 7, NULL, 0, 2, '2024-07-05', NULL),
(893, 'Matematika Kelas VII Semester 2', NULL, '978-602-282-984-3', 6, '2013', 1, 'Matematika_Kelas_VII_Semester_2.png', NULL, 3, 7, 5, 0, 2, '2024-07-05', NULL),
(894, 'Pendidikan Agama Hindu dan Budi Pekerti Kelas VII', NULL, '978-602-282-936-2', 6, '2013', 1, 'Pendidikan_Agama_Hindu_dan_Budi_Pekerti_Kelas_VII.png', NULL, 3, 7, NULL, 0, 1, '2024-07-05', NULL),
(895, 'Pendidikan Agama Islam dan Budi Pekerti Kelas VII', NULL, '978-602-282-912-6', 6, '2013', 1, 'Pendidikan_Agama_Islam_dan_Budi_Pekerti_Kelas_VII.png', NULL, 3, 7, NULL, 0, 1, '2024-07-05', NULL),
(896, 'Pendidikan Agama Katolik dan Budi Pekerti Kelas VII', NULL, '978-602-282-928-7', 6, '2013', 1, 'Pendidikan_Agama_Katolik_dan_Budi_Pekerti_Kelas_VII.png', NULL, 3, 7, NULL, 0, 1, '2024-07-05', NULL),
(897, 'Pendidikan Agama Khonghucu dan Budi Pekerti Kelas VII', NULL, '978-602-282-952-2', 6, '2013', 1, 'Pendidikan_Agama_Khonghucu_dan_Budi_Pekerti_Kelas_VII.png', NULL, 3, 7, NULL, 0, 2, '2024-07-05', NULL),
(898, 'Pendidikan Agama Kristen dan Budi Pekerti Kelas VII', NULL, '978-602-282-920-1', 6, '2013', 1, 'Pendidikan_Agama_Kristen_dan_Budi_Pekerti_Kelas_VII.png', NULL, 3, 7, NULL, 0, 1, '2024-07-05', NULL),
(899, 'Pendidikan Jasmani, Olahraga, dan Kesehatan Kelas VII', NULL, '978-602-427-015-5', 6, '2013', 1, 'Pendidikan_Jasmani,_Olahraga,_dan_Kesehatan_Kelas_VII.png', NULL, 3, 7, 8, 0, 2, '2024-07-05', NULL),
(900, 'Pendidikan Pancasila dan Kewarganegaraan Kelas VII', NULL, '978-602-282-960-7', 6, '2013', 1, 'Pendidikan_Pancasila_dan_Kewarganegaraan_Kelas_VII.png', NULL, 3, 7, 6, 0, 1, '2024-07-05', NULL),
(901, 'Prakarya Semester 1 Kelas VII', NULL, '978-602-427-031-5', 6, '2013', 1, 'Prakarya_Semester_1_Kelas_VII.png', NULL, 3, 7, 18, 0, 1, '2024-07-05', NULL),
(902, 'Prakarya Semester 2 Kelas VII', NULL, '978-602-427-031-5', 6, '2013', 1, 'Prakarya_Semester_2_Kelas_VII.png', NULL, 3, 7, 18, 0, 1, '2024-07-05', NULL),
(903, 'Seni Budaya Kelas VII', NULL, '978-602-427-023-0', 6, '2013', 1, 'Seni_Budaya_Kelas_VII.png', NULL, 3, 7, NULL, 0, 2, '2024-07-05', NULL),
(904, 'Bahasa Indonesia Kelas VIII', NULL, '978-602-282-968-3', 6, '2014', 1, 'Bahasa_Indonesia_Kelas_VIII.png', NULL, 3, 8, 3, 0, 1, '2024-07-05', NULL),
(905, 'Bahasa Inggris Kelas VIII', NULL, '978-602-282-976-8', 6, '2014', 1, 'Bahasa_Inggris_Kelas_VIII.png', NULL, 3, 8, 4, 0, 1, '2024-07-05', NULL),
(906, 'Buku Guru Bahasa Indonesia Kelas VIII', NULL, '978-602-282-972-0', 6, '2013', 1, 'Buku_Guru_Bahasa_Indonesia_Kelas_VIII.png', NULL, 3, 8, 3, 0, 1, '2024-07-05', NULL),
(907, 'Buku Guru Bahasa Inggris Kelas VIII', NULL, '978-602-282-980-5', 6, '2013', 1, 'Buku_Guru_Bahasa_Inggris_Kelas_VIII.png', NULL, 3, 8, 4, 0, 1, '2024-07-05', NULL),
(908, '20 Dongeng Anak-Anak', '14', '979-407-656-5', 21, '2011', 2, 'Cover.jpg', NULL, 13, NULL, NULL, 0, 1, '2024-10-16', NULL),
(909, 'AKI', '14', '978-9796-661-831', 21, '2020', 2, 'AKI-dpn_compressed_001.jpg', NULL, 13, NULL, NULL, 0, 1, '2024-10-16', NULL),
(910, 'Alice\'s Adventures in Wonderland', '1', '978-602-032-479-1', 23, '2016', 2, 'alice.jpg', NULL, 13, NULL, NULL, 0, 1, '2024-10-16', NULL),
(911, 'Audiobook Si Cebol', NULL, '978-602-260-318-4', 21, '2021', 2, 'si_cebol.jfif', NULL, 13, NULL, NULL, 0, 1, '2024-10-16', NULL),
(912, 'Awal dan Mira', NULL, '978-623-182-273-4', 21, '2021', 2, 'images.jfif', NULL, 13, NULL, NULL, 0, 1, '2024-10-16', NULL),
(913, 'Bahasa Indonesia Kelas X', 'Revisi', '978-602-427-098-8', 3, '2017', 2, 'cover-bhs-indonesia-kelas-x.jpg', NULL, 4, 10, NULL, 0, 1, '2024-10-16', NULL),
(914, 'Berkeliling Dunia Di Bawah Laut', NULL, '978-602-06-6187-2', 23, '2022', 2, 'keliling-dunia.jpg', NULL, 13, NULL, NULL, 0, 1, '2024-10-16', NULL),
(915, 'BALAS BUDI KUPU-KUPU BIRU', NULL, '978-602-437-833-2', 25, '2019', 2, 'cover_default.jpg', NULL, 2, NULL, NULL, 0, 1, '2024-10-16', NULL),
(916, 'GEMPA!', NULL, '978-602-437-899-8', 25, '2019', 2, 'Gempa!.jpg', NULL, 2, NULL, NULL, 0, 1, '2024-10-16', NULL),
(917, 'Itu Bukan Uangku', NULL, '978-602-437-744-1', 25, '2019', 2, 'cover_default.jpg', NULL, 7, NULL, NULL, 0, 1, '2024-10-16', NULL),
(918, 'Kenduri Blang', NULL, '978-602-437-832-5', 25, '2019', 2, 'Kenduri Blang.png', NULL, 2, NULL, NULL, 0, 1, '2024-10-16', NULL),
(919, 'Makan Siang untuk Dono', NULL, '978-602-437-849-3', 25, '2019', 2, 'Makan SiangUntuk Dono.png', NULL, 2, NULL, NULL, 0, 1, '2024-10-16', NULL),
(920, 'Mengunjungi Rumah Adat Sumba', NULL, '978-602-437-888-2', 25, '2019', 2, 'Mengunjungi Rumah Adat Sumba.png', NULL, 2, NULL, NULL, 0, 1, '2024-10-16', NULL),
(921, 'Perahu Nenek Moyangku', NULL, '978-602-437-856-1', 25, '2019', 2, 'Perahu Nenek Moyangku.png', NULL, 7, NULL, NULL, 0, 1, '2024-10-16', NULL),
(922, 'Rahasia Kaki Itik', NULL, '978-602-437-900-1', 25, '2019', 2, 'Rahasia Kaki Itik.png', NULL, 2, NULL, NULL, 0, 1, '2024-10-16', NULL),
(923, 'Resep Rahasia Mida', NULL, '978-602-437-847-9', 25, '2019', 2, 'Resep Rahasia Mida.png', NULL, 2, NULL, NULL, 0, 1, '2024-10-16', NULL),
(924, 'Randi dan Hutan Bukit Giri', NULL, '978-602-437-796-0', 25, '2019', 2, 'Randi dan Hutan Bukit Giri.png', NULL, 2, NULL, NULL, 0, 1, '2024-10-16', NULL),
(925, 'Kio si Penjaga Lumbung', NULL, '978-602-437-783-0', 25, '2019', 2, 'Kio Si Penjaga Lumbung.png', NULL, 7, NULL, NULL, 0, 1, '2024-10-16', NULL),
(926, 'Semangkuk Sayur Ares', NULL, '978-602-437-827-1', 25, '2019', 2, 'Semangkuk Sayur Ares.png', NULL, 2, NULL, NULL, 0, 1, '2024-10-16', NULL),
(927, 'Sedotan Mimpi', NULL, '978-602-437-860-8', 25, '2019', 2, 'Sedotan Mimpi.png', NULL, 7, NULL, NULL, 0, 1, '2024-10-16', NULL),
(928, 'Topeng Buatan Kakek', NULL, '978-602-437-759-5', 25, '2019', 2, 'Topeng Buatan Kakek.png', NULL, 7, NULL, NULL, 0, 1, '2024-10-16', NULL),
(929, 'Biru dan Nyiur', NULL, '978-602-437-883-7', 25, '2019', 2, 'cover_default.jpg', NULL, 2, NULL, NULL, 0, 1, '2024-10-16', NULL),
(930, 'Cerita Rakyat Cindelaras', NULL, '-', 26, '2017', 2, 'Cerita Rakyat Cindelaras.jpg', NULL, 13, NULL, NULL, 0, 1, '2024-10-16', NULL),
(931, 'Cung Si Pencemburu', NULL, '-', 22, '2023', 2, 'cover_default.jpg', NULL, 13, NULL, NULL, 0, 1, '2024-10-16', NULL),
(932, 'Deja Vu', NULL, '978-602-972-924-5', 26, '2018', 2, '5ec1-2502-4427-b08b-b7d82f3ddd19.png', NULL, 13, NULL, NULL, 0, 1, '2024-10-16', NULL),
(933, 'Dende Mirah Si Buah Hati', NULL, '978-602-244-968-3', 25, '2022', 2, 'cover_default.jpg', NULL, 2, NULL, NULL, 0, 1, '2024-10-16', NULL),
(934, 'Denta dan Beker Subuh', NULL, '978-602-244-961-4', 25, '2023', 2, 'cover_default.jpg', NULL, 2, NULL, NULL, 0, 1, '2024-10-16', NULL),
(935, 'The Tale of Jemima Puddle Duck: Kisah Jemima Itik', NULL, '978-602-035-652-5', 23, '2017', 2, 'jemima-itik.jpg', NULL, 1, NULL, NULL, 0, 1, '2024-10-16', NULL),
(936, 'Kisah Johny Si Tikus Kota', NULL, '978-602-035-658-7', 23, '2017', 2, 'kisah-johnny-si-tikus-kota-_the-tale-of-johnny-town-mouse.jpg', NULL, 1, NULL, NULL, 0, 1, '2024-10-16', NULL),
(937, 'Dr. Jekyll dan Mr. Hyde', NULL, '978-602-06-0451-0', 23, '2011', 2, 'jekyll-hyde.jpg', NULL, 13, NULL, NULL, 0, 1, '2024-10-16', NULL),
(938, 'Dua Surga dalam Cintaku', NULL, '978-602-51015-1-9', 26, '2017', 2, '5297-164f-4230-9487-c0957ca44383.png', NULL, 13, NULL, NULL, 0, 2, '2024-10-16', NULL),
(939, 'Habis Gelap Terbitlah Terang', NULL, '978-602-260-502-7', 21, '2022', 2, 'cover20kartini.jpg', NULL, 13, NULL, NULL, 0, 1, '2024-10-16', NULL),
(940, 'Joko Sableng : Pesanggrahan Kramat', NULL, '978-602-618-696-6', 26, '2016', 2, 'f9f1-d220-4a10-b578-156205e19ea5.png', NULL, 13, NULL, NULL, 0, 1, '2024-10-16', NULL),
(941, 'Kehilangan Mestika', NULL, '978-623-182-262-8', 21, '2024', 2, 'mestika.webp', NULL, 13, NULL, NULL, 0, 1, '2024-10-16', NULL),
(942, 'Keluarga Tak Kasat Mata', NULL, '978-602-618-697-3', 26, '2017', 2, '7189-5c35-4fff-aaec-cd9706571a0b.png', NULL, 13, NULL, NULL, 0, 1, '2024-10-16', NULL),
(943, 'Kono Kene Konco', NULL, '978-602-260-091-6', 21, '2018', 2, 'brd-44261_original-kono-kene-konco-karya-bagus-rumbogo-balai-pustaka-buku-hiburan_full01.webp', NULL, 13, NULL, NULL, 0, 1, '2024-10-16', NULL),
(944, 'Kupu, Belalang, dan Ulat Sutra', NULL, '-', 3, '2022', 2, 'cover.png', NULL, 2, NULL, NULL, 0, 1, '2024-10-16', NULL),
(945, 'Melawat ke Barat', NULL, '978-623-182-265-9', 21, '2024', 2, 'Melawat-Ke-Barat-cover_001-min-scaled.jpg', NULL, 13, NULL, NULL, 0, 1, '2024-10-16', NULL),
(946, 'Nyale di Perut Manusia', NULL, '978-602-244-972-0', 22, '2022', 2, 'cover_default.jpg', NULL, 13, NULL, NULL, 0, 1, '2024-10-16', NULL),
(947, 'Pak Janggut', NULL, '978-623-182-269-7', 21, '2024', 2, 'Cover Pak janggut.jpg', NULL, 13, NULL, NULL, 0, 1, '2024-10-16', NULL),
(948, 'Parah Karena Marah', NULL, '978-602-244-976-8', 3, '2022', 2, 'cover_default.jpg', NULL, 13, NULL, NULL, 0, 1, '2024-10-16', NULL),
(949, 'Persahabatan Ali dan Emo', NULL, '978-602-244-965-2', 3, '2022', 2, 'cover_default.jpg', NULL, 13, NULL, NULL, 0, 1, '2024-10-16', NULL),
(950, 'Renungan Dahsyat Untuk Orang Tua', NULL, '978-602-51015-4-0', 26, '2017', 2, 'Cover-renungan.png', NULL, 13, NULL, NULL, 0, 1, '2024-10-16', NULL),
(951, 'Sabai Nan Aluhi', NULL, '978-623-182-268-0', 21, '2024', 2, 'images-sabai.jfif', NULL, 13, NULL, NULL, 0, 1, '2024-10-16', NULL),
(952, 'Sang Patriot', NULL, '-', 26, '2018', 2, 'Cover-patriot.png', NULL, 13, NULL, NULL, 0, 1, '2024-10-16', NULL),
(953, 'Seberkas Cahaya di Palestina', NULL, '-', 26, '2018', 2, 'bdea-4259-44ab-a328-668eb2ffe32f.png', NULL, 13, NULL, NULL, 0, 1, '2024-10-16', NULL),
(954, 'Sitti Nurbaya', NULL, '978-623-182-267-3', 21, '2024', 2, 'Cover-siti.jpg', NULL, 13, NULL, NULL, 0, 1, '2024-10-16', NULL),
(955, 'Tiga Kota', NULL, '978-623-182-264-2', 21, '2024', 2, 'cover-3-kota.jpg', NULL, 13, NULL, NULL, 0, 1, '2024-10-16', NULL),
(956, 'Ada Apa Dengan Gugu', NULL, '978-602-437-779-3', 25, '2019', 1, 'Ada Apa dengan Gugu.png', NULL, 7, NULL, NULL, 0, 1, '2024-10-23', NULL),
(957, 'Ada Apa Sih? Ada Apa Sih?', NULL, '978-602-437-784-7', 25, '2019', 1, 'Ada Apa Sih Ada Apa Sih.png', NULL, 7, NULL, NULL, 0, 1, '2024-10-23', NULL),
(958, 'Ani Sayang Keluarga', NULL, '978-602-244-169-4', 25, '2019', 1, 'Ani Sayang keluarga.png', NULL, 7, NULL, NULL, 0, 1, '2024-10-23', NULL),
(959, 'Apa Itu?', NULL, '978-602-244-939-3', 25, '2019', 1, 'Apa Itu.png', NULL, 7, NULL, NULL, 0, 1, '2024-10-23', NULL),
(960, 'Apa yang lebih seru?', NULL, '978-602-244-934-8', 25, '2022', 1, 'Apa yang lebih Seru.png', NULL, 7, NULL, NULL, 0, 1, '2024-10-23', NULL),
(961, 'BINGKISAN UNTUK DIRGA', NULL, '978-602-437-768-7', 25, '2019', 1, 'Bingkisan Untuk Dirga.png', NULL, 7, NULL, NULL, 0, 1, '2024-10-23', NULL),
(962, 'Bintang untuk Nala', NULL, '-', 25, '2018', 1, 'Bintang untuk Nala.png', NULL, 7, NULL, NULL, 0, 1, '2024-10-23', NULL),
(963, 'Buah yang Kukenal', NULL, '978-602-244-163-2', 25, '2018', 1, 'Buah yang Kukenal.png', NULL, 7, NULL, NULL, 0, 1, '2024-10-23', NULL),
(964, 'David Anak Teladan', NULL, '-', 25, '2018', 1, 'David Anak Teladan.png', NULL, 7, NULL, NULL, 0, 1, '2024-10-23', NULL),
(965, 'Desi dan Tupai Terkejut', NULL, '-', 25, '2019', 1, 'Desi dan Tupai Terkejut.png', NULL, 7, NULL, NULL, 0, 1, '2024-10-23', NULL),
(966, 'Di Atas dan Di Bawah', NULL, '-', 25, '2018', 1, 'Di Atas Di Bawah.png', NULL, 7, NULL, NULL, 0, 1, '2024-10-23', NULL),
(967, 'Di Mana Kacang Sipet?', NULL, '978-602-244-935-5', 25, '2022', 1, 'Di Mana Kacang Sipet.png', NULL, 7, NULL, NULL, 0, 1, '2024-10-23', NULL),
(968, 'Di Mana Bapak?', NULL, '-', 25, '2018', 1, 'Dimana Bapak.png', NULL, 7, NULL, NULL, 0, 1, '2024-10-23', NULL),
(969, 'Hmmm, Enaaak!', NULL, '978-602-437-880-6', 25, '2019', 1, 'Hmmm, Enaaak.png', NULL, 7, NULL, NULL, 0, 1, '2024-10-23', NULL),
(970, 'Hore... Hujan Turun!', NULL, '978-602-244-170-0', 25, '2018', 1, 'Hore Hujan Turun.png', NULL, 7, NULL, NULL, 0, 1, '2024-10-23', NULL),
(971, 'Indah Tanpa Suara', NULL, '-', 25, '2018', 1, 'Indah Tanpa Suara.png', NULL, 7, NULL, NULL, 0, 1, '2024-10-23', NULL),
(972, 'Josef dan Adik Bayi', NULL, '-', 25, '2019', 1, 'Josef dan Adik Bayi.png', NULL, 7, NULL, NULL, 0, 1, '2024-10-23', NULL),
(973, 'Kacamata Super Opin', NULL, '-', 25, '2019', 1, 'KACAMATA SUPER OPIN.png', NULL, 7, NULL, NULL, 0, 1, '2024-10-23', NULL),
(974, 'Ke Mana Balon Itu Pergi', NULL, '978-602-437-764-9', 25, '2019', 1, 'Ke Mana Balon itu Pergi.png', NULL, 7, NULL, NULL, 0, 1, '2024-10-23', NULL),
(975, 'Kejutan Untuk Mama', NULL, '978-602-437-886-8', 25, '2019', 1, 'Kejutan untuk Mama.png', NULL, 7, NULL, NULL, 0, 1, '2024-10-23', NULL),
(976, 'KETIKA BUMI BERGUNCANG', NULL, '978-602-437-748-9', 25, '2019', 1, 'Ketika Bumi Berguncang.png', NULL, 7, NULL, NULL, 0, 1, '2024-10-23', NULL),
(977, 'Ketika Gilang Ingin Seperti Kak Sita', NULL, '978-602-1101-22-3', 25, '2019', 1, 'Ketika Gilang Ingin Seperti Kak Sita.png', NULL, 7, NULL, NULL, 0, 1, '2024-10-23', NULL),
(978, 'Ketika Ibu Pergi Kisah Pembentuk Karakter', NULL, '978-623-118-655-3', 25, '2023', 1, 'Ketika Ibu Pergi Kisah Pembentuk Karakter.png', NULL, 7, NULL, NULL, 0, 1, '2024-10-23', NULL),
(979, 'Kikan dan Kawan-Kawan', NULL, '978-602-437-786-1', 25, '2019', 1, 'Kikan dan Kawan Kawan.png', NULL, 7, NULL, NULL, 0, 1, '2024-10-23', NULL),
(980, 'KURI, KIKI, DAN KAKA KUTU', NULL, '978-602-437-789-2', 25, '2019', 1, 'Kuri Kiki dan Kaka Kutu.png', NULL, 7, NULL, NULL, 0, 1, '2024-10-23', NULL),
(981, 'Kutilang yang Suka Bernyanyi', NULL, '978-602-6964-37-3', 25, '2019', 1, 'Kutilang yang Suka Bernyanyi.png', NULL, 7, NULL, NULL, 0, 1, '2024-10-23', NULL),
(982, 'Makan Yuk!', NULL, '978-602-437-797-7', 25, '2019', 1, 'Makan Yuk.png', NULL, 7, NULL, NULL, 0, 1, '2024-10-23', NULL),
(983, 'Manik Untuk Menik', NULL, '978-602-437-803-5', 25, '2019', 1, 'Manik untuk Menik.png', NULL, 7, NULL, NULL, 0, 1, '2024-10-23', NULL),
(984, 'Marta Hebat', NULL, '-', 25, '2018', 1, 'Marta Hebat.png', NULL, 7, NULL, NULL, 0, 1, '2024-10-23', NULL),
(985, 'Masuk Sekolah', NULL, '-', 25, '2018', 1, 'Masuk Sekolah.png', NULL, 7, NULL, NULL, 0, 1, '2024-10-23', NULL),
(986, 'Menjaga Laut Raja Ampat', NULL, '978-602-437-896-7', 25, '2019', 1, 'Menjaga Laut Raja Ampat.png', NULL, 7, NULL, NULL, 0, 1, '2024-10-23', NULL),
(987, 'Mewarnai Wayang untuk Bapak', NULL, '978-602-437-842-4', 25, '2019', 1, 'Mewarnai Wayang untuk Bapak.png', NULL, 7, NULL, NULL, 0, 1, '2024-10-23', NULL),
(988, 'Namaku Kali', NULL, '978-602-427-921-9', 25, '2022', 1, 'Namaku Kali.png', NULL, 7, NULL, NULL, 0, 1, '2024-10-23', NULL),
(989, 'Ogoh-Ogoh Komang', NULL, '978-602-437-778-6', 25, '2019', 1, 'Ogoh Ogoh Komang.png', NULL, 7, NULL, NULL, 0, 1, '2024-10-23', NULL),
(990, 'Panggil Aku Namaku', NULL, '978-623-194-323-1', 25, '2022', 1, 'Panggil Aku Namaku.png', NULL, 7, NULL, NULL, 0, 1, '2024-10-23', NULL),
(991, 'Pendidikan dan Pembinaan Ideologi Pancasila untuk Siswa SD/MI Kelas I', NULL, '978-623-921-249-0', 25, '2022', 1, 'Pendidikan dan Pembinaan Ideologi Pancasila untuk Siswa SDMI Kelas I.png', NULL, 7, NULL, NULL, 0, 1, '2024-10-23', NULL),
(992, 'Perahu Kertas', NULL, '-', 25, '2018', 1, 'Perahu Kertas.png', NULL, 7, NULL, NULL, 0, 1, '2024-10-23', NULL),
(993, 'Permainan Rahasia Minul', NULL, '-', 25, '2019', 1, 'Permainan Rahasia Minul.png', NULL, 7, NULL, NULL, 0, 1, '2024-10-23', NULL),
(994, 'PETUALANGAN ALIYA', NULL, '978-602-437-770-0', 25, '2019', 1, 'Petualangan Aliya.png', NULL, 7, NULL, NULL, 0, 1, '2024-10-23', NULL),
(995, 'Petualangan Bako', NULL, '978-602-244-160-1', 25, '2018', 1, 'Petualangan Bako.png', NULL, 7, NULL, NULL, 0, 1, '2024-10-23', NULL),
(996, 'Petualangan Menuju Hutan', NULL, '978-602-437-766-3', 25, '2019', 1, 'Petualangan Menuju Hutan.png', NULL, 7, NULL, NULL, 0, 1, '2024-10-23', NULL),
(997, 'Pipo, Truk Sampah Keren', NULL, '978-602-437-785-4', 25, '2019', 1, 'Pipo Truk Sampah Keren.png', NULL, 7, NULL, NULL, 0, 1, '2024-10-23', NULL),
(998, 'Rumah Riri', NULL, '978-602-244-152-6', 25, '2018', 1, 'Rumah Riri.png', NULL, 7, NULL, NULL, 0, 1, '2024-10-23', NULL),
(999, 'Serangan Semut', NULL, '978-602-437-791-5', 25, '2019', 1, 'Serangan Semut.png', NULL, 7, NULL, NULL, 0, 1, '2024-10-23', NULL),
(1000, 'Sore Seru Suri', NULL, '-', 25, '2019', 1, 'SORE SERU SURI.png', NULL, 7, NULL, NULL, 0, 1, '2024-10-23', NULL),
(1001, 'Tarian Babo', NULL, '978-602-437-776-2', 25, '2019', 1, 'Tarian Babo.png', 3, 7, NULL, NULL, 0, 1, '2024-10-23', NULL),
(1002, 'Tetangga Baru Beki', NULL, '978-602-437-775-5', 25, '2019', 1, 'Tetangga Baru Beki.png', 3, 7, NULL, NULL, 0, 1, '2024-10-23', NULL),
(1003, 'Tia Ingin Seperti Naya', NULL, '978-602-437-889-9', 25, '2019', 1, 'Tia Ingin Seperti Naya.png', 3, 7, NULL, NULL, 0, 1, '2024-10-23', NULL),
(1004, 'Topiku', NULL, ' 978-602-244-157-1', 25, '2018', 1, 'Topiku.png', 3, 7, NULL, NULL, 0, 1, '2024-10-23', NULL),
(1005, 'Tubuhku', NULL, '978-602-244-165-6', 25, '2018', 1, 'Tubuhku.png', 3, 7, NULL, NULL, 0, 1, '2024-10-23', NULL),
(1006, 'Uli dan Popi', NULL, '978-602-244-158-8', 25, '2018', 1, 'Uli dan Popi.png', 3, 7, NULL, NULL, 0, 1, '2024-10-23', NULL),
(1007, 'Welem Senang Membaca', NULL, '-', 25, '2018', 1, 'Welem Senang Membaca.png', 3, 7, NULL, NULL, 0, 1, '2024-10-23', NULL),
(1008, 'Wortel-Wortel-Weli', NULL, '978-602-437-727-4', 25, '2019', 1, 'Wortel Wortel Weli.png', 3, 7, NULL, NULL, 0, 1, '2024-10-23', NULL),
(1009, '(Bukan) Jodoh Kesiangan', NULL, '978-623-559-807-9', 28, '2021', 1, 'cover_default.jpg', NULL, 13, NULL, NULL, 0, 1, '2024-10-24', NULL),
(1010, 'Badai Pasti Berlalu', NULL, '978-602-065-496-6', 23, '2021', 1, 'cover_default.jpg', NULL, 13, NULL, NULL, 0, 1, '2024-10-24', NULL),
(1011, 'Downpour', NULL, '978-602-053-624', 23, '2021', 1, 'cover_default.jpg', NULL, 13, NULL, NULL, 0, 1, '2024-10-24', NULL),
(1012, 'Hujan Merah Jambu', NULL, '978-602-671-601-9', 29, '2017', 1, 'cover_default.jpg', NULL, 13, NULL, NULL, 0, 1, '2024-10-24', NULL),
(1013, 'Jangan Bersedih, Ukhti', NULL, '978-602-635-851-6', 30, '2018', 1, 'cover_default.jpg', NULL, 13, NULL, NULL, 0, 1, '2024-10-24', NULL),
(1014, 'Jatuh Cinta Adalah Cara Terbaik untuk Bunuh Diri', NULL, '', 31, '2014', 1, 'cover_default.jpg', NULL, 13, NULL, NULL, 0, 1, '2024-10-24', NULL),
(1015, 'Jejak Lara', NULL, '-', 27, '2021', 1, 'cover_default.jpg', NULL, 13, NULL, NULL, 0, 1, '2024-10-24', NULL),
(1016, 'Laut Bercerita', NULL, '978-602-424-694-5', 23, '2017', 1, 'cover_default.jpg', NULL, 13, NULL, NULL, 0, 1, '2024-10-24', NULL),
(1017, 'Lies Between Us', NULL, '978-623-735-181-8', 32, '2021', 1, 'cover_default.jpg', NULL, 13, NULL, NULL, 0, 1, '2024-10-24', NULL),
(1018, 'Little Things About You', NULL, '-', 28, '2022', 1, 'cover_default.jpg', NULL, 13, NULL, NULL, 0, 1, '2024-10-24', NULL),
(1019, 'Love Me If You Dare', NULL, '978-623-568-859-6', 33, '2022', 1, 'cover_default.jpg', NULL, 13, NULL, NULL, 0, 1, '2024-10-24', NULL),
(1020, 'Saat-Saat Jauh', NULL, '978-602-065-523-9', 23, '2019', 1, 'cover_default.jpg', NULL, 13, NULL, NULL, 0, 1, '2024-10-24', NULL),
(1021, 'The End', NULL, '-', 33, '2019', 1, 'cover_default.jpg', NULL, 13, NULL, NULL, 0, 1, '2024-10-24', NULL),
(1022, 'The Real Home Is You #2', NULL, '-', 27, '2019', 1, 'cover_default.jpg', NULL, 13, NULL, NULL, 0, 1, '2024-10-24', NULL),
(1023, 'Will You Let Me Love You', NULL, '978-623-735-192-4', 32, '2022', 1, 'cover_default.jpg', NULL, 13, NULL, NULL, 0, 1, '2024-10-24', NULL);

-- --------------------------------------------------------

--
-- Struktur dari tabel `book_author`
--

CREATE TABLE `book_author` (
  `book_id` int(11) NOT NULL,
  `author_id` int(11) NOT NULL,
  `input_date` date NOT NULL DEFAULT current_timestamp(),
  `last_update` date DEFAULT NULL
) ENGINE=InnoDB DEFAULT CHARSET=utf8mb4;

--
-- Dumping data untuk tabel `book_author`
--

INSERT INTO `book_author` (`book_id`, `author_id`, `input_date`, `last_update`) VALUES
(1, 1, '2024-06-14', NULL),
(1, 2, '2024-06-14', NULL),
(1, 3, '2024-06-14', NULL),
(1, 4, '2024-06-14', NULL),
(2, 7, '2024-06-14', NULL),
(2, 8, '2024-06-14', NULL),
(3, 9, '2024-06-14', NULL),
(3, 10, '2024-06-14', NULL),
(3, 11, '2024-06-14', NULL),
(4, 5, '2024-06-14', NULL),
(4, 12, '2024-06-14', NULL),
(4, 13, '2024-06-14', NULL),
(5, 14, '2024-06-14', NULL),
(5, 15, '2024-06-14', NULL),
(6, 5, '2024-06-24', NULL),
(6, 6, '2024-06-24', NULL),
(7, 8, '2024-06-24', NULL),
(7, 16, '2024-06-24', NULL),
(8, 9, '2024-06-24', NULL),
(8, 10, '2024-06-24', NULL),
(8, 11, '2024-06-24', NULL),
(9, 17, '2024-06-24', NULL),
(9, 18, '2024-06-24', NULL),
(10, 19, '2024-06-24', NULL),
(11, 20, '2024-06-24', NULL),
(11, 21, '2024-06-24', NULL),
(12, 22, '2024-06-24', NULL),
(12, 23, '2024-06-24', NULL),
(13, 24, '2024-06-24', NULL),
(13, 25, '2024-06-24', NULL),
(14, 98, '2024-06-24', NULL),
(14, 99, '2024-06-24', NULL),
(15, 100, '2024-06-24', NULL),
(15, 101, '2024-06-24', NULL),
(16, 102, '2024-06-24', NULL),
(16, 103, '2024-06-24', NULL),
(17, 104, '2024-06-24', NULL),
(17, 105, '2024-06-24', NULL),
(18, 106, '2024-06-24', NULL),
(18, 107, '2024-06-24', NULL),
(18, 108, '2024-06-24', NULL),
(19, 109, '2024-06-24', NULL),
(19, 110, '2024-06-24', NULL),
(19, 111, '2024-06-24', NULL),
(20, 112, '2024-06-24', NULL),
(21, 113, '2024-06-27', NULL),
(21, 114, '2024-06-27', NULL),
(488, 116, '2024-10-24', NULL),
(488, 117, '2024-10-24', NULL),
(488, 118, '2024-10-24', NULL),
(488, 119, '2024-10-24', NULL),
(489, 123, '2024-10-24', NULL),
(502, 126, '2024-10-24', NULL),
(706, 131, '2024-10-24', NULL),
(708, 134, '2024-10-24', NULL),
(716, 136, '2024-10-24', NULL),
(723, 137, '2024-10-24', NULL),
(759, 138, '2024-10-24', NULL),
(768, 139, '2024-10-24', NULL),
(908, 115, '2024-10-24', NULL),
(909, 120, '2024-10-24', NULL),
(910, 121, '2024-10-24', NULL),
(910, 122, '2024-10-24', NULL),
(911, 124, '2024-10-24', NULL),
(912, 125, '2024-10-24', NULL),
(913, 127, '2024-10-24', NULL),
(913, 128, '2024-10-24', NULL),
(913, 129, '2024-10-24', NULL),
(913, 130, '2024-10-24', NULL),
(914, 132, '2024-10-24', NULL),
(914, 133, '2024-10-24', NULL),
(915, 135, '2024-10-24', NULL),
(916, 141, '2024-10-24', NULL),
(917, 135, '2024-10-24', NULL),
(918, 142, '2024-10-24', NULL),
(919, 143, '2024-10-24', NULL),
(920, 144, '2024-10-24', NULL),
(921, 145, '2024-10-24', NULL),
(922, 146, '2024-10-24', NULL),
(923, 147, '2024-10-24', NULL),
(924, 148, '2024-10-24', NULL),
(925, 149, '2024-10-24', NULL),
(926, 150, '2024-10-24', NULL),
(927, 151, '2024-10-24', NULL),
(928, 152, '2024-10-24', NULL),
(929, 153, '2024-10-24', NULL),
(930, 154, '2024-10-24', NULL),
(931, 155, '2024-10-24', NULL),
(932, 156, '2024-10-24', NULL),
(933, 157, '2024-10-24', NULL),
(934, 158, '2024-10-24', NULL),
(935, 159, '2024-10-24', NULL),
(936, 159, '2024-10-24', NULL),
(937, 160, '2024-10-24', NULL),
(938, 161, '2024-10-24', NULL),
(939, 162, '2024-10-24', NULL),
(940, 163, '2024-10-24', NULL),
(941, 164, '2024-10-24', NULL),
(942, 165, '2024-10-24', NULL),
(943, 166, '2024-10-24', NULL),
(944, 167, '2024-10-24', NULL),
(945, 168, '2024-10-24', NULL),
(946, 169, '2024-10-24', NULL),
(947, 170, '2024-10-24', NULL),
(948, 171, '2024-10-24', NULL),
(949, 172, '2024-10-24', NULL),
(950, 173, '2024-10-24', NULL),
(951, 174, '2024-10-24', NULL),
(952, 175, '2024-10-24', NULL),
(953, 176, '2024-10-24', NULL),
(954, 177, '2024-10-24', NULL),
(955, 178, '2024-10-24', NULL),
(956, 2, '2024-10-21', NULL),
(958, 179, '2024-10-24', NULL),
(960, 147, '2024-10-24', NULL),
(962, 180, '2024-10-24', NULL),
(963, 181, '2024-10-24', NULL),
(964, 182, '2024-10-24', NULL),
(965, 182, '2024-10-24', NULL),
(966, 183, '2024-10-24', NULL),
(967, 184, '2024-10-24', NULL),
(968, 185, '2024-10-24', NULL),
(969, 186, '2024-10-24', NULL),
(970, 179, '2024-10-24', NULL),
(971, 180, '2024-10-24', NULL),
(972, 187, '2024-10-24', NULL),
(973, 188, '2024-10-24', NULL),
(977, 189, '2024-10-24', NULL),
(978, 190, '2024-10-24', NULL),
(981, 191, '2024-10-24', NULL),
(983, 192, '2024-10-24', NULL),
(984, 193, '2024-10-24', NULL),
(985, 180, '2024-10-24', NULL),
(988, 194, '2024-10-24', NULL),
(990, 195, '2024-10-24', NULL),
(991, 196, '2024-10-24', NULL),
(991, 197, '2024-10-24', NULL),
(992, 187, '2024-10-24', NULL),
(993, 198, '2024-10-24', NULL),
(995, 199, '2024-10-24', NULL),
(998, 200, '2024-10-24', NULL),
(1009, 201, '2024-10-24', NULL),
(1010, 202, '2024-10-24', NULL),
(1011, 203, '2024-10-24', NULL),
(1012, 204, '2024-10-24', NULL),
(1013, 205, '2024-10-24', NULL),
(1014, 206, '2024-10-24', NULL),
(1015, 207, '2024-10-24', NULL),
(1016, 208, '2024-10-24', NULL),
(1017, 209, '2024-10-24', NULL),
(1018, 210, '2024-10-24', NULL),
(1019, 211, '2024-10-24', NULL),
(1020, 212, '2024-10-24', NULL),
(1021, 213, '2024-10-24', NULL),
(1022, 214, '2024-10-24', NULL),
(1023, 215, '2024-10-24', NULL);

-- --------------------------------------------------------

--
-- Struktur dari tabel `book_file`
--

CREATE TABLE `book_file` (
  `book_id` int(11) NOT NULL,
  `file_id` int(11) NOT NULL,
  `input_date` date NOT NULL DEFAULT current_timestamp()
) ENGINE=InnoDB DEFAULT CHARSET=utf8mb4;

--
-- Dumping data untuk tabel `book_file`
--

INSERT INTO `book_file` (`book_id`, `file_id`, `input_date`) VALUES
(1, 1, '2024-06-14'),
(2, 2, '2024-06-14'),
(3, 3, '2024-06-14'),
(4, 4, '2024-06-14'),
(5, 5, '2024-06-14'),
(6, 6, '2024-06-24'),
(7, 7, '2024-06-24'),
(8, 8, '2024-06-24'),
(9, 9, '2024-06-24'),
(10, 10, '2024-06-24'),
(11, 11, '2024-06-24'),
(12, 12, '2024-06-24'),
(13, 13, '2024-06-24'),
(14, 14, '2024-06-24'),
(15, 15, '2024-06-24'),
(16, 16, '2024-06-24'),
(17, 17, '2024-06-24'),
(18, 18, '2024-06-24'),
(19, 19, '2024-06-24'),
(20, 20, '2024-06-24'),
(21, 21, '2024-06-27'),
(21, 22, '2024-06-27'),
(21, 23, '2024-06-27'),
(21, 24, '2024-06-27'),
(21, 25, '2024-06-27'),
(21, 26, '2024-06-27'),
(21, 27, '2024-06-27'),
(21, 28, '2024-06-27'),
(21, 29, '2024-06-27'),
(21, 30, '2024-06-27'),
(21, 31, '2024-06-27'),
(21, 32, '2024-06-27'),
(21, 33, '2024-06-27'),
(21, 34, '2024-06-27'),
(21, 35, '2024-06-27'),
(21, 36, '2024-06-27'),
(21, 37, '2024-06-27'),
(21, 38, '2024-06-27'),
(21, 39, '2024-06-27'),
(21, 40, '2024-06-27'),
(21, 41, '2024-06-27'),
(21, 42, '2024-06-27'),
(21, 43, '2024-06-27'),
(21, 44, '2024-06-27'),
(21, 45, '2024-06-27'),
(21, 46, '2024-06-27'),
(21, 47, '2024-06-27'),
(21, 48, '2024-06-27'),
(21, 49, '2024-06-27'),
(21, 50, '2024-06-27'),
(21, 51, '2024-06-27'),
(21, 52, '2024-06-27'),
(21, 53, '2024-06-27'),
(21, 54, '2024-06-27'),
(21, 55, '2024-06-27'),
(21, 56, '2024-06-27'),
(21, 57, '2024-06-27'),
(21, 58, '2024-06-27'),
(32, 59, '2024-10-11'),
(33, 63, '2024-10-11'),
(34, 64, '2024-10-11'),
(36, 66, '2024-10-11'),
(37, 65, '2024-10-11'),
(38, 60, '2024-10-11'),
(39, 61, '2024-10-11'),
(40, 62, '2024-10-11'),
(41, 67, '2024-10-11'),
(42, 68, '2024-10-11'),
(43, 69, '2024-10-11'),
(44, 70, '2024-10-11'),
(45, 71, '2024-10-11'),
(46, 72, '2024-10-11'),
(47, 73, '2024-10-11'),
(48, 74, '2024-10-11'),
(49, 75, '2024-10-11'),
(51, 76, '2024-10-11'),
(52, 77, '2024-10-11'),
(53, 79, '2024-10-11'),
(54, 78, '2024-10-11'),
(55, 80, '2024-10-11'),
(56, 81, '2024-10-11'),
(57, 82, '2024-10-11'),
(58, 83, '2024-10-11'),
(59, 84, '2024-10-11'),
(60, 85, '2024-10-11'),
(61, 86, '2024-10-11'),
(62, 87, '2024-10-11'),
(63, 88, '2024-10-11'),
(64, 89, '2024-10-11'),
(65, 90, '2024-10-11'),
(66, 91, '2024-10-11'),
(67, 92, '2024-10-11'),
(68, 93, '2024-10-11'),
(69, 94, '2024-10-11'),
(70, 95, '2024-10-11'),
(71, 96, '2024-10-11'),
(72, 97, '2024-10-11'),
(73, 98, '2024-10-11'),
(74, 99, '2024-10-11'),
(75, 100, '2024-10-11'),
(76, 101, '2024-10-11'),
(78, 102, '2024-10-11'),
(79, 103, '2024-10-11'),
(80, 104, '2024-10-11'),
(81, 105, '2024-10-11'),
(82, 106, '2024-10-11'),
(83, 107, '2024-10-11'),
(84, 108, '2024-10-11'),
(85, 109, '2024-10-11'),
(86, 110, '2024-10-11'),
(87, 111, '2024-10-11'),
(88, 112, '2024-10-11'),
(89, 113, '2024-10-11'),
(90, 114, '2024-10-11'),
(91, 115, '2024-10-11'),
(92, 116, '2024-10-11'),
(93, 117, '2024-10-11'),
(94, 118, '2024-10-11'),
(95, 119, '2024-10-11'),
(96, 120, '2024-10-11'),
(97, 121, '2024-10-11'),
(101, 122, '2024-10-11'),
(103, 123, '2024-10-11'),
(104, 124, '2024-10-11'),
(105, 125, '2024-10-11'),
(107, 126, '2024-10-11'),
(108, 127, '2024-10-11'),
(109, 128, '2024-10-11'),
(110, 129, '2024-10-11'),
(111, 130, '2024-10-11'),
(112, 131, '2024-10-11'),
(113, 132, '2024-10-11'),
(114, 133, '2024-10-11'),
(115, 134, '2024-10-11'),
(116, 135, '2024-10-11'),
(119, 136, '2024-10-11'),
(121, 137, '2024-10-11'),
(122, 138, '2024-10-11'),
(123, 139, '2024-10-11'),
(125, 140, '2024-10-11'),
(127, 141, '2024-10-11'),
(132, 142, '2024-10-11'),
(133, 143, '2024-10-11'),
(134, 144, '2024-10-11'),
(135, 145, '2024-10-11'),
(138, 146, '2024-10-11'),
(139, 147, '2024-10-11'),
(140, 148, '2024-10-11'),
(141, 149, '2024-10-11'),
(142, 150, '2024-10-11'),
(143, 151, '2024-10-11'),
(144, 152, '2024-10-11'),
(145, 153, '2024-10-11'),
(146, 154, '2024-10-11'),
(147, 155, '2024-10-11'),
(148, 156, '2024-10-11'),
(150, 157, '2024-10-11'),
(151, 158, '2024-10-11'),
(152, 159, '2024-10-11'),
(153, 160, '2024-10-11'),
(154, 161, '2024-10-11'),
(155, 162, '2024-10-11'),
(156, 163, '2024-10-11'),
(157, 164, '2024-10-11'),
(158, 165, '2024-10-11'),
(159, 166, '2024-10-11'),
(160, 167, '2024-10-11'),
(161, 168, '2024-10-11'),
(162, 169, '2024-10-11'),
(163, 170, '2024-10-11'),
(165, 171, '2024-10-11'),
(166, 172, '2024-10-11'),
(167, 173, '2024-10-11'),
(168, 174, '2024-10-11'),
(169, 175, '2024-10-11'),
(170, 176, '2024-10-11'),
(171, 177, '2024-10-11'),
(172, 178, '2024-10-11'),
(173, 179, '2024-10-11'),
(174, 180, '2024-10-11'),
(176, 181, '2024-10-11'),
(177, 182, '2024-10-11'),
(178, 183, '2024-10-11'),
(179, 184, '2024-10-11'),
(180, 185, '2024-10-11'),
(181, 186, '2024-10-11'),
(182, 187, '2024-10-11'),
(184, 188, '2024-10-11'),
(185, 189, '2024-10-11'),
(186, 190, '2024-10-11'),
(188, 191, '2024-10-11'),
(189, 192, '2024-10-11'),
(190, 193, '2024-10-11'),
(191, 194, '2024-10-11'),
(192, 195, '2024-10-11'),
(193, 196, '2024-10-11'),
(194, 197, '2024-10-11'),
(196, 198, '2024-10-11'),
(197, 199, '2024-10-11'),
(198, 200, '2024-10-11'),
(199, 201, '2024-10-11'),
(200, 202, '2024-10-11'),
(201, 203, '2024-10-11'),
(202, 204, '2024-10-11'),
(203, 205, '2024-10-11'),
(204, 206, '2024-10-11'),
(205, 207, '2024-10-11'),
(207, 208, '2024-10-11'),
(208, 209, '2024-10-11'),
(209, 210, '2024-10-11'),
(210, 211, '2024-10-11'),
(211, 212, '2024-10-11'),
(212, 213, '2024-10-11'),
(213, 214, '2024-10-11'),
(214, 215, '2024-10-11'),
(215, 216, '2024-10-11'),
(216, 217, '2024-10-11'),
(217, 218, '2024-10-11'),
(218, 219, '2024-10-11'),
(219, 220, '2024-10-11'),
(221, 221, '2024-10-11'),
(223, 222, '2024-10-11'),
(224, 223, '2024-10-11'),
(225, 224, '2024-10-11'),
(228, 225, '2024-10-11'),
(229, 226, '2024-10-11'),
(230, 227, '2024-10-11'),
(231, 228, '2024-10-11'),
(232, 229, '2024-10-11'),
(233, 230, '2024-10-11'),
(234, 231, '2024-10-11'),
(235, 232, '2024-10-11'),
(236, 233, '2024-10-11'),
(237, 234, '2024-10-11'),
(238, 235, '2024-10-11'),
(239, 236, '2024-10-11'),
(240, 237, '2024-10-11'),
(241, 238, '2024-10-11'),
(242, 239, '2024-10-11'),
(243, 240, '2024-10-11'),
(245, 241, '2024-10-11'),
(246, 242, '2024-10-11'),
(248, 243, '2024-10-11'),
(249, 244, '2024-10-11'),
(250, 245, '2024-10-11'),
(251, 246, '2024-10-11'),
(254, 247, '2024-10-11'),
(255, 248, '2024-10-11'),
(256, 249, '2024-10-11'),
(258, 250, '2024-10-11'),
(259, 251, '2024-10-11'),
(261, 252, '2024-10-11'),
(262, 253, '2024-10-11'),
(264, 254, '2024-10-11'),
(265, 255, '2024-10-11'),
(267, 256, '2024-10-11'),
(268, 257, '2024-10-11'),
(270, 258, '2024-10-11'),
(271, 259, '2024-10-11'),
(272, 260, '2024-10-11'),
(273, 261, '2024-10-11'),
(274, 262, '2024-10-11'),
(276, 263, '2024-10-11'),
(277, 264, '2024-10-11'),
(278, 265, '2024-10-11'),
(280, 266, '2024-10-11'),
(281, 267, '2024-10-11'),
(282, 268, '2024-10-11'),
(283, 269, '2024-10-11'),
(284, 270, '2024-10-11'),
(286, 271, '2024-10-11'),
(287, 272, '2024-10-11'),
(288, 273, '2024-10-11'),
(290, 274, '2024-10-11'),
(291, 275, '2024-10-11'),
(292, 276, '2024-10-11'),
(293, 277, '2024-10-11'),
(294, 278, '2024-10-11'),
(295, 279, '2024-10-11'),
(296, 280, '2024-10-11'),
(298, 281, '2024-10-11'),
(299, 282, '2024-10-11'),
(300, 283, '2024-10-11'),
(301, 284, '2024-10-11'),
(302, 285, '2024-10-11'),
(303, 286, '2024-10-11'),
(304, 287, '2024-10-11'),
(305, 288, '2024-10-11'),
(306, 289, '2024-10-11'),
(307, 290, '2024-10-11'),
(308, 291, '2024-10-11'),
(310, 292, '2024-10-11'),
(311, 293, '2024-10-11'),
(312, 294, '2024-10-11'),
(313, 295, '2024-10-11'),
(314, 296, '2024-10-11'),
(315, 297, '2024-10-11'),
(316, 298, '2024-10-11'),
(318, 299, '2024-10-11'),
(319, 300, '2024-10-11'),
(320, 301, '2024-10-11'),
(321, 302, '2024-10-11'),
(322, 303, '2024-10-11'),
(325, 304, '2024-10-11'),
(326, 305, '2024-10-11'),
(327, 306, '2024-10-11'),
(421, 307, '2024-10-11'),
(422, 308, '2024-10-11'),
(423, 309, '2024-10-11'),
(424, 310, '2024-10-11'),
(425, 311, '2024-10-11'),
(427, 312, '2024-10-11'),
(428, 313, '2024-10-11'),
(429, 314, '2024-10-11'),
(430, 316, '2024-10-11'),
(431, 317, '2024-10-11'),
(432, 318, '2024-10-11'),
(434, 319, '2024-10-11'),
(436, 320, '2024-10-11'),
(437, 321, '2024-10-11'),
(438, 322, '2024-10-11'),
(439, 323, '2024-10-11'),
(442, 324, '2024-10-11'),
(443, 325, '2024-10-11'),
(444, 326, '2024-10-11'),
(451, 327, '2024-10-11'),
(452, 328, '2024-10-11'),
(453, 329, '2024-10-11'),
(454, 330, '2024-10-11'),
(455, 331, '2024-10-11'),
(456, 332, '2024-10-11'),
(457, 333, '2024-10-11'),
(458, 334, '2024-10-11'),
(459, 335, '2024-10-11'),
(460, 336, '2024-10-11'),
(461, 337, '2024-10-11'),
(462, 338, '2024-10-11'),
(463, 339, '2024-10-11'),
(464, 340, '2024-10-11'),
(465, 341, '2024-10-11'),
(467, 342, '2024-10-11'),
(468, 343, '2024-10-11'),
(469, 344, '2024-10-11'),
(470, 345, '2024-10-11'),
(471, 346, '2024-10-11'),
(472, 347, '2024-10-11'),
(474, 348, '2024-10-11'),
(475, 349, '2024-10-11'),
(476, 350, '2024-10-11'),
(477, 351, '2024-10-11'),
(478, 352, '2024-10-11'),
(479, 353, '2024-10-11'),
(480, 354, '2024-10-11'),
(481, 355, '2024-10-11'),
(482, 356, '2024-10-11'),
(483, 357, '2024-10-11'),
(484, 358, '2024-10-11'),
(485, 359, '2024-10-11'),
(486, 360, '2024-10-11'),
(487, 361, '2024-10-11'),
(488, 315, '2024-10-16'),
(489, 362, '2024-10-16'),
(490, 364, '2024-10-11'),
(491, 365, '2024-10-11'),
(492, 366, '2024-10-11'),
(493, 367, '2024-10-11'),
(494, 368, '2024-10-11'),
(495, 369, '2024-10-11'),
(496, 370, '2024-10-11'),
(497, 371, '2024-10-11'),
(498, 372, '2024-10-11'),
(499, 373, '2024-10-11'),
(500, 374, '2024-10-11'),
(501, 375, '2024-10-11'),
(502, 363, '2024-10-16'),
(505, 376, '2024-10-11'),
(506, 377, '2024-10-11'),
(507, 378, '2024-10-11'),
(514, 379, '2024-10-11'),
(515, 380, '2024-10-11'),
(516, 381, '2024-10-11'),
(518, 382, '2024-10-11'),
(521, 383, '2024-10-11'),
(522, 384, '2024-10-11'),
(524, 385, '2024-10-11'),
(525, 386, '2024-10-11'),
(527, 387, '2024-10-11'),
(528, 388, '2024-10-11'),
(701, 389, '2024-10-11'),
(702, 390, '2024-10-11'),
(703, 391, '2024-10-11'),
(704, 392, '2024-10-11'),
(705, 393, '2024-10-11'),
(706, 394, '2024-10-16'),
(707, 395, '2024-10-11'),
(708, 396, '2024-10-16'),
(708, 404, '2024-10-16'),
(709, 397, '2024-10-11'),
(710, 398, '2024-10-11'),
(711, 399, '2024-10-11'),
(712, 400, '2024-10-11'),
(713, 401, '2024-10-11'),
(714, 402, '2024-10-11'),
(715, 403, '2024-10-11'),
(716, 406, '2024-10-16'),
(716, 435, '2024-10-16'),
(717, 405, '2024-10-11'),
(723, 444, '2024-10-16'),
(723, 618, '2024-10-16'),
(724, 407, '2024-10-11'),
(725, 408, '2024-10-11'),
(726, 409, '2024-10-11'),
(727, 410, '2024-10-11'),
(728, 411, '2024-10-11'),
(729, 412, '2024-10-11'),
(730, 413, '2024-10-11'),
(731, 414, '2024-10-11'),
(732, 415, '2024-10-11'),
(733, 416, '2024-10-11'),
(734, 417, '2024-10-11'),
(735, 418, '2024-10-11'),
(736, 419, '2024-10-11'),
(738, 420, '2024-10-11'),
(741, 421, '2024-10-11'),
(742, 422, '2024-10-11'),
(743, 423, '2024-10-11'),
(745, 424, '2024-10-11'),
(746, 425, '2024-10-11'),
(747, 426, '2024-10-11'),
(750, 427, '2024-10-11'),
(751, 428, '2024-10-11'),
(752, 429, '2024-10-11'),
(754, 430, '2024-10-11'),
(755, 431, '2024-10-11'),
(756, 432, '2024-10-11'),
(757, 433, '2024-10-11'),
(758, 434, '2024-10-11'),
(759, 619, '2024-10-16'),
(759, 620, '2024-10-16'),
(760, 436, '2024-10-11'),
(761, 437, '2024-10-11'),
(762, 438, '2024-10-11'),
(763, 439, '2024-10-11'),
(764, 440, '2024-10-11'),
(765, 441, '2024-10-11'),
(766, 442, '2024-10-11'),
(767, 443, '2024-10-11'),
(768, 621, '2024-10-16'),
(768, 622, '2024-10-16'),
(769, 445, '2024-10-11'),
(770, 446, '2024-10-11'),
(771, 447, '2024-10-11'),
(772, 448, '2024-10-11'),
(773, 449, '2024-10-11'),
(774, 450, '2024-10-11'),
(775, 451, '2024-10-11'),
(776, 452, '2024-10-11'),
(777, 453, '2024-10-11'),
(779, 454, '2024-10-11'),
(780, 455, '2024-10-11'),
(781, 456, '2024-10-11'),
(784, 457, '2024-10-11'),
(789, 458, '2024-10-11'),
(790, 459, '2024-10-11'),
(792, 462, '2024-10-11'),
(793, 460, '2024-10-11'),
(794, 461, '2024-10-11'),
(795, 463, '2024-10-11'),
(796, 464, '2024-10-11'),
(797, 465, '2024-10-11'),
(798, 466, '2024-10-11'),
(799, 467, '2024-10-11'),
(800, 468, '2024-10-11'),
(801, 469, '2024-10-11'),
(802, 470, '2024-10-11'),
(804, 471, '2024-10-11'),
(805, 472, '2024-10-11'),
(806, 473, '2024-10-11'),
(807, 474, '2024-10-11'),
(809, 475, '2024-10-11'),
(810, 476, '2024-10-11'),
(811, 477, '2024-10-11'),
(813, 478, '2024-10-11'),
(814, 479, '2024-10-11'),
(815, 480, '2024-10-11'),
(818, 481, '2024-10-11'),
(821, 482, '2024-10-11'),
(822, 483, '2024-10-11'),
(823, 484, '2024-10-11'),
(824, 485, '2024-10-11'),
(825, 486, '2024-10-11'),
(826, 487, '2024-10-11'),
(827, 488, '2024-10-11'),
(828, 489, '2024-10-11'),
(829, 490, '2024-10-11'),
(830, 491, '2024-10-11'),
(831, 492, '2024-10-11'),
(832, 493, '2024-10-11'),
(833, 494, '2024-10-11'),
(834, 495, '2024-10-11'),
(835, 496, '2024-10-11'),
(836, 497, '2024-10-11'),
(837, 498, '2024-10-11'),
(839, 499, '2024-10-11'),
(840, 500, '2024-10-11'),
(841, 501, '2024-10-11'),
(842, 502, '2024-10-11'),
(843, 503, '2024-10-11'),
(845, 504, '2024-10-11'),
(846, 505, '2024-10-11'),
(847, 506, '2024-10-11'),
(848, 507, '2024-10-11'),
(849, 508, '2024-10-11'),
(850, 509, '2024-10-11'),
(851, 510, '2024-10-11'),
(852, 511, '2024-10-11'),
(853, 512, '2024-10-11'),
(854, 513, '2024-10-11'),
(855, 514, '2024-10-11'),
(856, 515, '2024-10-11'),
(857, 516, '2024-10-11'),
(858, 517, '2024-10-11'),
(859, 518, '2024-10-11'),
(860, 519, '2024-10-11'),
(861, 520, '2024-10-11'),
(862, 521, '2024-10-11'),
(863, 522, '2024-10-11'),
(866, 523, '2024-10-11'),
(868, 524, '2024-10-11'),
(869, 525, '2024-10-11'),
(870, 526, '2024-10-11'),
(871, 527, '2024-10-11'),
(873, 528, '2024-10-11'),
(874, 529, '2024-10-11'),
(875, 530, '2024-10-11'),
(877, 605, '2024-10-16'),
(877, 606, '2024-10-16'),
(877, 607, '2024-10-16'),
(877, 608, '2024-10-16'),
(878, 531, '2024-10-11'),
(879, 532, '2024-10-11'),
(883, 533, '2024-10-11'),
(884, 534, '2024-10-11'),
(885, 535, '2024-10-11'),
(887, 536, '2024-10-11'),
(888, 537, '2024-10-11'),
(891, 538, '2024-10-11'),
(894, 539, '2024-10-11'),
(895, 540, '2024-10-11'),
(896, 541, '2024-10-11'),
(898, 542, '2024-10-11'),
(900, 543, '2024-10-11'),
(901, 544, '2024-10-11'),
(902, 545, '2024-10-11'),
(904, 546, '2024-10-11'),
(905, 547, '2024-10-11'),
(906, 548, '2024-10-11'),
(907, 549, '2024-10-11'),
(908, 568, '2024-10-16'),
(908, 569, '2024-10-16'),
(908, 570, '2024-10-16'),
(908, 571, '2024-10-16'),
(909, 572, '2024-10-16'),
(909, 573, '2024-10-16'),
(909, 574, '2024-10-16'),
(909, 575, '2024-10-16'),
(910, 576, '2024-10-16'),
(910, 577, '2024-10-16'),
(910, 578, '2024-10-16'),
(910, 579, '2024-10-16'),
(910, 580, '2024-10-16'),
(910, 581, '2024-10-16'),
(910, 582, '2024-10-16'),
(910, 583, '2024-10-16'),
(910, 584, '2024-10-16'),
(910, 585, '2024-10-16'),
(910, 586, '2024-10-16'),
(910, 587, '2024-10-16'),
(911, 588, '2024-10-16'),
(911, 589, '2024-10-16'),
(911, 590, '2024-10-16'),
(911, 591, '2024-10-16'),
(911, 592, '2024-10-16'),
(912, 593, '2024-10-16'),
(912, 594, '2024-10-16'),
(912, 595, '2024-10-16'),
(912, 596, '2024-10-16'),
(913, 597, '2024-10-16'),
(913, 598, '2024-10-16'),
(913, 599, '2024-10-16'),
(913, 600, '2024-10-16'),
(913, 601, '2024-10-16'),
(913, 602, '2024-10-16'),
(913, 603, '2024-10-16'),
(913, 604, '2024-10-16'),
(914, 609, '2024-10-16'),
(914, 610, '2024-10-16'),
(914, 611, '2024-10-16'),
(914, 612, '2024-10-16'),
(914, 613, '2024-10-16'),
(914, 614, '2024-10-16'),
(914, 615, '2024-10-16'),
(915, 616, '2024-10-16'),
(915, 617, '2024-10-16'),
(916, 623, '2024-10-16'),
(916, 624, '2024-10-16'),
(917, 625, '2024-10-16'),
(917, 626, '2024-10-16'),
(918, 627, '2024-10-16'),
(918, 628, '2024-10-16'),
(919, 629, '2024-10-16'),
(919, 630, '2024-10-16'),
(920, 631, '2024-10-16'),
(920, 632, '2024-10-16'),
(921, 633, '2024-10-16'),
(921, 634, '2024-10-16'),
(922, 635, '2024-10-16'),
(922, 636, '2024-10-16'),
(923, 637, '2024-10-16'),
(923, 638, '2024-10-16'),
(924, 639, '2024-10-16'),
(924, 640, '2024-10-16'),
(925, 641, '2024-10-16'),
(925, 642, '2024-10-16'),
(926, 643, '2024-10-16'),
(926, 644, '2024-10-16'),
(927, 645, '2024-10-16'),
(927, 646, '2024-10-16'),
(928, 647, '2024-10-16'),
(928, 648, '2024-10-16'),
(929, 649, '2024-10-16'),
(929, 650, '2024-10-16'),
(930, 651, '2024-10-16'),
(931, 652, '2024-10-16'),
(932, 653, '2024-10-16'),
(933, 654, '2024-10-16'),
(934, 655, '2024-10-16'),
(935, 656, '2024-10-16'),
(936, 657, '2024-10-16'),
(937, 658, '2024-10-16'),
(937, 659, '2024-10-16'),
(937, 660, '2024-10-16'),
(937, 661, '2024-10-16'),
(937, 662, '2024-10-16'),
(937, 663, '2024-10-16'),
(937, 664, '2024-10-16'),
(937, 665, '2024-10-16'),
(937, 666, '2024-10-16'),
(937, 667, '2024-10-16'),
(938, 668, '2024-10-16'),
(939, 669, '2024-10-16'),
(939, 670, '2024-10-16'),
(939, 671, '2024-10-16'),
(939, 672, '2024-10-16'),
(939, 673, '2024-10-16'),
(939, 674, '2024-10-16'),
(939, 675, '2024-10-16'),
(939, 676, '2024-10-16'),
(939, 677, '2024-10-16'),
(939, 678, '2024-10-16'),
(939, 679, '2024-10-16'),
(939, 680, '2024-10-16'),
(939, 681, '2024-10-16'),
(939, 682, '2024-10-16'),
(939, 683, '2024-10-16'),
(939, 684, '2024-10-16'),
(939, 685, '2024-10-16'),
(939, 686, '2024-10-16'),
(939, 687, '2024-10-16'),
(939, 688, '2024-10-16'),
(939, 689, '2024-10-16'),
(939, 690, '2024-10-16'),
(939, 691, '2024-10-16'),
(939, 692, '2024-10-16'),
(939, 693, '2024-10-16'),
(940, 694, '2024-10-16'),
(941, 695, '2024-10-16'),
(941, 696, '2024-10-16'),
(941, 697, '2024-10-16'),
(941, 698, '2024-10-16'),
(942, 699, '2024-10-16'),
(943, 700, '2024-10-16'),
(943, 701, '2024-10-16'),
(943, 702, '2024-10-16'),
(943, 703, '2024-10-16'),
(943, 704, '2024-10-16'),
(944, 705, '2024-10-16'),
(944, 706, '2024-10-16'),
(945, 707, '2024-10-16'),
(945, 708, '2024-10-16'),
(945, 709, '2024-10-16'),
(945, 710, '2024-10-16'),
(945, 711, '2024-10-16'),
(946, 712, '2024-10-16'),
(947, 713, '2024-10-16'),
(947, 714, '2024-10-16'),
(947, 715, '2024-10-16'),
(947, 716, '2024-10-16'),
(948, 717, '2024-10-16'),
(949, 718, '2024-10-16'),
(950, 719, '2024-10-16'),
(951, 720, '2024-10-16'),
(951, 721, '2024-10-16'),
(951, 722, '2024-10-16'),
(951, 723, '2024-10-16'),
(951, 724, '2024-10-16'),
(951, 725, '2024-10-16'),
(951, 726, '2024-10-16'),
(951, 727, '2024-10-16'),
(951, 728, '2024-10-16'),
(951, 729, '2024-10-16'),
(952, 730, '2024-10-16'),
(953, 731, '2024-10-16'),
(954, 732, '2024-10-16'),
(955, 733, '2024-10-16'),
(955, 734, '2024-10-16'),
(955, 735, '2024-10-16'),
(955, 736, '2024-10-16'),
(955, 737, '2024-10-16'),
(956, 738, '2024-10-23'),
(957, 739, '2024-10-23'),
(958, 740, '2024-10-23'),
(959, 741, '2024-10-23'),
(960, 742, '2024-10-23'),
(961, 743, '2024-10-23'),
(962, 744, '2024-10-23'),
(963, 745, '2024-10-23'),
(964, 746, '2024-10-23'),
(965, 747, '2024-10-23'),
(966, 748, '2024-10-23'),
(967, 749, '2024-10-23'),
(968, 750, '2024-10-23'),
(969, 751, '2024-10-23'),
(970, 752, '2024-10-23'),
(971, 753, '2024-10-23'),
(972, 754, '2024-10-23'),
(973, 755, '2024-10-23'),
(974, 756, '2024-10-23'),
(975, 757, '2024-10-23'),
(976, 758, '2024-10-23'),
(977, 759, '2024-10-23'),
(978, 760, '2024-10-23'),
(979, 761, '2024-10-23'),
(980, 762, '2024-10-23'),
(981, 763, '2024-10-23'),
(982, 764, '2024-10-23'),
(983, 765, '2024-10-23'),
(984, 766, '2024-10-23'),
(985, 767, '2024-10-23'),
(986, 768, '2024-10-23'),
(987, 769, '2024-10-23'),
(988, 770, '2024-10-23'),
(989, 771, '2024-10-23'),
(990, 772, '2024-10-23'),
(991, 773, '2024-10-23'),
(992, 774, '2024-10-23'),
(993, 775, '2024-10-23'),
(994, 776, '2024-10-23'),
(995, 777, '2024-10-23'),
(996, 778, '2024-10-23'),
(997, 779, '2024-10-23'),
(998, 780, '2024-10-23'),
(999, 781, '2024-10-23'),
(1000, 782, '2024-10-23'),
(1001, 783, '2024-10-23'),
(1002, 784, '2024-10-23'),
(1003, 785, '2024-10-23'),
(1004, 786, '2024-10-23'),
(1005, 787, '2024-10-23'),
(1006, 788, '2024-10-23'),
(1007, 789, '2024-10-23'),
(1008, 790, '2024-10-23'),
(1009, 791, '2024-10-24'),
(1010, 792, '2024-10-24'),
(1011, 793, '2024-10-24'),
(1012, 794, '2024-10-24'),
(1013, 795, '2024-10-24'),
(1014, 796, '2024-10-24'),
(1015, 797, '2024-10-24'),
(1016, 798, '2024-10-24'),
(1017, 799, '2024-10-24'),
(1018, 800, '2024-10-24'),
(1019, 801, '2024-10-24'),
(1020, 802, '2024-10-24'),
(1021, 803, '2024-10-24'),
(1022, 804, '2024-10-24'),
(1023, 805, '2024-10-24');

-- --------------------------------------------------------

--
-- Struktur dari tabel `book_tags`
--

CREATE TABLE `book_tags` (
  `book_id` int(11) NOT NULL,
  `tags_id` int(11) NOT NULL,
  `input_date` date NOT NULL
) ENGINE=InnoDB DEFAULT CHARSET=utf8mb4;

--
-- Dumping data untuk tabel `book_tags`
--

INSERT INTO `book_tags` (`book_id`, `tags_id`, `input_date`) VALUES
(24, 2, '2024-09-20'),
(46, 1, '2024-09-25'),
(47, 3, '2024-09-25'),
(48, 2, '2024-09-25'),
(49, 1, '2024-09-25'),
(50, 1, '2024-09-25'),
(51, 1, '2024-09-25');

-- --------------------------------------------------------

--
-- Struktur dari tabel `category`
--

CREATE TABLE `category` (
  `category_id` int(11) NOT NULL,
  `category_name` varchar(100) NOT NULL,
  `category_slug` varchar(20) NOT NULL,
  `input_date` date NOT NULL,
  `last_update` date DEFAULT NULL
) ENGINE=InnoDB DEFAULT CHARSET=utf8mb4;

--
-- Dumping data untuk tabel `category`
--

INSERT INTO `category` (`category_id`, `category_name`, `category_slug`, `input_date`, `last_update`) VALUES
(1, 'Kurikulum Merdeka', 'kurikulum-merdeka', '2024-06-13', '2024-06-25'),
(2, 'K-13', 'K-13', '2024-06-13', '2024-09-30'),
(3, 'Nonteks', 'non-teks', '2024-06-13', '2024-06-25'),
(4, 'Umum', 'umum', '2024-06-13', '2024-06-25');

-- --------------------------------------------------------

--
-- Struktur dari tabel `chapter`
--

CREATE TABLE `chapter` (
  `chapter_id` int(11) NOT NULL,
  `chapter_name` varchar(30) NOT NULL,
  `input_date` date NOT NULL,
  `last_update` date DEFAULT NULL
) ENGINE=InnoDB DEFAULT CHARSET=utf8mb4;

--
-- Dumping data untuk tabel `chapter`
--

INSERT INTO `chapter` (`chapter_id`, `chapter_name`, `input_date`, `last_update`) VALUES
(1, 'Identitas Buku', '2024-06-12', NULL),
(2, 'Bab 1', '2024-06-12', NULL),
(3, 'Bab 2', '2024-06-12', NULL),
(4, 'Bab 3', '2024-06-12', NULL),
(5, 'Bab 4', '2024-06-12', NULL),
(6, 'Bab 5', '2024-06-12', NULL),
(7, 'Bab 6', '2024-06-12', NULL),
(8, 'Bab 7', '2024-06-12', NULL),
(9, 'Bab 8', '2024-06-12', NULL),
(10, 'Bab 9', '2024-06-12', NULL),
(11, 'Bab 10', '2024-06-27', NULL),
(12, 'Bab 11', '2024-06-27', NULL);

-- --------------------------------------------------------

--
-- Struktur dari tabel `class`
--

CREATE TABLE `class` (
  `class_id` int(11) NOT NULL,
  `class_name` varchar(15) NOT NULL,
  `input_date` date NOT NULL,
  `last_update` date DEFAULT NULL
) ENGINE=InnoDB DEFAULT CHARSET=utf8mb4;

--
-- Dumping data untuk tabel `class`
--

INSERT INTO `class` (`class_id`, `class_name`, `input_date`, `last_update`) VALUES
(1, 'I', '2024-06-12', NULL),
(2, 'II', '2024-06-12', NULL),
(3, 'III', '2024-06-12', NULL),
(4, 'IV', '2024-06-12', NULL),
(5, 'V', '2024-06-12', NULL),
(6, 'VI', '2024-06-12', NULL),
(7, 'VII', '2024-06-12', NULL),
(8, 'VIII', '2024-06-12', NULL),
(9, 'IX', '2024-06-12', NULL),
(10, 'X', '2024-06-12', NULL),
(11, 'XI', '2024-06-12', NULL),
(12, 'XII', '2024-06-12', NULL);

-- --------------------------------------------------------

--
-- Struktur dari tabel `file`
--

CREATE TABLE `file` (
  `file_id` int(11) NOT NULL,
  `file_title` varchar(200) DEFAULT NULL,
  `file_name` varchar(255) NOT NULL,
  `chapter_id` int(11) DEFAULT NULL,
  `file_type` enum('teks','audio','video') NOT NULL,
  `input_date` date NOT NULL DEFAULT current_timestamp(),
  `last_update` date DEFAULT NULL
) ENGINE=InnoDB DEFAULT CHARSET=utf8mb4;

--
-- Dumping data untuk tabel `file`
--

INSERT INTO `file` (`file_id`, `file_title`, `file_name`, `chapter_id`, `file_type`, `input_date`, `last_update`) VALUES
(1, 'Buku Panduan Guru Capaian Pembelajaran Elemen Jati Diri untuk Satuan PAUD', '6152f0a1ef335ec4d1d52e29dc4f9d4d.pdf', NULL, 'teks', '2024-06-14', NULL),
(2, 'Buku Panduan Guru Pengembangan Pembelajaran untuk Satuan PAUD', 'f90e1011183f1dcfb063869ffb72f71c.pdf', NULL, 'teks', '2024-06-14', NULL),
(3, 'Buku Panduan Guru Proyek Profil Pelajar Pancasila untuk Satuan PAUD', '8305efe67bb69036dc737990a54a410f.pdf', NULL, 'teks', '2024-06-14', NULL),
(4, 'Panduan Guru Belajar dan Bermain Berbasis Buku (Edisi Revisi)', '776acd93aa3b0bbcc68788849be54cdc.pdf', NULL, 'teks', '2024-06-14', NULL),
(5, 'Panduan Guru Dasar-Dasar Literasi, Matematika, Sains, Teknologi, Rekayasa, dan Seni (Edisi Revisi)', '5c889ae402b41c98fac6611015e6997a.pdf', NULL, 'teks', '2024-06-14', NULL),
(6, 'Panduan Guru Nilai Agama dan Budi Pekerti (Edisi Revisi)', '7fd2737aba1867748c396839a8e5c053.pdf', NULL, 'teks', '2024-06-24', NULL),
(7, 'Panduan Guru Pembelajaran untuk Fase Fondasi (Edisi Revisi)', 'e44fac16f53a860cf538203da1f15457.pdf', NULL, 'teks', '2024-06-24', NULL),
(8, 'Panduan Guru Projek Penguatan Profil Pelajar Pancasila Edisi Revisi', '56def2e9b59db1de71e4b06ddca2c8bf.pdf', NULL, 'teks', '2024-06-24', NULL),
(9, 'Buku Panduan Guru Pendidikan Agama Buddha dan Budi Pekerti untuk SD Kelas I', 'c3a9c1f08e57961c0b318900e58cf690.pdf', NULL, 'teks', '2024-06-24', NULL),
(10, 'Buku Panduan Guru Pendidikan Agama Hindu dan Budi Pekerti untuk SD Kelas I', '0b578403baae0d0a3a5dd04bc872ebe4.pdf', NULL, 'teks', '2024-06-24', NULL),
(11, 'Buku Panduan Guru Pendidikan Agama Islam dan Budi Pekerti untuk SD Kelas I', '4735844775a012a54033b61e06d804c5.pdf', NULL, 'teks', '2024-06-24', NULL),
(12, 'Buku Panduan Guru Pendidikan Jasmani, Olahraga, dan Kesehatan untuk SDMI Kelas I', '4f1fddebb00836040b090a56e6a2a32b.pdf', NULL, 'teks', '2024-06-24', NULL),
(13, 'Buku Panduan Guru Seni Musik untuk SD Kelas I', '7ad63e7a5fa23d92d78e278ca1c3cae7.pdf', NULL, 'teks', '2024-06-24', NULL),
(14, 'Buku Panduan Guru Seni Rupa untuk SD Kelas I', 'f8b89b31f85411bdf33d0b1e282612bb.pdf', NULL, 'teks', '2024-06-24', NULL),
(15, 'Buku Panduan Guru Seni Tari untuk SD Kelas I', '5b37cb8379b7eab9503b5ed633bff00c.pdf', NULL, 'teks', '2024-06-24', NULL),
(16, 'Buku Panduan Guru Seni Teater untuk SD Kelas I', '86c3bf98da3bb22eefa19d6426df10fe.pdf', NULL, 'teks', '2024-06-24', NULL),
(17, 'Matematika untuk SDMI Kelas I', 'c24bf8f6f4defd3d50707045539da152.png', NULL, 'teks', '2024-06-24', NULL),
(18, 'My Next Word\'s Grade 1 - Students Book for Elementary School', 'd9717e54a5f7dfb850055609c9a7123b.pdf', NULL, 'teks', '2024-06-24', NULL),
(19, 'Panduan Guru Pendidikan Pancasila untuk SDMI Kelas I', '7bef22532489e89bcce3f92fc114eaae.pdf', NULL, 'teks', '2024-06-24', NULL),
(20, 'Pendidikan Agama Hindu dan Budi Pekerti untuk SD Kelas I', '4552a2d12871e8f0a853dfee534440cb.png', NULL, 'teks', '2024-06-24', NULL),
(21, 'Buku Audio Bahasa Indonesia SD Kelas 2', 'Bahasa-Indonesia-BS-KLS-II.pdf', NULL, 'teks', '2024-06-27', NULL),
(22, 'Identitas Buku - Bahasa Indonesia Kelas 2', '01 - IDENTITAS BUKU - Identitas Buku Bahasa Indonesia Kelas 2.mp3', 1, 'audio', '2024-06-27', NULL),
(23, 'Prakata dan Petunjuk Penggunaan Buku - Bahasa Indonesia SD Kelas 2', '02 - Prakata  - Petunjuk Penggunaan Buku Bahasa Indonesia SD Kelas 2.mp3', 1, 'audio', '2024-06-27', NULL),
(24, 'BAB 1 Mengenal Perasaan - 1 Nama-Nama Perasaan', '01 - BAB 1 - Bagian 1 - Mengenal Perasaan  - Nama-Nama Perasaan.mp3', 2, 'audio', '2024-06-27', NULL),
(25, 'BAB 1 Mengenal Perasaan - 2 Perasaanku', '02 - BAB 1 - Bagian 2 - Mengenal Perasaan  - Perasaanku.mp3', 2, 'audio', '2024-06-27', NULL),
(26, 'BAB 1 Mengenal Perasaan - 3 Puisi Sampai Jumpa', '03 - BAB 1 - Bagian 3 - Mengenal Perasaan  - Puisi Sampai Jumpa.mp3', 2, 'audio', '2024-06-27', NULL),
(27, 'BAB 1 Mengenal Perasaan - 4 Cerita Mimi Marah', '04 - BAB 1 - Bagian 4 - Mengenal Perasaan  - Cerita Mimi Marah.mp3', 2, 'audio', '2024-06-27', NULL),
(28, 'BAB 1 Mengenal Perasaan - 5 Berlatih', '05 - BAB 1 - Bagian 5 - Mengenal Perasaan  - Berlatih.mp3', 2, 'audio', '2024-06-27', NULL),
(29, 'BAB 1 Mengenal Perasaan - 6 Cerita Kiki dan Cici', '06 - BAB 1 - Bagian 6 - Mengenal Perasaan - Cerita Kiki dan Cici.mp3', 2, 'audio', '2024-06-27', NULL),
(30, 'BAB 1 Mengenal Perasaan - 7 Membuat Peta Berpikir', '07 - BAB 1 - Bagian 7 -  Mengenal Perasaan  - Membuat Peta Berpikir.mp3', 2, 'audio', '2024-06-27', NULL),
(31, 'BAB 2 Menjaga Kesehatan - 1 Mengenal Aturan 20-20-20', '01 - BAB 2 - Bagian 1 - Menjaga Kesehatan -  Aturan 20 20 20.mp3', 3, 'audio', '2024-06-27', NULL),
(32, 'BAB 2 Menjaga Kesehatan - 2 Kata dan Kalimat Tanya', '02 - BAB 2 - Bagian 2 - Menjaga Kesehatan  - Kata  dan Kalimat Tanya.mp3', 3, 'audio', '2024-06-27', NULL),
(33, 'BAB 2 Menjaga Kesehatan - 3 Cerita Kacamata Kadek', '03 - BAB 2 - Bagian 3 - Menjaga Kesehatan - Cerita Kacamata Kadek.mp3', 3, 'audio', '2024-06-27', NULL),
(34, 'BAB 2 Menjaga Kesehatan - 4 Menyusun Cerita', '04 - BAB 2 -Bagian 4 - Menjaga Kesehatan  - Menyusun Cerita.mp3', 3, 'audio', '2024-06-27', NULL),
(35, 'BAB 2 Menjaga Kesehatan - 5 Belajar Grafik', '05 - BAB 2 -Bagian 5 - Menjaga Kesehatan  - Belajar Grafik.mp3', 3, 'audio', '2024-06-27', NULL),
(36, 'BAB 2 Menjaga Kesehatan - 6 Jurnal Membaca', '06 - BAB 2 - Bagian 6 - Menjaga Kesehatan  - Jurnal Membaca.mp3', 3, 'audio', '2024-06-27', NULL),
(37, 'BAB 3 Berhati-hati di Mana Saja - 1 Belajar Menyeberang', '01 - BAB 3 - Bagian 1- Berhati-hati di Mana Saja - Belajar Menyeberang.mp3', 4, 'audio', '2024-06-27', NULL),
(38, 'BAB 3 Berhati-hati di Mana Saja - 2 Berlatih', '02 - BAB 3 - Bagian 2 - Berhati-hati di Mana Saja - Berlatih.mp3', 4, 'audio', '2024-06-27', NULL),
(39, 'BAB 3 Berhati-hati di Mana Saja - 3 Mengenal Tempat Umum', '03 - BAB 3 - Bagian 3 - Berhati-hati di Mana Saja - Mengenal Tempat Umum.mp3', 4, 'audio', '2024-06-27', NULL),
(40, 'BAB 3 Berhati-hati di Mana Saja - 4 Mengenal Tanda di Tempat Umum', '04 - BAB 3 - Bagian 4 - Berhati-hati Dimana Saja -  Mengenal Tanda di Tempat Umum.mp3', 4, 'audio', '2024-06-27', NULL),
(41, 'BAB 3 Berhati-hati di Mana Saja - 5 Ruangan dan Benda Berbahaya di Rumah', '05 - BAB 3 - Bagian 5 - Berhati-hati di Mana Saja - Ruangan dan Benda Berbahaya di Rumah.mp3', 4, 'audio', '2024-06-27', NULL),
(42, 'BAB 3 Berhati-hati di Mana Saja - 6 Jurnal Membaca', '06 - BAB 3 - Bagian 6 - Berhati-hati Dimana Saja -  Jurnal Membaca.mp3', 4, 'audio', '2024-06-27', NULL),
(43, 'BAB 4 Keluargaku Unik - 1 Noken Kebanggaan Alex', '01 - BAB 4 - Bagian 1 - Keluargaku Unik - Noken Kebanggaan Alex.mp3', 5, 'audio', '2024-06-27', NULL),
(44, 'BAB 4 Keluargaku Unik - 2 Noken Kebanggaan Alex', '02 - BAB 4 - Bagian 2 - Keluargaku Unik  - Noken Kebanggaan Alex.mp3', 5, 'audio', '2024-06-27', NULL),
(45, 'BAB 4 Keluargaku Unik - 3 Berlatih', '03 - BAB 4 - Bagian 3 - Keluargaku Unik  - Berlatih.mp3', 5, 'audio', '2024-06-27', NULL),
(46, 'BAB 4 Keluargaku Unik - 4 Berbagi Tugas Rumah', '04 - BAB 4 - Bagian 4 - Keluargaku Unik - Berbagi Tugas Rumah.mp3', 5, 'audio', '2024-06-27', NULL),
(47, 'BAB 4 Keluargaku Unik - 5 Jurnal Membaca', '05 - BAB 4 - Bagian 5 - Keluargaku Unik  - Jurnal Membaca.mp3', 5, 'audio', '2024-06-27', NULL),
(48, 'BAB 5 Berteman Dalam Keragaman - 1 Siap-Siap Belajar', '01 - BAB 5 - Bagian 1- Berteman Dalam Keragaman  - Siap Siap Belajar.mp3', 6, 'audio', '2024-06-27', NULL),
(49, 'BAB 5 Berteman Dalam Keragaman - 2 Rahasia Kaki Itik', '02 - BAB 5 - Bagian 2 - Berteman dalam Keragaman  - Rahasia Kaki Itik.mp3', 6, 'audio', '2024-06-27', NULL),
(50, 'BAB 5 Berteman Dalam Keragaman - 3 Latihan', '03 - BAB 5 - Bagian 3 - Berteman Dalam Keragaman - Latihan.mp3', 6, 'audio', '2024-06-27', NULL),
(51, 'BAB 5 Berteman Dalam Keragaman - 4 Mengenal Kata Sifat dan Antonim', '04 - BAB 5 - Bagian 4 - Berteman dalam Keragaman - Mengenal Kata Sifat dan Antonim.mp3', 6, 'audio', '2024-06-27', NULL),
(52, 'BAB 5 Berteman dalam Keragaman - 5 Kata Kata Ajaib', '05 - BAB 5 - Bagian 5 - Berteman Dalam Keragaman - Kata Kata Ajaib.mp3', 6, 'audio', '2024-06-27', NULL),
(53, 'BAB 5 Berteman Dalam Keragaman - 6 Jurnal Membaca', '06 - BAB 5 - Bagian 6 - Berteman dalam Keragaman -  Jurnal Membaca.mp3', 6, 'audio', '2024-06-27', NULL),
(54, 'BAB 6 Bijak Memakai Uang - 1 Mengenal Berbagai Pekerjaan', '01 - BAB 6 - Bagian 1 - Bijak Memakai Uang - Mengenal Berbagai Pekerjaan.mp3', 7, 'audio', '2024-06-27', NULL),
(55, 'BAB 6 Bijak Memakai Uang - 2 Cerita Labih dan Arai', '02 - BAB 6 - Bagian 2 - Bijak Memakai Uang - Cerita Labih dan Arai.mp3', 7, 'audio', '2024-06-27', NULL),
(56, 'BAB 6 Bijak Memakai Uang - 3 Berlatih', '03 - BAB 6 - Bagian 3 - Bijak Memakai Uang - Berlatih.mp3', 7, 'audio', '2024-06-27', NULL),
(57, 'BAB 6 Bijak Memakai Uang - 4 Bang Bing Bung Ayo Ke Bank', '04 - BAB 6 - Bagian 4 - Bijak Memakai Uang - Bang Bing Bung Ayo Ke Bank.mp3', 7, 'audio', '2024-06-27', NULL),
(58, 'BAB 6 Bijak Memakai Uang - 5 Jurnal Membaca', '05 - BAB 6 - Bagian 5 - Bijak Memakai Uang  - Jurnal Membaca.mp3', 7, 'audio', '2024-06-27', NULL),
(59, 'Pendidikan Kepercayaan Terhadap Tuhan Yang Maha Esa dan Budi Pekerti untuk SD Kelas I', 'ed3ff54038c53e075c9db6e8a01f0e88.png', NULL, 'teks', '2024-07-04', NULL),
(60, 'Buku Guru kelas I Tema 7 Benda, Hewan Dan Tanaman Disekitarku', 'dc9cae13fc2a84d1dec4062c0318dc0e.pdf', NULL, 'teks', '2024-07-04', NULL),
(61, 'Buku Guru kelas I Tema 8 Peristiwa Alam', 'c68abf7feadf3fd490572408d892071c.pdf', NULL, 'teks', '2024-07-04', NULL),
(62, 'Buku Guru Pendidikan Agama Hindu dan Budi Pekerti Kelas I', '15d109e07154d3577493fa3b908788f5.pdf', NULL, 'teks', '2024-07-04', NULL),
(63, 'Buku Guru Pendidikan Agama Islam dan Budi Pekerti Kelas I', '73cf57a32e0a31a5a62c651db4123ac3.pdf', NULL, 'teks', '2024-07-04', NULL),
(64, 'Buku Guru Pendidikan Agama Katolik dan Budi Pekerti Kelas I', '16efba50ce8bba1c59e70718fa0b2e64.pdf', NULL, 'teks', '2024-07-04', NULL),
(65, 'Pendidikan Pancasila untuk SDMI Kelas I', '463356b98fd9ad4ba6c7b1623973c373.pdf', NULL, 'teks', '2024-07-04', NULL),
(66, 'Teacher Book - My Next Words Grade 1', 'f7fc2c0930c399d1b8e008130de34bc5.pdf', NULL, 'teks', '2024-07-04', NULL),
(67, 'Buku Panduan Guru Pendidikan Agama Buddha dan Budi Pekerti untuk SD Kelas II', 'af2ac79cea2b44f5fcba85e4c98d973c.pdf', NULL, 'teks', '2024-07-04', NULL),
(68, 'Buku Panduan Guru Pendidikan Agama Hindu dan Budi Pekerti untuk SD Kelas II', 'ed2fcc024c37766716abe82ebc5578f5.pdf', NULL, 'teks', '2024-07-04', NULL),
(69, 'Buku Panduan Guru Pendidikan Agama Islam dan Budi Pekerti untuk SD Kelas II', 'd4175c485acea8db637e1fd3a9595089.pdf', NULL, 'teks', '2024-07-04', NULL),
(70, 'Buku Panduan Guru Pendidikan Agama Katolik dan Budi Pekerti untuk SD Kelas II', 'bf15f6bea7abc589226a1974bc324aa8.pdf', NULL, 'teks', '2024-07-04', NULL),
(71, 'Buku Panduan Guru Pendidikan Agama Khonghucu dan Budi Pekerti untuk SD Kelas II', 'c9e8881b0b75a3529ec64aa75b1e56c1.pdf', NULL, 'teks', '2024-07-04', NULL),
(72, 'Buku Panduan Guru Pendidikan Jasmani, Olahraga, dan Kesehatan untuk SDMI Kelas II', '1e4d6ad3e8f42478eb8509f9a9994274.pdf', NULL, 'teks', '2024-07-04', NULL),
(73, 'Buku Panduan Guru Seni Tari untuk SD Kelas II', '7a980729416f135844818732921a55c8.pdf', NULL, 'teks', '2024-07-04', NULL),
(74, 'Buku Panduan Guru Seni Teater untuk SD Kelas II', '23100eb760d7fa6c56d73b37c6a6a450.pdf', NULL, 'teks', '2024-07-04', NULL),
(75, 'Panduan Guru Pendidikan Pancasila untuk SDMI Kelas II', 'a1fb2626451f60e261a8492a3cedcc38.pdf', NULL, 'teks', '2024-07-04', NULL),
(76, 'Pendidikan Pancasila untuk SDMI Kelas II', '8f6314f5508bfb3e59e1d1af02073991.pdf', NULL, 'teks', '2024-07-04', NULL),
(77, 'Buku Panduan Guru Dasar-Dasar Manajemen Perkantoran dan Layanan Bisnis untuk SMK_MAK Kelas X', '2f862aec312764f36b8f1ae2e0fe964e.pdf', NULL, 'teks', '2024-07-04', NULL),
(78, 'Buku Panduan Guru Dasar-Dasar Usaha Layanan Pariwisata untuk SMK_MAK Kelas X', 'fb8d7622c7e6b8822a8abf34dba040b0.pdf', NULL, 'teks', '2024-07-04', NULL),
(79, 'Buku Panduan Guru Ilmu Pengetahuan Alam untuk SMA Kelas X', '9efb6ec04feeb8da0030d859b77aadcd.pdf', NULL, 'teks', '2024-07-04', NULL),
(80, 'Buku Panduan Guru Ilmu Pengetahuan Sosial untuk SMA Kelas X', '01cd4249e6d858990f1d071da4eafc33.pdf', NULL, 'teks', '2024-07-04', NULL),
(81, 'Buku Panduan Guru Informatika untuk SMA Kelas X', 'fcbacabdfcb6bd6401b8b08761428a62.pdf', NULL, 'teks', '2024-07-04', NULL),
(82, 'Buku Panduan Guru Pendidikan Agama Hindu dan Budi Pekerti untuk SMA_SMK Kelas X', 'bcaf072b37ce784e96065850d586be0d.pdf', NULL, 'teks', '2024-07-04', NULL),
(83, 'Buku Panduan Guru Pendidikan Jasmani, Olahraga, dan Kesehatan untuk SMA_SMK Kelas X', '893b3340d47f062a91767b6969857843.pdf', NULL, 'teks', '2024-07-04', NULL),
(84, 'Buku Panduan Guru Pendidikan Kepercayaan Terhadap Tuhan Yang Maha Esa dan Budi Pekerti untuk SMA_SMK Kelas X', '43296b093ce3969e5b129aaecc2f6577.pdf', NULL, 'teks', '2024-07-04', NULL),
(85, 'Buku Panduan Guru Prakarya dan Kewirausahaan Budi Daya untuk SMA_MA Kelas X', '08ac93b33051d320c88476554ccf22d1.pdf', NULL, 'teks', '2024-07-04', NULL),
(86, 'Buku Panduan Guru Seni Rupa untuk SMA_SMK Kelas X', 'c1539c37a0844a3be8152a6ef53fa81d.pdf', NULL, 'teks', '2024-07-04', NULL),
(87, 'Cerdas Cergas Berbahasa dan Bersastra Indonesia untuk SMA_SMK Kelas X', 'b377357a7adb263c12cbd22a870d749a.pdf', NULL, 'teks', '2024-07-04', NULL),
(88, 'Dasar - dasar Manajemen Perkantoran dan Layanan Bisnis untuk SMA_MAK Kelas X Semester 1', 'bbe7933db6a42e30862de35eba6edb98.pdf', NULL, 'teks', '2024-07-04', NULL),
(89, 'Dasar - dasar Teknik Ketenagalistrikan untuk SMK_MAK Kelas X Semester 1', '7c750cae39d62e06a17e088aeed68869.pdf', NULL, 'teks', '2024-07-04', NULL),
(90, 'Pendidikan Agama Buddha dan Budi Pekerti untuk SMA_SMK Kelas X', '73a180c74759bdfa740e5dcf6c3d25b7.pdf', NULL, 'teks', '2024-07-04', NULL),
(91, 'Pendidikan Kepercayaan Terhadap Tuhan Yang Maha Esa dan Budi Pekerti untuk SMA_SMK Kelas X', 'a68134378854c336167b56bab37886aa.pdf', NULL, 'teks', '2024-07-04', NULL),
(92, 'Bahasa Indonesia Tingkat Lanjut Cakap Berbahasa dan Bersastra Indonesia untuk SMA Kelas XI', '310e9825b12a9be0566c6cc1d86f4e7a.pdf', NULL, 'teks', '2024-07-04', NULL),
(93, 'Bahasa Inggris Tingkat Lanjut untuk SMA Kelas XI', '80af275d7552d23de102cb70d78dcb2e.pdf', NULL, 'teks', '2024-07-04', NULL),
(94, 'Buku Panduan Guru Bahasa Indonesia Tingkat Lanjut Cakap Berbahasa dan Bersastra Indonesia untuk SMA Kelas XI', '3786795b9de2e69d2366f0a9b6c6c0ce.pdf', NULL, 'teks', '2024-07-04', NULL),
(95, 'Buku Panduan Guru Bahasa Inggris English for Change untuk SMA_MA Kelas XI', 'd4972ce74345c33495a13ce07bd1f877.pdf', NULL, 'teks', '2024-07-04', NULL),
(96, 'Buku Panduan Guru Bahasa Inggris Tingkat Lanjut untuk SMA Kelas XI', '47fba6c244bb884012783034ec1b69ee.pdf', NULL, 'teks', '2024-07-04', NULL),
(97, 'Buku Panduan Guru Cerdas Cergas Berbahasa dan Bersastra Indonesia untuk SMA_SMK Kelas XI', 'c39a51fd8ae4e21a9cdcce4ad0037f13.pdf', NULL, 'teks', '2024-07-04', NULL),
(98, 'Buku Panduan Guru Ekonomi untuk SMA Kelas XI', '7c8d9e3f444f84c7db2c9da9ecc75d5a.pdf', NULL, 'teks', '2024-07-04', NULL),
(99, 'Buku Panduan Guru Fisika untuk SMA_MA Kelas XI', 'e61094ef0c587bd50364d75f7c5d49f5.pdf', NULL, 'teks', '2024-07-04', NULL),
(100, 'Buku Panduan Guru Informatika untuk SMA Kelas XI', '176b050c0f038020e459374652ab86c9.pdf', NULL, 'teks', '2024-07-04', NULL),
(101, 'Buku Panduan Guru Kimia untuk SMA_MA Kelas XI', '07ff2573b16ae864357252b2ad96e004.pdf', NULL, 'teks', '2024-07-04', NULL),
(102, 'Buku Panduan Guru Pendidikan Agama Buddha dan Budi Pekerti untuk SMA_SMK Kelas XI', 'fe83acdc110cb901aba7e5d23b902e72.pdf', NULL, 'teks', '2024-07-04', NULL),
(103, 'Buku Panduan Guru Pendidikan Agama Kristen dan Budi Pekerti untuk SMA_SMK Kelas XI', 'e293d07024247d58e9dec91a81cd3fc4.pdf', NULL, 'teks', '2024-07-04', NULL),
(104, 'Buku Panduan Guru Pendidikan Jasmani, Olahraga, dan Kesehatan untuk SMA Kelas XI', '109f0d73458b2ee9a19dd33c29c78cc0.pdf', NULL, 'teks', '2024-07-04', NULL),
(105, 'Buku Panduan Guru Prakarya dan Kewirausahaan Kerajinan untuk SMA_MA Kelas XI', '00459568e3af7de62abb2fb01bcee2ea.pdf', NULL, 'teks', '2024-07-04', NULL),
(106, 'Buku Panduan Guru Prakarya dan Kewirausahaan Pengolahan untuk SMA_MA Kelas XI', '48c97cc9211bd6a4561945a3b78ca26f.pdf', NULL, 'teks', '2024-07-04', NULL),
(107, 'Buku Panduan Guru Prakarya dan Kewirausahaan Rekayasa untuk SMA_MA Kelas XI', '64851d6b977c207866a79cfa445967c6.pdf', NULL, 'teks', '2024-07-04', NULL),
(108, 'Buku Panduan Guru Sejarah untuk SMA Kelas XI', '0968522ccf445fd0f66f5daf94adbab1.pdf', NULL, 'teks', '2024-07-04', NULL),
(109, 'Buku Panduan Guru Seni Musik Kita dan Musik untuk SMA Kelas XI', '8dc7086188497a01736c624258b56c31.pdf', NULL, 'teks', '2024-07-04', NULL),
(110, 'Buku Panduan Guru Seni Rupa untuk SMA Kelas XI', 'a09c8a76280c9c9785953da9346b21fb.pdf', NULL, 'teks', '2024-07-04', NULL),
(111, 'Buku Panduan Guru Seni Tari untuk SMA Kelas XI', 'e29143527949b7627716fd86a189e42d.pdf', NULL, 'teks', '2024-07-04', NULL),
(112, 'Buku Panduan Guru Seni Teater untuk SMA Kelas XI', '8a9ac5d9129f0f1e7807daa6fb70d937.pdf', NULL, 'teks', '2024-07-04', NULL),
(113, 'Buku Panduan Guru Sosiologi untuk SMA Kelas XI', 'ed18403f8d5c1cb1dae7e626aa0557f1.pdf', NULL, 'teks', '2024-07-04', NULL),
(114, 'Cerdas Cergas Berbahasa dan Bersastra Indonesia untuk SMA_SMK Kelas XI', '35bdff3e5f3802bd8dbdf4da9e202ec9.pdf', NULL, 'teks', '2024-07-04', NULL),
(115, 'Ekonomi untuk SMA Kelas XI', '6e95c46c4771545697a082c9bae0e081.pdf', NULL, 'teks', '2024-07-04', NULL),
(116, 'Fisika untuk SMA_MA Kelas XI', '3673c3aec8417a819959a8a2c8e224e6.pdf', NULL, 'teks', '2024-07-04', NULL),
(117, 'Fisika untuk SMA_MA Kelas XI', 'd2fad7ff63a8a80f4b039ee0d36bc688.pdf', NULL, 'teks', '2024-07-04', NULL),
(118, 'Buku Panduan Guru Pendidikan Agama Islam dan Budi Pekerti untuk SD/MI Kelas III', '7aa7d0f9da78776d0ac7896b18d5973f.pdf', NULL, 'teks', '2024-07-04', NULL),
(119, 'Buku Panduan Guru Pendidikan Agama Katolik dan Budi Pekerti untuk SD Kelas III', '92fe5098e330d038cc9a921c1f336f67.pdf', NULL, 'teks', '2024-07-04', NULL),
(120, 'Panduan Guru Pendidikan Pancasila untuk SMA_MA_SMK_MAK Kelas XI', 'b78f42d943ff939ce1edf3690320fa0f.pdf', NULL, 'teks', '2024-07-04', NULL),
(121, 'Pendidikan Agama Buddha dan Budi Pekerti Untuk SMA_SMK Kelas XI', 'ffbb974517545d1ccff5cc5e31c2815f.pdf', NULL, 'teks', '2024-07-04', NULL),
(122, 'Pendidikan Agama Kristen dan Budi Pekerti untuk SMA_SMK Kelas XI', '18dc106a5d35642488694fe8f198f314.pdf', NULL, 'teks', '2024-07-04', NULL),
(123, 'Pendidikan Kepercayaan Terhadap Tuhan Yang Maha Esa dan Budi Pekerti untuk SMA_SMK Kelas XI', 'be434e54a8ff4f9791d38a30c3afdf16.pdf', NULL, 'teks', '2024-07-04', NULL),
(124, 'Pendidikan Pancasila untuk SMA_MA_SMK_MAK Kelas XI', '0420fcbb543068fc0bd9be0841899542.pdf', NULL, 'teks', '2024-07-04', NULL),
(125, 'Sejarah untuk SMA Kelas XI', '04557d2b77025dc8f8937aa7e9c8e706.pdf', NULL, 'teks', '2024-07-04', NULL),
(126, 'Buku Panduan Guru Bahasa Indonesia Tingkat Lanjut Cakap Berbahasa dan Bersastra Indonesia untuk SMA_MA Kelas XII', 'a1d65fa5bcefdf3676ff378d0dcd8821.pdf', NULL, 'teks', '2024-07-04', NULL),
(127, 'Buku Panduan Guru Ekonomi untuk SMA_MA Kelas XII', 'e5bbf45919a52e1eb85ffeceb1fd648d.pdf', NULL, 'teks', '2024-07-04', NULL),
(128, 'Buku Panduan Guru Pendidikan Agama Buddha dan Budi Pekerti untuk SMA_SMK Kelas XII', '3e19083e95ad59a5fdaa7794fcefccd5.pdf', NULL, 'teks', '2024-07-04', NULL),
(129, 'Buku Panduan Guru Pendidikan Agama Hindu dan Budi Pekerti untuk SMA_SMK Kelas XII', '383813819cc255d9e75e7859727b2c89.pdf', NULL, 'teks', '2024-07-04', NULL),
(130, 'Buku Panduan Guru Pendidikan Agama Katolik dan Budi Pekerti untuk SMA_SMK Kelas XII', 'ced1dd27c20f78bc0d053ee1e4cc8556.pdf', NULL, 'teks', '2024-07-04', NULL),
(131, 'Buku Panduan Guru Ilmu Pengetahuan Alam dan Sosial untuk SD Kelas V', 'dbbe91023dd99456377878745a90eaf4.pdf', NULL, 'teks', '2024-07-04', NULL),
(132, 'Buku Panduan Guru Matematika untuk SD/MI Kelas V', '7b45f642bdabd6242c29a296658bdf46.pdf', NULL, 'teks', '2024-07-04', NULL),
(133, 'EKONOMI SMA KELAS 10', '8cbbdf5a557982fb82b1780cf64cf76b.pdf', NULL, 'teks', '2024-07-04', NULL),
(134, 'EKONOMI SMA KELAS 10', '429942f921a9c386b647640c6cb2e509.pdf', NULL, 'teks', '2024-07-04', NULL),
(135, 'EKONOMI SMA KELAS 10', 'cc5eccaaa63fe5fe6b2f9f5d68af3bad.pdf', NULL, 'teks', '2024-07-04', NULL),
(136, 'EKONOMI SMA KELAS 10', 'a05ec1c8a1fb88d289694ee5e4065cec.pdf', NULL, 'teks', '2024-07-04', NULL),
(137, 'FISIKA SMA KELAS 10', '66c20a5ea89d17450d9093b120f88c67.pdf', NULL, 'teks', '2024-07-04', NULL),
(138, 'FISIKA SMA KELAS 10', '6dd97d4653a911e12ccfc3c3d190da28.pdf', NULL, 'teks', '2024-07-04', NULL),
(139, 'FISIKA SMA KELAS 10', 'a5d9c126767e56413cca49a264abf65a.pdf', NULL, 'teks', '2024-07-04', NULL),
(140, 'FISIKA SMA KELAS 10', 'a9f46db4cfb642666d895a03e9a119ca.pdf', NULL, 'teks', '2024-07-04', NULL),
(141, 'GEOGRAFI SMA KELAS 10', 'addb37fff2223770154b30586042e418.pdf', NULL, 'teks', '2024-07-04', NULL),
(142, 'GLOSARIUM ISTILAH ASING', '9960cbdf3556222407990e3dfd8d1830.pdf', NULL, 'teks', '2024-07-04', NULL),
(143, 'ADMINISTRASI SERVER SMK KELAS 10', 'c9311e72e9d85526fd5113c134bcce11.pdf', NULL, 'teks', '2024-07-04', NULL),
(144, 'AGRIBISNIS TERNAK RUMINANSIA SMK KELAS 10', '348b1cb1c996511fc73b633a548494d8.pdf', NULL, 'teks', '2024-07-04', NULL),
(145, 'AIRCRAFT SHEET METAL FORMING KELAS XI SEMESTER 3', '3904408bb718ef8b328c1851a1c54995.pdf', NULL, 'teks', '2024-07-04', NULL),
(146, 'AKUNTANSI INDUSTRI SMK KELAS 10', 'c5996a6fee3d25596e5d72d748e0b83e.pdf', NULL, 'teks', '2024-07-04', NULL),
(147, 'ALAT MESIN PERTANIAN SMK KELAS 10', '23930983abbaa3b2c8e46a25a343f947.pdf', NULL, 'teks', '2024-07-04', NULL),
(148, 'ALAT UKUR DAN TEKNIK PENGUKURAN SMK KELAS 10', 'd3773a0307b1af841c78fca294f7f5d5.pdf', NULL, 'teks', '2024-07-04', NULL),
(149, 'ANALISIS KIMIA DASAR SMK KELAS 10', 'bda5827382e14e9875ebe4570990c03c.pdf', NULL, 'teks', '2024-07-04', NULL),
(150, 'ANATOMI HEWAN SMK KELAS 10', 'f594db0d2119cd78806488e644771e3e.pdf', NULL, 'teks', '2024-07-04', NULL),
(151, 'ANIMASI 2D SMK KELAS 11', '931cc3be5588a6e1bf07ae6995fcaef3.pdf', NULL, 'teks', '2024-07-04', NULL),
(152, 'ANIMASI 2D SMK KELAS 12', 'd135f0f4fa136db1036096f510434422.pdf', NULL, 'teks', '2024-07-04', NULL),
(153, 'BAHASA INDONESIA SMK KELAS 10', 'd0c13aeb72e1a16da11651afce5d3542.pdf', NULL, 'teks', '2024-07-04', NULL),
(154, 'BASIS DATA SMK KELAS 11 SEMESTER 2', '6ef44389f436697bd6df9b9fb2133311.pdf', NULL, 'teks', '2024-07-04', NULL),
(155, 'BASIS DATA SMK KELAS 11 SEMSTER 1', 'd4ada618efe9db2dde60dd93fe347179.pdf', NULL, 'teks', '2024-07-04', NULL),
(156, 'BATUAN SMK KELAS 10 SEMESTER 1', '2dc7fc6704201ba2030a2fd6d2bb93bb.pdf', NULL, 'teks', '2024-07-04', NULL),
(157, 'COMFORT SAFETY AND INFORMATION TECHNOLOGI SMK KELAS 11', '5815009fb969f60d3c913f27e22d70cd.pdf', NULL, 'teks', '2024-07-04', NULL),
(158, 'DASAR ARTISTIK SMK KELAS 10 SEMESTER 1', '1515353107e816531d802acbe5440acc.pdf', NULL, 'teks', '2024-07-04', NULL),
(159, 'DASAR TATA ARTISTIK SMK KELAS 10 SEMESTER 2', '1537fd9f671b1a62e54bf72c0541b9f1.pdf', NULL, 'teks', '2024-07-04', NULL),
(160, 'DASAR DASAR BUDIDAYA PERAIRAN SMK KELAS 10 SEMESTER 1', '4cec2eee6f4c0e685568f1632b0ad154.pdf', NULL, 'teks', '2024-07-04', NULL),
(161, 'DASAR DASAR BUDIDAYA PERAIRAN SMK KELAS 10 SEMESTER 2', '8f39c6c836047d34297fdc8fb16ef449.pdf', NULL, 'teks', '2024-07-04', NULL),
(162, 'DASAR DASAR KESEHATAN TERNAK SMK KELAS 10', 'c6085d6f2fb3a379994b26e4902e1b48.pdf', NULL, 'teks', '2024-07-04', NULL),
(163, 'DASAR DASAR PEKAN TERNAK SMK KELAS 10', '5396313ddcea3ee101b2a2d24bf285a6.pdf', NULL, 'teks', '2024-07-04', NULL),
(164, 'DASAR DASAR PEMELIHARAAN TERNAK SMK KELAS 10', '711fbbeb38168d54d15323e6e88a3b87.pdf', NULL, 'teks', '2024-07-04', NULL),
(165, 'DASAR DASAR PERTERNAKAN SMK KELAS 10', 'bc15e6c79890cf8f3aed32d891ecaf3a.pdf', NULL, 'teks', '2024-07-04', NULL),
(166, 'DASAR DASAR TEKNIK PENGEBORAN SMK KELAS 10', '103ea0adea5da45cdcd88269051bd27d.pdf', NULL, 'teks', '2024-07-04', NULL),
(167, 'DASAR DASAR PEMBIBITAN TERNAK SMK KELAS 10', '0230634d6f2401174ab59615d3535f74.pdf', NULL, 'teks', '2024-07-04', NULL),
(168, 'DASAR PEMERANAN SMK KELAS 10', '58a5d0b487ca4be8ca6435a3615f220d.pdf', NULL, 'teks', '2024-07-04', NULL),
(169, 'DASAR PENGENDALIAN MUTU HASIL PERTANIAN DAN PERIKANAN SMK KELAS 10', 'f35feb77e916f70e51556ede14ea22fa.pdf', NULL, 'teks', '2024-07-04', NULL),
(170, 'DASAR PENGUKURAN LISTRIK SMK KELAS 10 SEMESTER 2', 'f584e1c30853cf1d58dea3681b5c5fd7.pdf', NULL, 'teks', '2024-07-04', NULL),
(171, 'DASAR PROSES PENGOLAHAN HASIL PERTANIAN DAN PERIKANAN SMK KELAS 10 SEMESTER 2', 'ced42b5e03743faa2d9aca0f1ff4bee7.pdf', NULL, 'teks', '2024-07-04', NULL),
(172, 'DASAR PROSES PENGOLAHAN HASIL PERTANIAN DAN PERIKANAN SMK KELAS 10 SEMESTER 1', '087abaf4565903fbaa06565279601317.pdf', NULL, 'teks', '2024-07-04', NULL),
(173, 'DASAR TARI SMK KELAS 11 SEMESTER 1', '964d5803a9c6dcb77c153e93a84b649f.pdf', NULL, 'teks', '2024-07-04', NULL),
(174, 'DESAIN MULTIMEDIA SMK KELAS 10', '18ad17cdd8fb81d4ff74ddbf94f959ca.pdf', NULL, 'teks', '2024-07-04', NULL),
(175, 'EFEKTIF DAN APLIKATIF BERBAHASA INDONESIA SMK KELAS 10', 'f818422010c9ff6a5520451b44a9dba6.pdf', NULL, 'teks', '2024-07-04', NULL),
(176, 'ELEMEN MESIN SMK KELAS 10', '7b3f8166b8fc8cdbd7bcba65c5b73ef6.pdf', NULL, 'teks', '2024-07-04', NULL),
(177, 'ENGINE MANAGEMENT SMK KELAS 10', '2fbfa85dfaa312e156c1dbd1718237be.pdf', NULL, 'teks', '2024-07-04', NULL),
(178, 'FISIKA NON TEKNOLOGI SMK KELAS 10', '3a51b430ee908f9c87bae4146db79a06.pdf', NULL, 'teks', '2024-07-04', NULL),
(179, 'FISIKA SMK KELAS 10 UNTUK TEKNOLOGI', '16da5d8ea3bac16e2317d342add682c5.pdf', NULL, 'teks', '2024-07-04', NULL),
(180, 'FISIOLOGI HEWAN SMK KELAS 10', '96ab9fd769305da23cbe9256f8877cbb.pdf', NULL, 'teks', '2024-07-04', NULL),
(181, 'ILMU KESEHATAN SMK KELAS 10 JILID 1', '70dfeab0073604e89caad787ee74f2ab.pdf', NULL, 'teks', '2024-07-04', NULL),
(182, 'ILMU PENGETAHUAN SOSIAL SMK KELAS 10 JILID 1', '50f598fc25cf70bdbe7581a79b7cc996.pdf', NULL, 'teks', '2024-07-04', NULL),
(183, 'JARINGAN DASAR SMK KELAS 10', '198ec37088541f24329b117d07141219.pdf', NULL, 'teks', '2024-07-04', NULL),
(184, 'KESELAMATAN KESEHATAN KERJA DAN LINGKUNGAN HIDUP SMK KELAS 10', 'd347f200e678baf264bb50ebfd46d428.pdf', NULL, 'teks', '2024-07-04', NULL),
(185, 'KEAMANAN PANGAN SMK KELAS 10 SEMESTER 1', 'd28a947f819148890a681cd3eeeddfba.pdf', NULL, 'teks', '2024-07-04', NULL),
(186, 'KELISTRIKAN MESIN SMK KELAS 10 SEMESTER 1', 'cd87ea59f54f9870f533b418f0baa751.pdf', NULL, 'teks', '2024-07-04', NULL),
(187, 'KESEHATAN BIOTA AIR SMK KELAS 10', 'df880b4f7cb5f422acf401ca9fd56fed.pdf', NULL, 'teks', '2024-07-04', NULL),
(188, 'KESELAMATAN KERJA DAN KESEHATAN LINGKUNGAN SMK KELAS 10', '56c2ede3b6175fd63ab1e561d18ddac0.pdf', NULL, 'teks', '2024-07-04', NULL),
(189, 'KIMIA INDUSTRI SMK KELAS 10', '3fd229b17167a1c887b7b3a397676ce7.pdf', NULL, 'teks', '2024-07-04', NULL),
(190, 'KIMIA SMK KELAS 10 JILID 1', '5783d945449d7605b0ea68dae8c23ef2.pdf', NULL, 'teks', '2024-07-04', NULL),
(191, 'KIMIA ORGANIK SMK KELAS 10', 'a898b09f7c90511c93698647e555bc5e.pdf', NULL, 'teks', '2024-07-04', NULL),
(192, 'KOMUNIKASI DATA DAN INTERFACE SMK KELAS 10', '6d8ac8f4bc4d1d173100e37c93e51cbd.pdf', NULL, 'teks', '2024-07-04', NULL),
(193, 'KONSEP DASAR AKUNTANSI SMK KELAS 10', 'b0fd447606dd4c6614ea379c1164a309.pdf', NULL, 'teks', '2024-07-04', NULL),
(194, 'KONVERSI ENERGI SMK KELAS 10', '1adf570ff5d599906577126b006944fa.pdf', NULL, 'teks', '2024-07-04', NULL),
(195, 'KRIYA KAYU SMK KELAS 10 JILID 1', '41e3ce454444ab7a0088b507aacbd35f.pdf', NULL, 'teks', '2024-07-04', NULL),
(196, 'KRIYA KERAMIK SMK KELAS 10 JILID 1', '86551427caa5dfa207c44fceed6b7d3e.pdf', NULL, 'teks', '2024-07-04', NULL),
(197, 'KRIYA KULIT SMK KELAS 10', '5abb452e87173856ecbda3c184cd6905.pdf', NULL, 'teks', '2024-07-04', NULL),
(198, 'LUMPUR DAN HIDROLIKA LUMPUR PEMBORAN SMK KELAS 10', 'c54c123c39e3fcffa137a174479e02be.pdf', NULL, 'teks', '2024-07-04', NULL),
(199, 'MARKETING SMK KELAS 10 JILID 1', '90d790284b4e0be7d299455ddb77645e.pdf', NULL, 'teks', '2024-07-04', NULL),
(200, 'MATEMATIKA SMK KELAS 10 KELOMPOK SENI, PARIWISATA, DAN TEKNOLOGI KERUMAHTANGGAAN', '9bb461ba9b135b3a11098caf4ca9f5d4.pdf', NULL, 'teks', '2024-07-04', NULL),
(201, 'MATEMATIKA BISNIS DAN MENAJEMEN SMK KELAS 10', '4101dcf596e852639ca30a215a389cfd.pdf', NULL, 'teks', '2024-07-04', NULL),
(202, 'MEKANIKA DAN ELEMEN MESIN SMK KELAS 10', '66f4d5c6712dcb482757f4b8965543f6.pdf', NULL, 'teks', '2024-07-04', NULL),
(203, 'MEKANIKA TEKNIK SMK KELAS 10 SEMESTER 1', 'd2a0b4c8ad3a5bfb9d29db6510e51427.pdf', NULL, 'teks', '2024-07-04', NULL),
(204, 'MEKANIKA TEKNIK SMK KELAS 10 SEMESTER 2', '19a95b4ce4027376c3410ee99b538612.pdf', NULL, 'teks', '2024-07-04', NULL),
(205, 'MIKROBIOLOGI SMK KELAS 10 SEMESTER 2', '053261c7b6234b285f150c0d38b88407.pdf', NULL, 'teks', '2024-07-04', NULL),
(206, 'NAUTIKA KAPAL PENANGKAP IKAN SMK KELAS 10 JILID 1', 'a4e0c858f44880a10b309eb374b83121.pdf', NULL, 'teks', '2024-07-04', NULL),
(207, 'OLAH TUBUH SMK KELAS 11 SEMESTER 1', '6b218b8e79224f1e018bde33fc5e416d.pdf', NULL, 'teks', '2024-07-04', NULL),
(208, 'PATISERI SMK KELAS 10 JILID 1', '4de7a4878623783b47ee26bbe88bb194.pdf', NULL, 'teks', '2024-07-04', NULL),
(209, 'PEDALANGAN KELAS 10 JILID 1', 'd65aa98897d2debe2141f85f05243eb1.pdf', NULL, 'teks', '2024-07-04', NULL),
(210, 'PEKERJAAN DASAR ELEKTROMEKANIK KELAS 10', '10764f9ceb94952c64553f1bfae349b0.pdf', NULL, 'teks', '2024-07-04', NULL),
(211, 'PEKERJAAN SOSIAL KELAS 10 JILID 1', 'b26eb3e5875ef499ab7f041497bfefbd.pdf', NULL, 'teks', '2024-07-04', NULL),
(212, 'PEKERJAAN DASAR TEKNIK OTOMOTIF SMK KELAS 10 SEMESTER 2', '5cfeb20c50d07f75fd199657004cb13a.pdf', NULL, 'teks', '2024-07-04', NULL),
(213, 'PEMBIAKAN TANAMAN SMK KELAS 10', '120c6c18d53d3a8c56aa79abe463dfc0.pdf', NULL, 'teks', '2024-07-04', NULL),
(214, 'PEMOGRAMAN BERORIENTASI OBJEK SMK KELAS 10 SEMESTER 2', '7463843b7e3bd0e03613a8ad5874655e.pdf', NULL, 'teks', '2024-07-04', NULL),
(215, 'PEMROGRAMAN WEB SMK KELAS 10 SEMESTER 2', 'b1571411d2f16902395b2eb2dceb7880.pdf', NULL, 'teks', '2024-07-04', NULL),
(216, 'PEMROGRAMAN WEB SMK KELAS 10 SEMESTER 1', '9ca58c56aca42553d7fcdbb56b10c56a.pdf', NULL, 'teks', '2024-07-04', NULL),
(217, 'TEKNIK INDUSTRI PENANGANAN MATERIAL SMK KELAS 10 SEMESTER 2', '584fe5437f39c611c6bddf4fc46fa8ad.pdf', NULL, 'teks', '2024-07-04', NULL),
(218, 'PENGAWASAN MUTU BAHAN/PRODUK PANGAN SMK KELAS 10 JILID 1', 'cc24f2782e87fa652402c5faf8be3320.pdf', NULL, 'teks', '2024-07-04', NULL),
(219, 'PENGELOLAAN KUALITAS AIR SMK KELAS 10', '4ca66faf2c12f9faa06ca7e9dac316d4.pdf', NULL, 'teks', '2024-07-04', NULL),
(220, 'PENGETAHUAN PEDALANGAN SMK KELAS 10 SEMESTER 2', 'c11e0654ef3dd28933ee3600b1a09a5d.pdf', NULL, 'teks', '2024-07-04', NULL),
(221, 'PENGETAHUAN TEATER SMK KELAS 10 SEMESTER 2', 'e669f6824650ea1962ce7271eac2db0c.pdf', NULL, 'teks', '2024-07-04', NULL),
(222, 'PENGOLAHAN CITRA DIGITAL SMK KELAS 10 SEMESTER 1', '424b14ad0e59838a34c2141628a569c2.pdf', NULL, 'teks', '2024-07-04', NULL),
(223, 'PENJUALAN SMK KELAS 10 JILID 1', 'f4ecd806d9e4d4a0e8326b6d997ae6ce.pdf', NULL, 'teks', '2024-07-04', NULL),
(224, 'PENYULUHAN PERTANIAN SMK KELAS 10 SEMESTER 2', 'aa02511c89a8534d0eae3418fecf675d.pdf', NULL, 'teks', '2024-07-04', NULL),
(225, 'PERANCANGAN SISTEM KERJA DAN ERGONOMI INDUSTRI SMK KELAS 10', '17385349465ab851c521b53b730c438d.pdf', NULL, 'teks', '2024-07-04', NULL),
(226, 'PEREKAYASAAN SISTEM ANTENA SMK KELAS 10 SEMESTER 2', '21f77562ed3bf96d705a7498f1468f9e.pdf', NULL, 'teks', '2024-07-04', NULL),
(227, 'PEREKAYASAAN SISTEM AUDIO SMK KELAS 10 SEMESTER 2', '2b2041b34a349c6fd4d52d01d738b054.pdf', NULL, 'teks', '2024-07-04', NULL),
(228, 'PEREKAYASAAN SISTEM CONTROL KELAS 10 SEMESTER 1', '2ac5bd6b6a23126a36864ed8fcbf1eae.pdf', NULL, 'teks', '2024-07-04', NULL),
(229, 'PEREKAYASAAN SISTEM RADIO DAN TELEVISI SMK KELAS 10 SEMESTER 2', '979a56ce72307c39ca8b3a2328bf558b.pdf', NULL, 'teks', '2024-07-04', NULL),
(230, 'PNEUMATIK DAN HIDROLIK SMK KELAS 10 SEMESTER 1', 'f1a7260dfb05410e311251594d04801e.pdf', NULL, 'teks', '2024-07-04', NULL),
(231, 'PRODUKSI MAKANAN DAN MINUMAN HERBAL SMK KELAS 10 SEMESTER 1', '1b75bed811ccbf298d9f7d230ff51db1.pdf', NULL, 'teks', '2024-07-04', NULL),
(232, 'PRODUKSI PAKAN ALAMI SMK KELAS 10 SEMESTER 1', '9864a6476625c6aa7b459de3fed1e703.pdf', NULL, 'teks', '2024-07-04', NULL),
(233, 'PRODUKSI PAKAN BUATAN SMK KELAS 10 SEMESTER 1', '29dac9f058c588da6cb1376e84939682.pdf', NULL, 'teks', '2024-07-04', NULL),
(234, 'PRODUKSI PAKAN BUATAN SMK KELAS 10 SEMESTER 2', '0c64ad0a8002ee6324c590d79020e9e7.pdf', NULL, 'teks', '2024-07-04', NULL),
(235, 'RANGKAIAN ELEKTRONIKA ANALOG SMK KELAS 10 SEMESTER 1', '019e3272336247fb840b8734644efa8f.pdf', NULL, 'teks', '2024-07-04', NULL),
(236, 'REKAYASA DAN PEMODELAN FURNITUR SMK KELAS 10 SEMESTER 2', 'c949c248787e0a07cd8cd53be607730d.pdf', NULL, 'teks', '2024-07-04', NULL),
(237, 'REKAYASA PERANGKAT LUNAK SMK KELAS 10 JILID 1', '98a9609e979200efd6d84850d184a17d.pdf', NULL, 'teks', '2024-07-04', NULL),
(238, 'REPRODUKSI HEWAN SMK KELAS 10 SEMESTER 1', 'fc8fba2a2fdfdf5039034b9bf2ddd5db.pdf', NULL, 'teks', '2024-07-04', NULL),
(239, 'RESTORAN SMK KELAS 10 JILID 1', 'f6f86d1ba7bfc67236c627f2fb63f011.pdf', NULL, 'teks', '2024-07-04', NULL),
(240, 'ROLEPLAY SMK KELAS 10 SEMESTER 1', 'a6f66596b245caa1c4c99f1a7c218749.pdf', NULL, 'teks', '2024-07-04', NULL),
(241, 'SENI MUSIK KLASIK KELAS 10 JILID 1', '06951eaea2f175b4ff620d1dd5db2bc5.pdf', NULL, 'teks', '2024-07-04', NULL),
(242, 'SENI MUSIK NON KLASIK SMK KELAS 10 JILID 1', 'b65583e4b219b87e1d6bb32c27be278b.pdf', NULL, 'teks', '2024-07-04', NULL),
(243, 'SENI TARI SMK KELAS 10 JILID 1', '9cfb83f19d0cdebfccf747094559abd4.pdf', NULL, 'teks', '2024-07-04', NULL),
(244, 'SENI TEATER SMK KELAS 10 JILID 1', 'a34cdd66c966c69380f2b14665a15d85.pdf', NULL, 'teks', '2024-07-04', NULL),
(245, 'SENSOR DAN AKTUATOR SMK KELAS 10 SEMESTER 1', 'b8f0f5609398bff898ad156c3243a0a0.pdf', NULL, 'teks', '2024-07-04', NULL),
(246, 'SIMULASI DIGITAL SMK KELAS 10 JILID 2', 'af7cf8ba0e818a095dfc4958170d0c19.pdf', NULL, 'teks', '2024-07-04', NULL),
(247, 'SISTEM OPERASI JARINGAN SMK KELAS 10 SEMESTER 2', '77ffda7fb22eca066d8684e0d46e908b.pdf', NULL, 'teks', '2024-07-04', NULL),
(248, 'SISTEM REFRIGERASI DAN TATA UDARA SMK KELAS 10 JILID 1', '63fd230a87f60519dd7098f45dc78e77.pdf', NULL, 'teks', '2024-07-04', NULL),
(249, 'TATA BUSANA SMK KELAS 10 JILID 1', 'f24c8ebef649b0bf54072a3a2913e2dc.pdf', NULL, 'teks', '2024-07-04', NULL),
(250, 'TATA KECANTIKAN RAMBUT SMK KELAS 10 JILID 1', '4e679d9115e47aca1303811c8d04f1ee.pdf', NULL, 'teks', '2024-07-04', NULL),
(251, 'TEKNIK ALAT BERAT SMK KELAS 10 JILID 1', 'd253f98e454421449b4063e6b813a8a9.pdf', NULL, 'teks', '2024-07-04', NULL),
(252, 'TEKNIK BUDIDAYA TANAMAN SMK KELAS 10 JILID 1', '364837ff20b70ba4e3a565e03636384c.pdf', NULL, 'teks', '2024-07-04', NULL),
(253, 'TEKNIK DASAR ELEKTRONIKA KOMUNIKASI SMK KELAS 10 SEMESTER 2', 'd5d1ba6716889ff3c4aceb3b6e9f5b64.pdf', NULL, 'teks', '2024-07-04', NULL),
(254, 'TEKNIK DASAR LISTRIK TELEKOMUNIKASI SMK KELAS 10 SEMESTER 2', '255de45e199e5cd9a4f215a099f53d7c.pdf', NULL, 'teks', '2024-07-04', NULL),
(255, 'TEKNIK DASAR PEKERJAAN LABORATORIUM KIMIA SMK KELAS 10 SEMESTER 2', 'f57d92749284fd2333fff7438874c920.pdf', NULL, 'teks', '2024-07-04', NULL),
(256, 'TEKNIK DISTRIBUSI TENAGA LISTRIK SMK KELAS 10 JILID 1', '55f7ed2d65a6247b8ffdf4525a00e314.pdf', NULL, 'teks', '2024-07-04', NULL),
(257, 'TEKNIK GAMBAR BANGUNAN SMK KELAS 10 JILID 1', '1032d3d5be5593098955b38bc2ab8d2d.pdf', NULL, 'teks', '2024-07-04', NULL),
(258, 'TEKNIK GRAFIS KOMUNIKASI SMK KELAS 10 JILID 1', 'd2ea04a0f9c7a2c1cd6c843199a71210.pdf', NULL, 'teks', '2024-07-04', NULL),
(259, 'TEKNIK KERJA BENGKEL SMK KELAS 10 SEMESTER 1', 'bb76e141e890073dcb11396e45c26a49.pdf', NULL, 'teks', '2024-07-04', NULL),
(260, 'TEKNIK KERJA BENGKEL TELEKOMUNIKASI SMK KELAS 10 SEMESTER 2', 'd299c36fedba0cd1265a3bf8b17f375a.pdf', NULL, 'teks', '2024-07-04', NULL),
(261, 'TEKNIK KONSTRUKSI BANGUNAN GEDUNG SMK KELAS 10 JILID 1', 'a227bee3d1827e23bdceda5c39e6c843.pdf', NULL, 'teks', '2024-07-04', NULL),
(262, 'TEKNIK KONSTRUKSI KAPAL BAJA SMK KELAS 10 JILID 1', '67b78c1cadaf3fddc016c6261d151589.pdf', NULL, 'teks', '2024-07-04', NULL),
(263, 'TEKNIK LAS GTAW SMK KELAS 10 SEMESTER 1', '292a07d0bd1f6181d7a70b2d9c256909.pdf', NULL, 'teks', '2024-07-04', NULL),
(264, 'TEKNIK LAS SMAW SMK KELAS 10 SEMESTER 2', '7e3ae0a8bf81159a2efb9d6c7ceba785.pdf', NULL, 'teks', '2024-07-04', NULL),
(265, 'TEKNIK LISTRIK SMK KELAS 10 SEMESTER 1', '780d650e9964a10ac7f33604017c6318.pdf', NULL, 'teks', '2024-07-04', NULL),
(266, 'TEKNIK LISTRIK INDUSTRI SMK KELAS 10 JILID 1', '9880bef91cd64a5cd08c07061e816457.pdf', NULL, 'teks', '2024-07-04', NULL),
(267, 'TEKNIK MESIN INDUSTRI SMK KELAS 10 JILID 1', 'b64bf567d7c2c1d3b02107cdac72d77b.pdf', NULL, 'teks', '2024-07-04', NULL),
(268, 'TEKNIK MIKROPROSESOR SEMESTER 2', 'bd08a756caae53da68ded8739954011f.pdf', NULL, 'teks', '2024-07-04', NULL),
(269, 'TEKNIK OTOMASI INDUSTRI SMK KELAS 10 JILID 1', '85a86a69bf9523b03b1caf8757e3db98.pdf', NULL, 'teks', '2024-07-04', NULL),
(270, 'TEKNIK PEMANFAATAN TENAGA LISTIK JILID 1', '36e6c6eb3ce2a6eb424053fb93a12303.pdf', NULL, 'teks', '2024-07-04', NULL),
(271, 'TEKNIK PEMBENTUKAN PLAT SMK KELAS 10 JILID 1', 'eb7b136b0cd116b37b1be174d37fdb65.pdf', NULL, 'teks', '2024-07-04', NULL),
(272, 'TEKNIK PEMBIBITAN TANAMAN DAN PRODUKSI BENIH SMK KELAS 10 JILID 1', 'e44f803481d0d459ff184a1873829a61.pdf', NULL, 'teks', '2024-07-04', NULL),
(273, 'TEKNIK PEMELIHARAAN DAN PERBAIKAN SISTEM ELEKTRONIKA SMK KELAS 10 JILID 1', '57b67ca86a42bb00331a3be0e6571635.pdf', NULL, 'teks', '2024-07-04', NULL),
(274, 'TEKNOLOGI PENCELUPAN DAN PENCAPAN SMK KELAS 10 JILID 1', '8e28b2dc6abdac4be1d17bf4182d3ae1.pdf', NULL, 'teks', '2024-07-04', NULL),
(275, 'TEKNIK PENERANGAN LISTRIK SMK KELAS 11 SEMESTER 3', 'c717e7c0027b4909c99e9832e7c31024.pdf', NULL, 'teks', '2024-07-04', NULL),
(276, 'TEKNIK PENGECORAN SMK KELAS 10 JILID 1', 'cbf9874f668793b38ccb6afe6e456380.pdf', NULL, 'teks', '2024-07-04', NULL),
(277, 'TEKNIK PENGELASAN KAPAL SMK KELAS 10 JILID 1', '16b1492e1c25a97520d00daf21b2622b.pdf', NULL, 'teks', '2024-07-04', NULL),
(278, 'TEKNIK PENYIARAN DAN PRODUKSI PROGRAM RADIO,TELEVISI DAN FILM SMK KELAS 10 JILID 1', '860c19dcf4d89e65bfa56f3ac07ebd28.pdf', NULL, 'teks', '2024-07-04', NULL),
(279, 'TEKNIK PERAWATAN DAN PERBAIKAN OTOMOTIF SMK KELAS 10 SEMESTER 1', '59658b0a8d8e6bcef9df4bb8d0d0737f.pdf', NULL, 'teks', '2024-07-04', NULL),
(280, 'TEKNIK PERENCANAAN GIZI MAKANAN SMK KELAS 10 JILID 1', 'ad48c47c72f496d56834f99192d602fb.pdf', NULL, 'teks', '2024-07-04', NULL),
(281, 'TEKNIK PRODUKSI MESIN INDUSTRI SMK KELAS 10 JILID 1', '891036c7b303be3feeb226f0b4b9278c.pdf', NULL, 'teks', '2024-07-04', NULL),
(282, 'TEKNIK SEPEDA MOTOR SMK KELAS 10 JILID 1', '27e69c785bc9191bd9964de7c5566a15.pdf', NULL, 'teks', '2024-07-04', NULL),
(283, 'TEKNIK STRUKTUR BANGUNAN SMK KELAS 10 JILID 1', 'ec0cb26176ab9a3d7e2ca305ad52e723.pdf', NULL, 'teks', '2024-07-04', NULL),
(284, 'TEKNIK SURVEI DAN PEMETAAN SMK KELAS 10 JILID 1', 'b4ad9faf3c2167ba254a228507bafffb.pdf', NULL, 'teks', '2024-07-04', NULL),
(285, 'TEKNIK TELEKOMUNIKASI SMK KELAS 10 JILID 1', 'fb3aa96e3364fcc04ac3848c9b34a363.pdf', NULL, 'teks', '2024-07-04', NULL),
(286, 'TEKNIK TRANSMISI TENAGA LISTRIK SMK KELAS 10 JILID 1', '3a9046b660ded93d4f1be8e833931ba3.pdf', NULL, 'teks', '2024-07-04', NULL),
(287, 'TEKNIK KELISTRIKAN DAN ELEKTRONIKA INSTRUMEN SMK KELAS 10', 'e0a16892978354d3fca36f8b47867533.pdf', NULL, 'teks', '2024-07-04', NULL),
(288, 'TEKNOLOGI BAHAN FURNITUR SMK KELAS 10 SEMESTER 2', '6a24ab8f203de92fabe0147a8937fa8a.pdf', NULL, 'teks', '2024-07-04', NULL),
(289, 'TEKNOLOGI DASAR OTOMOTIF SMK KELAS 10 SEMESTER 2', 'e5fc5c408b4ebf7d51b818aef30f37ae.pdf', NULL, 'teks', '2024-07-04', NULL),
(290, 'TEKNOLOGI MEKANIK SMK KELAS 10 SEMESTER 1', '48029acb63c48e4489fb811c7f05b0a7.pdf', NULL, 'teks', '2024-07-04', NULL),
(291, 'TEKNOLOGI PANGAN SMK KELAS 10 JILID 1', 'f55a68915f1ab49fb4c66eef965da2b0.pdf', NULL, 'teks', '2024-07-04', NULL),
(292, 'BAHASA INDONESIA TINGKAT SEMENJANA SMK KELAS 10 JILID 1', '39897cf5fafba24cf4cd1c6ccc957675.pdf', NULL, 'teks', '2024-07-04', NULL),
(293, 'USAHA JASA PARIWISATA SMK KELAS 10 JILID 1', 'cc47e18f6806f135df436a95a9f828d8.pdf', NULL, 'teks', '2024-07-04', NULL),
(294, 'ARGIBISNIS PAKAN TERNAK UNGGAS SMK KELAS 11 SEMESTER 3', '8393e8bffa4e888385f5eab5698662b0.pdf', NULL, 'teks', '2024-07-04', NULL),
(295, 'ARGIBISNIS TERNAK RUMINANSIA PEDAGING SMK KELAS 11 SEMESTER 3', '6a66c363a33a70d44b4653f08ed4bc65.pdf', NULL, 'teks', '2024-07-04', NULL),
(296, 'ARGIBISNIS TERNAK RUMINANSIA PERAH SMK KELAS 11 SEMESTER 3', '8aad68dc5144d393e414b918a64815c9.pdf', NULL, 'teks', '2024-07-04', NULL),
(297, 'ARGIBISNIS TERNAK UNGGAS PETELUR SMK KELAS 11 SEMESTER 3', '4fde8bc90b6a7181063d181be4c60fda.pdf', NULL, 'teks', '2024-07-04', NULL),
(298, 'AIRCRAFT AVIONICS DRAWING SMK KELAS 11 SEMESTER 4', 'a4ff110912db28dbb30f1b9eebdb6b82.pdf', NULL, 'teks', '2024-07-04', NULL),
(299, 'AIRCRAFT ELECTRICAL & ELECTRONICS SMK KELAS 11 SEMESTER 4', '554591c662e9d872ed04a8a74b55e8e5.pdf', NULL, 'teks', '2024-07-04', NULL),
(300, 'AIRCRAFT ELECTRICAL SYSTEM ASSEMBLY SMK KELAS 11 SEMESTER 4', 'f56a335b55a38d265aaf4dabd414d424.pdf', NULL, 'teks', '2024-07-04', NULL),
(301, 'AIRCRAFT ELECTRONICAL CIRCUITS AND CONTROL SMK KELAS 11 SEMESTER 4', '886444e63709d3ccf2ad00e73ff2c3cf.pdf', NULL, 'teks', '2024-07-04', NULL),
(302, 'AIRCRAFT INSTRUMENT AND AUTOPILOT SMK KELAS 11 SEMESTER 4', '85fa68ad73767b0e71ad779f3173cd56.pdf', NULL, 'teks', '2024-07-04', NULL),
(303, 'AIRCRAFT INSTRUMENTS SMK KELAS 11 SEMESTER 4', '4e525b1394fd4b7958e62bf6fc4f1295.pdf', NULL, 'teks', '2024-07-04', NULL),
(304, 'AIRCRAFT SYSTEMS SMK KELAS 11 SEMESTER 4', '8909ad83bcd6d0b6cbc36f5ccc88d892.pdf', NULL, 'teks', '2024-07-04', NULL),
(305, 'AKTIF MENGGUNAKAN MATEMATIKA SMK KELAS 11', 'dba13c009e7645cd254c88e4deefbb98.pdf', NULL, 'teks', '2024-07-04', NULL),
(306, 'AKUNTANSI INDUSTRI SMK KELAS 11 JILID 2', '9d9da008cda3d00b93a14b3070700b0d.pdf', NULL, 'teks', '2024-07-04', NULL),
(307, 'Buku Guru kelas I Tema 1 Diriku', 'fbb4ed9d15ff786c137852617a60458d.pdf', NULL, 'teks', '2024-07-04', NULL),
(308, 'Buku Guru kelas I Tema 2 Kegemaranku', '24f379ca549d7e6e0b91b83d8dce1d40.pdf', NULL, 'teks', '2024-07-04', NULL),
(309, 'Buku Guru kelas I Tema 3 Kegiatanku', 'c4cd57c59c5dc949c9567bce3e332a33.pdf', NULL, 'teks', '2024-07-04', NULL),
(310, 'Buku Guru kelas I Tema 4 Keluargaku', '52fbc1e089310361af17c5d1b5ee885b.pdf', NULL, 'teks', '2024-07-04', NULL),
(311, 'Buku Panduan Guru Pendidikan Agama Khonghucu dan Budi Pekerti untuk SMA_SMK Kelas XII', '9cfa9f3fc60ed8c85bc5ab5fb6ffde21.pdf', NULL, 'teks', '2024-07-04', NULL),
(312, 'Buku Guru kelas I Tema 6 Lingkungan,Sehatdan Asri', '2d4deaa7179016c8fc2ca035dce3f92b.pdf', NULL, 'teks', '2024-07-04', NULL),
(313, 'Buku Panduan Guru Pendidikan Kepercayaan Terhadap Tuhan Yang Maha Esa dan Budi Pekerti untuk SMA_SMK Kelas XII', 'c10c7990a0d74529ef5aa949e773bea4.pdf', NULL, 'teks', '2024-07-04', NULL),
(314, 'Buku Panduan Guru Prakarya Budi Daya untuk SMA_MA Kelas XII', '721d8cf81824e1707b18277392f0da99.pdf', NULL, 'teks', '2024-07-04', NULL),
(315, 'Cerita Aji Deris.m4a', 'Cerita Aji Deris', 2, 'audio', '2024-10-16', NULL),
(316, 'Buku Panduan Guru Prakarya dan Kewirausahaan Rekayasa untuk SMA_MA Kelas XII', 'c3c65ff4d3b2b736a9e995a5b82c2e28.pdf', NULL, 'teks', '2024-07-04', NULL),
(317, 'Buku Guru Pendidikan Agama Khonghucu dan Budi Pekerti Kelas I', '269377e5787dc0d0c481600bca3144a4.pdf', NULL, 'teks', '2024-07-04', NULL),
(318, 'Buku Panduan Guru Prakarya Pengolahan untuk SMA_MA Kelas XII', 'dc0d8ef7e6c094f73681122edaf52d0a.pdf', NULL, 'teks', '2024-07-04', NULL),
(319, 'Buku Panduan Guru Seni Musik untuk SD Kelas V', '8b60e9531b089f9df5f22a065332e6da.pdf', NULL, 'teks', '2024-07-04', NULL),
(320, 'Buku Panduan Guru Seni Teater untuk SMA_MA Kelas XII', '7acb869a7b6081d225b621ea803ad572.pdf', NULL, 'teks', '2024-07-04', NULL),
(321, 'Buku Kelas I Tema 2 Kegemaranku', 'de03bddb5d0e376f806f02f68e626c83.pdf', NULL, 'teks', '2024-07-04', NULL),
(322, 'Buku kelas I Tema 3 Kegiatanku', 'b2331e719d9476846959e5d1c3196f53.pdf', NULL, 'teks', '2024-07-04', NULL),
(323, 'Panduan Guru Pendidikan Pancasila untuk SMA_MA_SMK_MAK Kelas XII', '71240f0577836e9b791a98dd88d5277f.pdf', NULL, 'teks', '2024-07-04', NULL),
(324, 'Buku Panduan Guru Pendidikan Jasmani, Olahraga, dan Kesehatan untuk SD/MI Kelas V', 'dc981d95914a68bb2fd2c0c587301ece.pdf', NULL, 'teks', '2024-07-04', NULL),
(325, 'Buku Kelas I Tema 6 Lingkungan, Bersih, Sehat dan Asri', 'd6f7e1a377aa5eeafcbce9f5240aa824.pdf', NULL, 'teks', '2024-07-04', NULL),
(326, 'Buku Kelas I Tema 7 Benda, Hewan, Tumbuhan disekitarku', '4b7152144fac1edfa5efa458425ca457.pdf', NULL, 'teks', '2024-07-04', NULL),
(327, 'Buku Guru Pendidikan Agama Hindu dan Budi Pekerti Kelas II', '3412a447e0833bbc6d3c769a13f16612.pdf', NULL, 'teks', '2024-07-04', NULL),
(328, 'Teacher Book – My Next Words Grade 5', '997fe6ed17444d55878644e43e25511f.pdf', NULL, 'teks', '2024-07-04', NULL),
(329, 'Buku Panduan Guru Seni Teater untuk SD Kelas IV', '5b3110b2eea5c50071daacecc9b4caf2.pdf', NULL, 'teks', '2024-07-04', NULL),
(330, 'Buku Panduan Guru Seni Rupa untuk SD Kelas IV', '6810dbb928f12bf1419a7bc5db937404.pdf', NULL, 'teks', '2024-07-04', NULL),
(331, 'Panduan Guru Pendidikan Pancasila untuk SD/MI Kelas VI', '716be0dfd2acef17b8c66b7ca8a28903.pdf', NULL, 'teks', '2024-07-04', NULL),
(332, 'PK.TEKNIK PRODUKSI MIGAS PERALATAN PRODUKSI ATAS DAN BAWAH PERMUKAAN SMK KELAS 11', '5ca0c730f6c2f3127abe4934845d751f.pdf', NULL, 'teks', '2024-07-04', NULL),
(333, 'AKOMODASI PERHOTELAN SMK KELAS 12', '7fdd4d416d65a4596983dd6ac67f10c7.pdf', NULL, 'teks', '2024-07-04', NULL),
(334, 'ALAT UKUR DAN TEKNIK PENGUKURAN SMK KELAS 12', 'f0d4a75adb578c79fe0a878155865c7e.pdf', NULL, 'teks', '2024-07-04', NULL),
(335, 'BAHASA INDONESIA 3 SMK KELAS 12', '70306dfbf4a324c4c4eacfeaec09889e.pdf', NULL, 'teks', '2024-07-04', NULL),
(336, 'BIOLOGI PERTANIAN SMK KELAS 12', '3cd91bf4dc38dec672a858086f547756.pdf', NULL, 'teks', '2024-07-04', NULL),
(337, 'KIMIA KESEHATAN SMK KELAS 12 JILID 3', 'ea1265e26a1061a2b57dbd1a297f6e6c.pdf', NULL, 'teks', '2024-07-04', NULL),
(338, 'KOMUNIKATIF DALAM BERBAHASA INDONESIA SMK KELAS 12', 'd9c0f331d27d586787db239831fba75f.pdf', NULL, 'teks', '2024-07-04', NULL),
(339, 'KONSEP DASAR PELAPORAN AKUNTANSI DAN PELAPORAN KEUANGAN SMK KELAS 12 JILID 3', '54b8b8a8384b7fed667b7b37a8203913.pdf', NULL, 'teks', '2024-07-04', NULL),
(340, 'KRIYA KERAMIK SMK KELAS 12', 'f039cd1d84c0686d570454527edc8436.pdf', NULL, 'teks', '2024-07-04', NULL),
(341, 'KRIYA KULIT SMK KELAS 12 JILID 3', '2acc8593b1cb05979341a23c28b1fccd.pdf', NULL, 'teks', '2024-07-04', NULL),
(342, 'NAUTIKA KAPAL PENANGKAP IKAN SMK KELAS 12 JILID 3', '169ee9d141ba3aa1b594b0ddbc33670e.pdf', NULL, 'teks', '2024-07-04', NULL),
(343, 'PATISERI SMK KELAS 12 JILID 3', '217cbf385c622fb36eb4cbdda5cd1e36.pdf', NULL, 'teks', '2024-07-04', NULL),
(344, 'PEKERJAAN SOSIAL SMK KELAS 12 JILID 3', '0a83f8a37922be2eae1daba069fe826b.pdf', NULL, 'teks', '2024-07-04', NULL),
(345, 'PENJUALAN SMK KELAS 12 JILID 3', '9f32c1edf2ea20d4ccd3d2abd983ac9f.pdf', NULL, 'teks', '2024-07-04', NULL),
(346, 'REKAYASA PERANGKAT LUNAK SMK KELAS 12 JILID 3', '9d320f3a7ed23e1fe87c5104f064e973.pdf', NULL, 'teks', '2024-07-04', NULL),
(347, 'RESTORAN SMK KELAS 12 JILID 3', '3b0dddff1176ac9366a54cf2bd989dd1.pdf', NULL, 'teks', '2024-07-04', NULL),
(348, 'SENI TARI SMK KELAS 12 JILID 3', '0bfd94424c6dd698e8200a50f4379ea9.pdf', NULL, 'teks', '2024-07-04', NULL),
(349, 'TATA BUSANA SMK KELAS 12 JILID 3', '344f07e81138b9159a3bf1093a30e614.pdf', NULL, 'teks', '2024-07-04', NULL),
(350, 'TATA KECANTIKAN KULIT SMK KELAS 12 JILID 3', 'dc820af376d3ccf0a27b944a0d42daae.pdf', NULL, 'teks', '2024-07-04', NULL),
(351, 'TATA KECANTIKAN RAMBUT JILID 3', '85fe421025f2a2d56de8c7290dbbcbbe.pdf', NULL, 'teks', '2024-07-04', NULL),
(352, 'TEKNIK ALAT BERAT SMK KELAS 12 JILID 3', '644eac5db4c349cf695be168683e498b.pdf', NULL, 'teks', '2024-07-04', NULL),
(353, 'TEKNIK BODI OTOMOTIF SMK KELAS 12 JILID 3', 'c35a28b2e3a01dcea934b07a2041195c.pdf', NULL, 'teks', '2024-07-04', NULL),
(354, 'TEKNIK OTOMASI INDUSTRI SMK KELAS 12 JILID 3', '0d59e6b26e41b70fdcd456cc460fc893.pdf', NULL, 'teks', '2024-07-04', NULL),
(355, 'TEKNIK PEMANFAATAN TENAGA LISTRIK SMK KELAS 12 JILID 3', '8d2419149ef07f0bb18bcb2ee5b02117.pdf', NULL, 'teks', '2024-07-04', NULL),
(356, 'TEKNIK PEMELIHARAAN DAN PERBAIKAN SISTEM ELEKTRONIKA SMK KELAS 12 JILID 3', '3cc450d564c8604677666dfb0fd34a0f.pdf', NULL, 'teks', '2024-07-04', NULL),
(357, 'TEKNIK PERENCANAAN GIZI MAKANAN SMK KELAS 12 JILID 3', '7a8802cf46b0f3cfdc349c8ed640269e.pdf', NULL, 'teks', '2024-07-04', NULL),
(358, 'TEKNIK PRODUKSI MESIN INDUSTRI SMK KELAS 12 JILID 3', 'ded19b0b4228f9a261839614a6913aad.pdf', NULL, 'teks', '2024-07-04', NULL),
(359, 'TEKNIK SURVEI DAN PEMETAAN SMK KELAS 12 JILID 3', '92f48e52b05ba5a52b4a13b5e06bbe7f.pdf', NULL, 'teks', '2024-07-04', NULL),
(360, 'TEKNIK TELEKOMUNIKASI SMK KELAS 12 JILID 3', 'd562329bc583fbe8d1db25aa81c036d9.pdf', NULL, 'teks', '2024-07-04', NULL),
(361, 'TEKNIK TRANSMISI TENAGA LISTRIK SMK KELAS 12 JILID 3', '9119ca85d5553de03214725e1349d516.pdf', NULL, 'teks', '2024-07-04', NULL),
(362, 'Ambilkan Bulan, Bu.m4a', 'Ambilkan Bulan, Bu', 2, 'audio', '2024-10-16', NULL),
(363, '1 (1).mp3', 'Azab dan Sengsara Bab 1', 2, 'audio', '2024-10-16', NULL),
(364, 'Panduan Guru Pendidikan Pancasila untuk SDMI Kelas III', 'b4c41b9b945f690e57884a488f24315b.pdf', NULL, 'teks', '2024-07-04', NULL),
(365, 'Pendidikan Agama Hindu dan Budi Pekerti untuk SD Kelas III', '7d9977415c502334ce47a6c46b150d7a.pdf', NULL, 'teks', '2024-07-04', NULL),
(366, 'Belajar Bersama Temanmu Matematika untuk Sekolah Dasar Kelas IV', '4247c15eebd54f2e28fd9a063bae8741.pdf', NULL, 'teks', '2024-07-04', NULL),
(367, 'Buku Guru – Kata-kataku Selanjutnya Kelas IV', '92b2f8ce17eee79591e5838d6a2fc316.pdf', NULL, 'teks', '2024-07-04', NULL),
(368, 'Buku Panduan Guru Bahasa Indonesia Melihat Sekitar untuk SD Kelas IV', 'e1fd47ec4d1b5b2820c3d067d69903b4.pdf', NULL, 'teks', '2024-07-04', NULL),
(369, 'Buku Panduan Guru Matematika untuk SD/MI Kelas IV', '76d8d138b562abce449468349f3b0c21.pdf', NULL, 'teks', '2024-07-04', NULL);
INSERT INTO `file` (`file_id`, `file_title`, `file_name`, `chapter_id`, `file_type`, `input_date`, `last_update`) VALUES
(370, 'Buku Panduan Guru Matematika untuk Sekolah Dasar Kelas IV – Volume 2', '06a02524fe24d015148386998ee7fff6.pdf', NULL, 'teks', '2024-07-04', NULL),
(371, 'Buku Panduan Guru Pendidikan Agama Buddha dan Budi Pekerti untuk SD Kelas IV', '5b926c1ea6bfafcb972b394f0bcb0b0e.pdf', NULL, 'teks', '2024-07-04', NULL),
(372, 'Buku Panduan Guru Pendidikan Agama Hindu dan Budi Pekerti Untuk Kelas IV SD', '05ab80391099e2358f28321ea0621b0a.pdf', NULL, 'teks', '2024-07-04', NULL),
(373, 'KAMUS BAHASA INDONESIA', '1cc5cdde736fdead8149d4cd65fa540c.pdf', NULL, 'teks', '2024-07-04', NULL),
(374, 'KIMIA 1 SMA KELAS 10', '4351fd494770cb42b6c6becdbfb8cba4.pdf', NULL, 'teks', '2024-07-04', NULL),
(375, 'KIMIA SMA KELAS 10', '151302991874e0c1000a00a9a25458cf.pdf', NULL, 'teks', '2024-07-04', NULL),
(376, 'MEMAHAMI KIMIA SMA KELAS 10', 'f7b9a6633e59d78177365a9fdbffd2c0.pdf', NULL, 'teks', '2024-07-04', NULL),
(377, 'MEMBUKA CAKRAWALA EKONOMI SMA KELAS 10', 'c3518bc427e2d8e3da4c5d766fccb643.pdf', NULL, 'teks', '2024-07-04', NULL),
(378, 'MENGASAH KEMAMPUAN EKONOMI SMA KELAS 10', '3d406e8bcc23bf88edd223fc825e3c55.pdf', NULL, 'teks', '2024-07-04', NULL),
(379, 'PENDIDIKAN AGAMA ISLAM SMA KELAS 10', 'a71af8407ee085ccd9414a3e69a8bde0.pdf', NULL, 'teks', '2024-07-04', NULL),
(380, 'PENDIDIKAN AGAMA KHONGHUCU SMA KELAS 10', 'e99e4313d0df2192ab8528e1b7b19507.pdf', NULL, 'teks', '2024-07-04', NULL),
(381, 'PENDIDIKAN KEWARGANEGARAAN SMA KELAS 10', '8304c5429f96e74ef981996efaddd4bb.pdf', NULL, 'teks', '2024-07-04', NULL),
(382, 'PRAKTIS BELAJAR FISIKA SMA KELAS 10', 'f34cc6c3bbeeb1b6fcd3b02e559a7e95.pdf', NULL, 'teks', '2024-07-04', NULL),
(383, 'SEJARAH SMA KELAS 10', '41b5a9e25c8e674b05789c0cc9e5ca3e.pdf', NULL, 'teks', '2024-07-04', NULL),
(384, 'SEJARAH SMA KELAS 10', '0cfb0d59607d590666471c475bc90228.pdf', NULL, 'teks', '2024-07-04', NULL),
(385, 'SOSIOLOGI SMA KELAS 10', '3e8840d66a64c631219bd728f5608b35.pdf', NULL, 'teks', '2024-07-04', NULL),
(386, 'SOSIOLOGI SMA KELAS 10', '47f824e87ff7a9227588d39dee340858.pdf', NULL, 'teks', '2024-07-04', NULL),
(387, 'SOSIOLOGI SMA KELAS 10', '82e2cff82deb5d3d91574167b0358236.pdf', NULL, 'teks', '2024-07-04', NULL),
(388, 'SOSIOLOGI MENYELAMI FENOMENA SOSIAL DIMASYARAKAT SMA KELAS 10', '62f48ab24d716df815f3ffba4950ee23.pdf', NULL, 'teks', '2024-07-04', NULL),
(389, 'Buku Panduan Guru Pendidikan Agama Islam dan Budi Pekerti untuk SD/MI Kelas IV', 'b3a53d96030556496942c1b0e951af01.pdf', NULL, 'teks', '2024-07-04', NULL),
(390, 'Buku Panduan Guru Pendidikan Agama Katolik dan Budi Pekerti untuk SD Kelas IV', 'a09b619fe3501122202a1909086be7ea.pdf', NULL, 'teks', '2024-07-04', NULL),
(391, 'Buku Panduan Guru Pendidikan Agama Khonghucu dan Budi Pekerti Untuk SD Kelas IV', 'bb7fee768b5be9c189d8253cf9fdf1b4.pdf', NULL, 'teks', '2024-07-04', NULL),
(392, 'Buku Panduan Guru Pendidikan Jasmani, Olahraga, dan Kesehatan Untuk SD/MI Kelas IV', '8dd17f7f1ecb3d088922cb347304ca35.pdf', NULL, 'teks', '2024-07-04', NULL),
(393, 'Buku Panduan Guru Pendidikan Kepercayaan Terhadap Tuhan Yang Maha Esan Budi Pekerti Untuk SD/MI Kelas IV', 'f2f16a34b5d8209698e550b45eb57a4f.pdf', NULL, 'teks', '2024-07-04', NULL),
(394, 'Audiobook Cerita Rakyat Kantor Bahasa Provinsi NTB Batu Goloq.mp4a', 'Cerita Rakyat - Batu Goloq', 2, 'audio', '2024-10-16', NULL),
(395, 'Buku Panduan Guru Seni Tari untuk SD Kelas IV', '05cb5c040f2032f138f1c67e645432d0.pdf', NULL, 'teks', '2024-07-04', NULL),
(396, 'Aku Sayang Ayah.mp3', 'Aku Sayang Ayah', 2, 'audio', '2024-10-16', NULL),
(397, 'Matematika untuk SD/MI Kelas IV', 'c7af312c053f0aa418a24b49e4d5d11c.pdf', NULL, 'teks', '2024-07-04', NULL),
(398, 'Panduan Guru Pendidikan Pancasila untuk SD/MI Kelas IV', '06034abf7f4cb5dd8c9c692ed35d05d0.pdf', NULL, 'teks', '2024-07-04', NULL),
(399, 'Pendidikan Agama Hindu dan Budi Pekerti untuk SD Kelas IV', '8f0758cb3979e369b49e6c2377e3d933.pdf', NULL, 'teks', '2024-07-04', NULL),
(400, 'Pendidikan Agama Islam dan Budi Pekerti untuk SD Kelas IV', '400bbee5ffc25412f3f5e51b6a829182.pdf', NULL, 'teks', '2024-07-04', NULL),
(401, 'Pendidikan Agama Katolik dan Budi Pekerti untuk SD Kelas IV', '5482538b516a06f64070347f0758e083.pdf', NULL, 'teks', '2024-07-04', NULL),
(402, 'Pendidikan Kepercayaan Terhadap Tuhan Yang Maha Esa dan Budi Pekerti Untuk SD/MI Kelas IV', '5bbcc7f9ef1e03e2f9740171fd04ccbc.pdf', NULL, 'teks', '2024-07-04', NULL),
(403, 'Pendidikan Pancasila untuk SD/MI Kelas IV', '3a771fb7af43ef1490f67116aca4dae8.pdf', NULL, 'teks', '2024-07-04', NULL),
(404, 'Aku Sayang Ayah (Nurani Widaningsih).pdf', 'Aku Sayang Ayah - PDF', NULL, 'teks', '2024-10-16', NULL),
(405, 'Buku Panduan Guru Matematika untuk SD/MI Kelas V', 'd9452a84a642339f933685b8ba8c4c1e.pdf', NULL, 'teks', '2024-07-04', NULL),
(406, 'Dina Bisa Cerita (Mustika Desi)_0.pdf', 'DINA BISA CERITA - PDF', NULL, 'teks', '2024-10-16', NULL),
(407, 'Buku Guru Pendidikan Agama Katolik dan Budi Pekerti Kelas II', '861ee1985aa04ff62893f538014586ba.pdf', NULL, 'teks', '2024-07-04', NULL),
(408, 'Buku Guru Pendidikan Agama Khonghucu dan Budi Pekerti Kelas II', '78cad82b79ae20a785eb28cbcf33c44c.pdf', NULL, 'teks', '2024-07-04', NULL),
(409, 'Buku Guru Pendidikan Agama Kristen dan Budi Pekerti Kelas I', 'f262c0ef64819693634a7cbe397b469c.pdf', NULL, 'teks', '2024-07-04', NULL),
(410, 'Buku Guru Tema 1 kelas II Hidup Rukun', '018cdf406ba77875ed777357c20f8f68.pdf', NULL, 'teks', '2024-07-04', NULL),
(411, 'Buku Guru Tema 2 kelas II Bermain di Lingkunganku', '75de98c3d6252e0346ef3233ceb4e1e7.pdf', NULL, 'teks', '2024-07-04', NULL),
(412, 'Buku Guru Tema 3 kelas II Tugasku Sehari-hari', '5622d97b949f10e78482d05c62522612.pdf', NULL, 'teks', '2024-07-04', NULL),
(413, 'Buku Guru Tema 4 kelas II Hidup Bersih dan Sehat', '694f638ecf0199f84745d1442af05fea.pdf', NULL, 'teks', '2024-07-04', NULL),
(414, 'Buku Guru Tema 5 kelas II Pengalamanku', '1b8a83c9f3a36fc0f16ed0af5001e3ae.pdf', NULL, 'teks', '2024-07-04', NULL),
(415, 'Buku Guru Tema 6 kelas II Merawat Hewan dan Tumbuhan', 'a2e207c8f2c39c2512de65f18fadee5a.pdf', NULL, 'teks', '2024-07-04', NULL),
(416, 'Buku Panduan Guru Matematika untuk Sekolah Dasar Kelas V – Volume 1', '6c767ff2b4a4c37283128a4566b96acc.pdf', NULL, 'teks', '2024-07-04', NULL),
(417, 'Buku Guru Tema 7 Kelas II Kebersamaan', '01b15acba1d649331240dfad08fc96a3.pdf', NULL, 'teks', '2024-07-04', NULL),
(418, 'Buku Guru Tema 8 Kelas II keselamatan di rumah dan Perjalanan', 'c987fed61e8e1f94a1d33f456ec7c37b.pdf', NULL, 'teks', '2024-07-04', NULL),
(419, 'Kelas II tema 1 Hidup Rukun', '0b8223787eedb02787d9e86032569f14.pdf', NULL, 'teks', '2024-07-04', NULL),
(420, 'Kelas II tema 3 Tugasku Sehari Hari', 'cca1b327f773e13ca32ca8f06afa1152.pdf', NULL, 'teks', '2024-07-04', NULL),
(421, 'Kelas II tema 6 merawat Hewan Dan Tumbuhan', 'bb31f1865520e6d208957bc03ffbf63b.pdf', NULL, 'teks', '2024-07-04', NULL),
(422, 'Buku Panduan Guru Matematika untuk Sekolah Dasar Kelas V – Volume 2', '339c753a94b33052418034caddeb836a.pdf', NULL, 'teks', '2024-07-04', NULL),
(423, 'Kelas II tema 7 Kebersamaan', 'a7f3b5cede590b3156e9aa4bff2a5922.pdf', NULL, 'teks', '2024-07-04', NULL),
(424, 'Pendidikan Agama Hindu Dan Budi Pekerti Kelas II', 'b4e300c51ded98f80303796b64633ad6.pdf', NULL, 'teks', '2024-07-04', NULL),
(425, 'Pendidikan Agama Islam dan Budi Pekerti Kelas II', '0731baaedea3fca0858952362aacad3a.pdf', NULL, 'teks', '2024-07-04', NULL),
(426, 'Buku Panduan Guru Pendidikan Agama Buddha dan Budi Pekerti untuk SD Kelas V', '796df5cb43c8947554535a94de5730a7.pdf', NULL, 'teks', '2024-07-04', NULL),
(427, 'Pendidikan Agama Kristen Dan Budi Pekerti Kelas II', '883ee34707f9d5c9781b8c8ae228e45c.pdf', NULL, 'teks', '2024-07-04', NULL),
(428, 'Buku Panduan Guru Pendidikan Agama Islam dan Budi Pekerti untuk SD Kelas V', '96b1c2f0f1e4496d2d3075ed7ae86465.pdf', NULL, 'teks', '2024-07-04', NULL),
(429, 'Buku Guru Pendidikan Agama Hindu dan Budi Pekerti Kelas III', '06c657129ba58060c665319b44f8e681.pdf', NULL, 'teks', '2024-07-04', NULL),
(430, 'Buku Guru Pendidikan Agama Katolik dan Budi Pekerti Kelas III', '254bb009d27ac13d4953f092a4a3c9fb.pdf', NULL, 'teks', '2024-07-04', NULL),
(431, 'Buku Panduan Guru Pendidikan Agama Khonghucu dan Budi Pekerti Untuk SD Kelas V', '08d0b88b97166a9639b12364de278eb0.pdf', NULL, 'teks', '2024-07-04', NULL),
(432, 'Buku Guru Pendidikan agama Khonghucu Dan Budi Pekerti Kelas III', 'e31a23eeae5cfba7973bb6ca98667553.pdf', NULL, 'teks', '2024-07-04', NULL),
(433, 'Buku Panduan Guru Pendidikan Agama Kristen dan Budi Pekerti untuk SD Kelas V', 'af936f4d6f1d788f9333a314f53302b5.pdf', NULL, 'teks', '2024-07-04', NULL),
(434, 'Buku Panduan Guru Pendidikan Jasmani, Olahraga, dan Kesehatan untuk SD Kelas V', 'c36a367278edeced5e549d6abfd145f7.pdf', NULL, 'teks', '2024-07-04', NULL),
(435, 'DINA BISA CERITA.mp3', 'DINA BISA CERITA', 2, 'audio', '2024-10-16', NULL),
(436, 'Buku Guru Pendidikan agama Kristen Dan Budi Pekerti Kelas III', 'f135d5b3069ad148e055bdd0ee0fc5ce.pdf', NULL, 'teks', '2024-07-04', NULL),
(437, 'Buku Panduan Guru Seni Teater untuk SD Kelas V', '131e182c2e0e958c94e8f5e0758ea75b.pdf', NULL, 'teks', '2024-07-04', NULL),
(438, 'Matematika untuk SD/MI Kelas V', '34e78d963b1478cc206c681b9d59b6ee.pdf', NULL, 'teks', '2024-07-04', NULL),
(439, 'Panduan Guru Pendidikan Pancasila untuk SD/MI Kelas V', '9fb90716da1142f8a2735538a29b68c9.pdf', NULL, 'teks', '2024-07-04', NULL),
(440, 'Pendidikan Agama Katolik dan Budi Pekerti untuk SD Kelas V', 'dd555cb362ebecadc89842a68e521b37.pdf', NULL, 'teks', '2024-07-04', NULL),
(441, 'Pendidikan Agama Kristen dan Budi Pekerti untuk SD Kelas V', '76f230f300e97559c946de2eac77abfe.pdf', NULL, 'teks', '2024-07-04', NULL),
(442, 'Pendidikan Kepercayaan Terhadap Tuhan Yang Maha Esa dan Budi Pekerti Untuk SD Kelas V', 'edf85074940dab2a4e6eabfb34ef7198.pdf', NULL, 'teks', '2024-07-04', NULL),
(443, 'Pendidikan Pancasila untuk SD/MI Kelas V', '5277205cc84ef892d034efad77c3754b.pdf', NULL, 'teks', '2024-07-04', NULL),
(444, 'BOLA DIAMLAH.mp3', 'BOLA DIAMLAH', 2, 'audio', '2024-10-16', NULL),
(445, 'Buku Panduan Guru Pendidikan Agama Buddha dan Budi Pekerti untuk SD Kelas VI', 'd8532a3c6ad983c9d733eb26c4e62625.pdf', NULL, 'teks', '2024-07-04', NULL),
(446, 'Buku Panduan Guru Pendidikan Agama Islam dan Budi Pekerti untuk SD Kelas VI', 'e596a976b970c285cc24e39a94901e00.pdf', NULL, 'teks', '2024-07-04', NULL),
(447, 'Buku Panduan Guru Pendidikan Agama Katolik dan Budi Pekerti untuk SD Kelas VI', '5f8e2a08491e9537438a2ede51bacc33.pdf', NULL, 'teks', '2024-07-04', NULL),
(448, 'Buku Panduan Guru Seni Musik untuk SD/MI Kelas VI', '0a7e4cb4d0afc5c05eee7038d0c5331e.pdf', NULL, 'teks', '2024-07-04', NULL),
(449, 'Panduan Guru Pendidikan Pancasila untuk SDMI Kelas VI', '233f0e65c356752d3675e8f9ece979ef.pdf', NULL, 'teks', '2024-07-04', NULL),
(450, 'Pendidikan Agama Islam dan Budi Pekerti untuk SD/MI Kelas VI', '74c1a72156f9fff82b310a855e2bc198.pdf', NULL, 'teks', '2024-07-04', NULL),
(451, 'Buku Guru Tema 1 kelas III Pertumbuhan dan Perkembiakan Makhluk Hidup', '7e798c47eb191c71c7d0483269e18bad.pdf', NULL, 'teks', '2024-07-04', NULL),
(452, 'Buku Guru Tema 3 kelas III Benda di Sekitarku', 'ee88d93f6da05332e7128a6e6e60eda4.pdf', NULL, 'teks', '2024-07-04', NULL),
(453, 'Buku Guru Tema 4 kelas III Kewajiban dan Hakku', '866cf87efcadd156a1345dbe37a28ad3.pdf', NULL, 'teks', '2024-07-04', NULL),
(454, 'Buku Guru Tema 6 Kelas III Energi dan Perubahanya', '44c89b03866d784d1087007a44d8f4bf.pdf', NULL, 'teks', '2024-07-04', NULL),
(455, 'Buku Guru Tema 7 Kelas III Perkembangan Teknologi', 'aa763aeab70df33e95b6a6ea6bbf4a72.pdf', NULL, 'teks', '2024-07-04', NULL),
(456, 'Buku Guru Tema 8 Kelas III Praja muda karana', '09474e1a913a32324e16efeb879fcc93.pdf', NULL, 'teks', '2024-07-04', NULL),
(457, 'Kelas III tema 3 Benda Disekitarku', '1c8bc1c5875b6c30e45d04a0e20681d6.pdf', NULL, 'teks', '2024-07-04', NULL),
(458, 'Kelas III tema 8 Praja Muda Karana', '63be1b5d102dac6b4b4b7b4392ee6901.pdf', NULL, 'teks', '2024-07-04', NULL),
(459, 'Pendidikan Agama Hindu Dan Budi Pekerti Kelas III', 'ac76398f5acda682804a0b923e7d6c1e.pdf', NULL, 'teks', '2024-07-04', NULL),
(460, 'Pendidikan Agama Khonghucu Dan Budi Pekerti Kelas III', 'bb691832fd200e7842c86bf27348a2b5.pdf', NULL, 'teks', '2024-07-04', NULL),
(461, 'Pendidikan Agama Kristen Dan Budi Pekerti Kelas III', 'ac63d335979f3ef75886f4e56795740d.pdf', NULL, 'teks', '2024-07-04', NULL),
(462, 'Buku Guru Kelas IV Tema 1 Indahnya Kebersamaan', '6680e7f3686cb9b057b72fb95bd95253.pdf', NULL, 'teks', '2024-07-04', NULL),
(463, 'Buku Guru Kelas IV Tema 2 Selalu Berhemat Energi', 'a1208f7d726f4b74a133f24f46138373.pdf', NULL, 'teks', '2024-07-04', NULL),
(464, 'Buku Guru Kelas IV Tema 3 Peduli Terhadap Makhluk Hidup', '871f0b26a81dd3c489ac2f6b31026cf9.pdf', NULL, 'teks', '2024-07-04', NULL),
(465, 'Buku Guru Kelas IV Tema 4 Berbagai Pekerjaan', '93eb33a99d9a6a37a1cee856816aaa54.pdf', NULL, 'teks', '2024-07-04', NULL),
(466, 'Buku Guru Kelas IV Tema 5 pahlawanku', 'a3d25b859b405a8bb9efa0309ffaae06.pdf', NULL, 'teks', '2024-07-04', NULL),
(467, 'Buku Guru Kelas IV Tema 6 cita-citaku', '0e2e41b7f4dc69d1089dff26c0554667.pdf', NULL, 'teks', '2024-07-04', NULL),
(468, 'Buku Guru Kelas IV Tema 7 indahnya keragaman di negeriku', '9001afc64732e255218348fb7553ec69.pdf', NULL, 'teks', '2024-07-04', NULL),
(469, 'Buku Guru Kelas IV Tema 8 Daerah tempat tinggalku', 'a89edc07c200a7e74029eeafa50d06d5.pdf', NULL, 'teks', '2024-07-04', NULL),
(470, 'Buku Guru Kelas IV Tema 9 Kayanya Negeriku', 'ce869445579f2c1cdbc8643a56b9938e.pdf', NULL, 'teks', '2024-07-04', NULL),
(471, 'Buku Guru Pendidikan agama Islam Dan Budi Pekerti Kelas IV', '00db5132cc9e2e30e5a66bde2a855188.pdf', NULL, 'teks', '2024-07-04', NULL),
(472, 'Buku Guru Pendidikan Agama Katolik dan Budi Pekerti Kelas IV', '2c9cf04619b1841e2b4a835743224fc7.pdf', NULL, 'teks', '2024-07-04', NULL),
(473, 'Buku Guru Pendidikan Agama Khonghucu dan Budi Pekerti Kelas IV', '33edf4aea1c79f5e9a244af3184701b9.pdf', NULL, 'teks', '2024-07-04', NULL),
(474, 'Buku Guru Pendidikan Agama Kristen dan Budi Pekerti Kelas IV', 'a37be945c4960d9dbd7e5883cbe164d4.pdf', NULL, 'teks', '2024-07-04', NULL),
(475, 'Kelas IV tema 2 Selalu Berhemat Energi', 'b830ced5572e8845dfce5844dda820fa.pdf', NULL, 'teks', '2024-07-04', NULL),
(476, 'Kelas IV tema 3 Peduli Terhadap Mahluk Hidup', '61471f93805f4811ecc32c9946c19c01.pdf', NULL, 'teks', '2024-07-04', NULL),
(477, 'Kelas IV tema 4 Berbagai Pekerjaan', 'ee1a5366cbe08b5b8284d72bccc7a0a8.pdf', NULL, 'teks', '2024-07-04', NULL),
(478, 'Kelas IV tema 6 Cita-Citaku', 'eb0ac21cacb64aed191d5c7e6ca27b5c.pdf', NULL, 'teks', '2024-07-04', NULL),
(479, 'Kelas IV tema 7 Indah Keragaman', '57d00bb41c876f5d566f1b7cb7930584.pdf', NULL, 'teks', '2024-07-04', NULL),
(480, 'Kelas IV tema 8 Daerah Tempat Tinggal', '977a4c3703c4d342c184f19ae187f51b.pdf', NULL, 'teks', '2024-07-04', NULL),
(481, 'Pendidikan Agama Katolik Dan Budi Pekerti Kelas IV', '35c0595942bb8b9b7dc7a2717fd3da4d.pdf', NULL, 'teks', '2024-07-04', NULL),
(482, 'Buku Guru Kelas V Tema 1 Organ Gerak Manusia dan Hewan', 'f033928f0b132b32ec6d3b6286b6f41f.pdf', NULL, 'teks', '2024-07-04', NULL),
(483, 'Buku Guru Kelas V Tema 2 Udara Bersih Bagi Kesehatan', '2e42432c324769d1ae8fec7a7d49d408.pdf', NULL, 'teks', '2024-07-04', NULL),
(484, 'Buku Guru Kelas V Tema 3 Makanan Sehat', 'dd8f58c1c7aef042d21f2176cfa64ab6.pdf', NULL, 'teks', '2024-07-04', NULL),
(485, 'Buku Guru Kelas V Tema 4 Sehat itu Penting', '3066adf5f07bd7858905461c5f6bbb8e.pdf', NULL, 'teks', '2024-07-04', NULL),
(486, 'Buku Guru Kelas V Tema 5 Ekosistem', '651fb871b18a45fc87c488fdc753c8b5.pdf', NULL, 'teks', '2024-07-04', NULL),
(487, 'Buku Guru Kelas V Tema 6 Panas Dan Perpindahanya', 'b16ce38e6985366ae1af2e5daa5fa00f.pdf', NULL, 'teks', '2024-07-04', NULL),
(488, 'Buku Guru Kelas V Tema 7 Peristiwa Dalam kehidupan', 'e3f42b9f8dfca1f9e8ff7f517529fac8.pdf', NULL, 'teks', '2024-07-04', NULL),
(489, 'Buku Guru Kelas V Tema 8 Lingkungan Sahabat Kita', 'b63cbf2e872b603b94daad13ad2ac068.pdf', NULL, 'teks', '2024-07-04', NULL),
(490, 'Buku Guru Kelas V Tema 9 Benda-Benda disekitar kita', '968b437f7ceee9246f5e1809832f5ac4.pdf', NULL, 'teks', '2024-07-04', NULL),
(491, 'Buku Guru Pendidikan Agama Katolik dan Budi Pekerti Kelas V', '402cfcca09e065f88c7926ba7760651a.pdf', NULL, 'teks', '2024-07-04', NULL),
(492, 'Buku Guru Pendidikan Hindu dan Budi Pekerti Kelas V', '4b518157cd275ab425772c44900cbb78.pdf', NULL, 'teks', '2024-07-04', NULL),
(493, 'Buku Guru Pendidikan Islam dan Budi Pekerti Kelas V', 'dddfbbf087f94910b59063d078c88da1.pdf', NULL, 'teks', '2024-07-04', NULL),
(494, 'Buku Guru Pendidikan Khonghucu dan Budi Pekerti Kelas V', '7040db9d3a26c97e5f2b32e67e205277.pdf', NULL, 'teks', '2024-07-04', NULL),
(495, 'Buku Guru Pendidikan Kristen dan Budi Pekerti Kelas V', '80dcb38c984546685b02ad0cdb098ae4.pdf', NULL, 'teks', '2024-07-04', NULL),
(496, 'Kelas V Tema 1 Organ Gerak Hewan dan Manusia', '779bae2c5d5896bf76d01ff5c4813a99.pdf', NULL, 'teks', '2024-07-04', NULL),
(497, 'Kelas V Tema 2 Udara Bersih Bagi Kesehatan', '8369be86df5999289fdf44fac233ddc0.pdf', NULL, 'teks', '2024-07-04', NULL),
(498, 'Kelas V Tema 3 Makanan Sehat', 'eac9e5491b7396b3a6788d95c6a7f4da.pdf', NULL, 'teks', '2024-07-04', NULL),
(499, 'Kelas V Tema 5 Ekosistem', '4127a1ef8189ea93923560da5e05722c.pdf', NULL, 'teks', '2024-07-04', NULL),
(500, 'Kelas V Tema 6 Panas Dan Perpindahanya', '908bcf1140aef2c836c6ac2c26885f9e.pdf', NULL, 'teks', '2024-07-04', NULL),
(501, 'Kelas V Tema 7 Peristiwa Dalam Kehidupan', '9fd8a2e1ac6133cdcc334c5e440c50e4.pdf', NULL, 'teks', '2024-07-04', NULL),
(502, 'Kelas V Tema 8 Lingkungan Sahabat Kita', '51326bd1786ab2b8af00b471aacc53c0.pdf', NULL, 'teks', '2024-07-04', NULL),
(503, 'Kelas V Tema 9 Benda Benda Di Sekitar kita', '69ef572fbb67be3f76267caa7f842e8a.pdf', NULL, 'teks', '2024-07-04', NULL),
(504, 'Pendidikan Agama Islam Dan Budi Pekerti Kelas V', 'a53fac4bd5c3d9da82a656d75581e8e0.pdf', NULL, 'teks', '2024-07-04', NULL),
(505, 'Pendidikan Agama Katolik Dan Budi Pekerti Kelas V', '9c6feaa5c7203f194fb51508883faca4.pdf', NULL, 'teks', '2024-07-04', NULL),
(506, 'Pendidikan Agama Khonghucu Dan Budi Pekerti Kelas V', 'd652a9ac380989bcbe6d1379e1604634.pdf', NULL, 'teks', '2024-07-04', NULL),
(507, 'Pendidikan Agama Kristen Dan Budi Pekerti Kelas V', '363d71588e5bc865c5669c7a4e0f1731.pdf', NULL, 'teks', '2024-07-04', NULL),
(508, 'Buku Guru Kelas VI Tema 1 Selamatkan Makluk Hidup', '280b512004d51f7f21e5bcb27439d591.pdf', NULL, 'teks', '2024-07-04', NULL),
(509, 'Buku Guru Kelas VI Tema 2 Persatuan Dalam Perbedaan', 'dfe66eebf2dc1d98b72a7b5cbd9c650a.pdf', NULL, 'teks', '2024-07-04', NULL),
(510, 'Buku Guru Kelas VI Tema 3 Tokoh dan penemuan', '9d4e7e15c3c8eecd5f086513a4a7e1ce.pdf', NULL, 'teks', '2024-07-04', NULL),
(511, 'Buku Guru Kelas VI Tema 4 Globalisasi', '39a1235d7d6ae52d0341fdfa86915fb0.pdf', NULL, 'teks', '2024-07-04', NULL),
(512, 'Buku Guru Kelas VI Tema 5 Wirausaha', '9931788f710e6d4f7bc258b0f1a4117f.pdf', NULL, 'teks', '2024-07-04', NULL),
(513, 'Buku Guru Kelas VI Tema 6 Menuju Masyarakat Sejahtera', 'b7acd9b4113f90d9bbc1eb13a52e3732.pdf', NULL, 'teks', '2024-07-04', NULL),
(514, 'Buku Guru Kelas VI Tema 7 Kepemimpinan', 'f54488d07c3e91c51e59fdaaa244b117.pdf', NULL, 'teks', '2024-07-04', NULL),
(515, 'Buku Guru Kelas VI Tema 8 Bumiku', 'e45b0ea468c1e840f6657ccfc8d32b73.pdf', NULL, 'teks', '2024-07-04', NULL),
(516, 'Buku Guru Kelas VI Tema 9 menjelajah angkasa luar', '35c72243bdeb5308c72422e5353b60db.pdf', NULL, 'teks', '2024-07-04', NULL),
(517, 'Buku Guru Pendidikan agama hindu dan Budi Pekerti Kelas VI', '74fefddc7986994cf33afca92938f5db.pdf', NULL, 'teks', '2024-07-04', NULL),
(518, 'Buku Guru Pendidikan agama Islam dan Budi Pekerti Kelas VI', '00f696778d18fc6adcdc6f98473cd5b3.pdf', NULL, 'teks', '2024-07-04', NULL),
(519, 'Buku Guru Pendidikan agama Katolik dan Budi Pekerti Kelas VI', '5a8763ec4d0e0bbdf62633bdd1de877e.pdf', NULL, 'teks', '2024-07-04', NULL),
(520, 'Buku Guru Pendidikan agama Khonghucu dan Budi Pekerti Kelas VI', '9741093ff0142328d0bb983be39a07ad.pdf', NULL, 'teks', '2024-07-04', NULL),
(521, 'Buku Guru Pendidikan agama Kristen dan Budi Pekerti Kelas VI', 'c9d3ec72008a11aeff8e8739a9885254.pdf', NULL, 'teks', '2024-07-04', NULL),
(522, 'Kelas VI Tema 1 Selamatkan Mahluk Hidup', 'fbbfb93d34ed1aef74ee255eb9ee1d46.pdf', NULL, 'teks', '2024-07-04', NULL),
(523, 'Kelas VI Tema 4 Globalisasi', '56ee9b50858dd2e7879d0821f0b9ba85.pdf', NULL, 'teks', '2024-07-04', NULL),
(524, 'Kelas VI Tema 6 Menuju Masyarakat Sejahtera', 'fcf089a0df70905a6aa2a9ce07ac252a.pdf', NULL, 'teks', '2024-07-04', NULL),
(525, 'Kelas VI Tema 7 Kepemimpinan', '5c68e220a797f0bffe581d487fffa4e2.pdf', NULL, 'teks', '2024-07-04', NULL),
(526, 'Kelas VI Tema 8 Bumiku', 'bc007b11f858d6df024f993a582953de.pdf', NULL, 'teks', '2024-07-04', NULL),
(527, 'Pendidikan Agama Hindu Dan Budi Pekerti Kelas VI', '73c0df7cd6e35905af8c7e552eb7d6f5.pdf', NULL, 'teks', '2024-07-04', NULL),
(528, 'Pendidikan Agama Katolik Dan Budi Pekerti Kelas VI', '3e1d3677c481f8d9f61a200ef72440fe.pdf', NULL, 'teks', '2024-07-04', NULL),
(529, 'Pendidikan Agama Khonghucu Dan Budi Pekerti Kelas VI', '965d6011382125e2c89e81f6663b9135.pdf', NULL, 'teks', '2024-07-04', NULL),
(530, 'Pendidikan Agama Kristen Dan Budi Pekerti Kelas VI', 'c5ee60e5426ba1e52c217032ca4444de.pdf', NULL, 'teks', '2024-07-04', NULL),
(531, 'Buku Guru Bahasa Indonesia Kelas VII', '5b2d74771a463c56bce104171fc9e055.pdf', NULL, 'teks', '2024-07-04', NULL),
(532, 'Buku Guru Bahasa Inggris Kelas VII', 'e930651a242abaa6a8a6b254e5923026.pdf', NULL, 'teks', '2024-07-04', NULL),
(533, 'Buku Guru Pendidikan agama Hindu Dan Budi Pekerti Kelas VII', 'f6bdc434dda7f8c50f4fc8928c19bfdd.pdf', NULL, 'teks', '2024-07-04', NULL),
(534, 'Buku Guru Pendidikan agama Islam Dan Budi Pekerti Kelas VII', 'af813361c956e126147d12b99562b5a8.pdf', NULL, 'teks', '2024-07-04', NULL),
(535, 'Buku Guru Pendidikan agama Katolik Dan Budi Pekerti Kelas VII', '23abc8cfc758f6e6189560a49734cc99.pdf', NULL, 'teks', '2024-07-04', NULL),
(536, 'Buku Guru Pendidikan Pancasila Dan kewarganegaraan Kelas VII', 'eca2d1e6609d17071813914d91693943.pdf', NULL, 'teks', '2024-07-04', NULL),
(537, 'Buku Guru Prakarya Dan Kewirausahaan Kelas VII', '9b37bd12a00b4698ed79494f922ac660.pdf', NULL, 'teks', '2024-07-04', NULL),
(538, 'Ilmu Pengetahuan Alam Kelas VII Semester 2', 'ed8b2426ada1f0cc79da10b490ef090c.pdf', NULL, 'teks', '2024-07-04', NULL),
(539, 'Pendidikan Agama Hindu dan Budi Pekerti Kelas VII', 'f9ce6b6a5aedc6edb3ddd3118a7433a7.pdf', NULL, 'teks', '2024-07-04', NULL),
(540, 'Pendidikan Agama Islam dan Budi Pekerti Kelas VII', 'e25c9eba30dbde11b106a2864d4af0d2.pdf', NULL, 'teks', '2024-07-04', NULL),
(541, 'Pendidikan Agama Katolik dan Budi Pekerti Kelas VII', '550a10ed97d33533180122338262a739.pdf', NULL, 'teks', '2024-07-04', NULL),
(542, 'Pendidikan Agama Kristen dan Budi Pekerti Kelas VII', '60449e43944a9c2c5bbefdff0322e522.pdf', NULL, 'teks', '2024-07-04', NULL),
(543, 'Pendidikan Pancasila dan Kewarganegaraan Kelas VII', 'fa8b78049dffe670e8778766c9ad4698.pdf', NULL, 'teks', '2024-07-04', NULL),
(544, 'Prakarya Semester 1 Kelas VII', 'c27a76bcdba616179e8b83b7cc4f8bca.pdf', NULL, 'teks', '2024-07-04', NULL),
(545, 'Prakarya Semester 2 Kelas VII', '1ff9d528bb82d9ceb1dd85801beb347b.pdf', NULL, 'teks', '2024-07-04', NULL),
(546, 'Bahasa Indonesia Kelas VIII', '74b76dbc2a4a0fb97ed437160f20d7af.pdf', NULL, 'teks', '2024-07-04', NULL),
(547, 'Bahasa Inggris Kelas VIII', 'fbab4ec047fa138161818a9d935bea7a.pdf', NULL, 'teks', '2024-07-04', NULL),
(548, 'Buku Guru Bahasa Indonesia Kelas VIII', '9ecc3c4a46a6a41277f4a0887e8962b3.pdf', NULL, 'teks', '2024-07-04', NULL),
(549, 'Buku Guru Bahasa Inggris Kelas VIII', '3b654f444a1ebaef2bf0e4f883d3a5ab.pdf', NULL, 'teks', '2024-07-04', NULL),
(550, 'Buku Panduan Guru Capaian Pembelajaran Elemen Jati Diri untuk Satuan PAUD', '6152f0a1ef335ec4d1d52e29dc4f9d4d.pdf', NULL, 'teks', '2024-07-04', NULL),
(551, 'Buku Panduan Guru Pengembangan Pembelajaran untuk Satuan PAUD', 'f90e1011183f1dcfb063869ffb72f71c.pdf', NULL, 'teks', '2024-07-04', NULL),
(552, 'Buku Panduan Guru Proyek Profil Pelajar Pancasila untuk Satuan PAUD', '8305efe67bb69036dc737990a54a410f.pdf', NULL, 'teks', '2024-07-04', NULL),
(553, 'Panduan Guru Belajar dan Bermain Berbasis Buku (Edisi Revisi)', '776acd93aa3b0bbcc68788849be54cdc.pdf', NULL, 'teks', '2024-07-04', NULL),
(554, 'Panduan Guru Dasar-Dasar Literasi, Matematika, Sains, Teknologi, Rekayasa, dan Seni (Edisi Revisi)', '5c889ae402b41c98fac6611015e6997a.pdf', NULL, 'teks', '2024-07-04', NULL),
(555, 'Panduan Guru Nilai Agama dan Budi Pekerti (Edisi Revisi)', '7fd2737aba1867748c396839a8e5c053.pdf', NULL, 'teks', '2024-07-04', NULL),
(556, 'Panduan Guru Pembelajaran untuk Fase Fondasi (Edisi Revisi)', 'e44fac16f53a860cf538203da1f15457.pdf', NULL, 'teks', '2024-07-04', NULL),
(557, 'Panduan Guru Projek Penguatan Profil Pelajar Pancasila Edisi Revisi', '56def2e9b59db1de71e4b06ddca2c8bf.pdf', NULL, 'teks', '2024-07-04', NULL),
(558, 'Buku Panduan Guru Pendidikan Agama Buddha dan Budi Pekerti untuk SD Kelas I', 'c3a9c1f08e57961c0b318900e58cf690.pdf', NULL, 'teks', '2024-07-04', NULL),
(559, 'Buku Panduan Guru Pendidikan Agama Hindu dan Budi Pekerti untuk SD Kelas I', '0b578403baae0d0a3a5dd04bc872ebe4.pdf', NULL, 'teks', '2024-07-04', NULL),
(561, 'Buku Panduan Guru Pendidikan Jasmani, Olahraga, dan Kesehatan untuk SDMI Kelas I', '4f1fddebb00836040b090a56e6a2a32b.pdf', NULL, 'teks', '2024-07-04', NULL),
(562, 'Buku Panduan Guru Seni Musik untuk SD Kelas I', '7ad63e7a5fa23d92d78e278ca1c3cae7.pdf', NULL, 'teks', '2024-07-04', NULL),
(563, 'Buku Panduan Guru Seni Rupa untuk SD Kelas I', 'f8b89b31f85411bdf33d0b1e282612bb.pdf', NULL, 'teks', '2024-07-04', NULL),
(564, 'Buku Panduan Guru Seni Tari untuk SD Kelas I', '5b37cb8379b7eab9503b5ed633bff00c.pdf', NULL, 'teks', '2024-07-04', NULL),
(565, 'Buku Panduan Guru Seni Teater untuk SD Kelas I', '86c3bf98da3bb22eefa19d6426df10fe.pdf', NULL, 'teks', '2024-07-04', NULL),
(566, 'My Next Words Grade 1 - Student\'s Book for Elementary School', 'd9717e54a5f7dfb850055609c9a7123b.pdf', NULL, 'teks', '2024-07-04', NULL),
(567, 'Panduan Guru Pendidikan Pancasila untuk SDMI Kelas I', '7bef22532489e89bcce3f92fc114eaae.pdf', NULL, 'teks', '2024-07-04', NULL),
(568, '20 Dongeng Anak-anak Chapter 1', '20 Dongeng Anak-anak Chapter 1 - (Audio Book).m4a', 2, 'audio', '2024-10-16', NULL),
(569, '20 Dongeng Anak-anak Chapter 2', '20 Dongeng Anak-anak Chapter 2 - (Audio Book).m4a', 3, 'audio', '2024-10-16', NULL),
(570, '20 Dongeng Anak-anak Chapter 3', '20 Dongeng Anak-anak Chapter 3 - (Audio Book).m4a', 4, 'audio', '2024-10-16', NULL),
(571, '20 Dongeng Anak-anak Chapter 4', '20 Dongeng Anak-anak Chapter 4 - (Audio Book).m4a', 5, 'audio', '2024-10-16', NULL),
(572, 'AKI #Chapter 1', 'AKI Chapter 1 - (Audio Book).m4a', 2, 'audio', '2024-10-16', NULL),
(573, 'AKI #Chapter 2', 'AKI Chapter 2 - (Audio Book).m4a', 3, 'audio', '2024-10-16', NULL),
(574, 'AKI #Chapter 3', 'AKI Chapter 3 - (Audio Book).m4a', 4, 'audio', '2024-10-16', NULL),
(575, 'AKI #Chapter 4', 'AKI Chapter 4 - (Audio Book).m4a', 5, 'audio', '2024-10-16', NULL),
(576, 'Alice\'s Adventures in Wonderland Bab 1', 'Alice\'s Adventures in Wonderland Bab 1.mp3', 2, 'audio', '2024-10-16', NULL),
(577, 'Alice\'s Adventures in Wonderland Bab 2', 'Alice\'s Adventures in Wonderland Bab 2.mp3', 3, 'audio', '2024-10-16', NULL),
(578, 'Alice\'s Adventures in Wonderland Bab 3', 'Alice\'s Adventures in Wonderland Bab 3.mp3', 4, 'audio', '2024-10-16', NULL),
(579, 'Alice\'s Adventures in Wonderland Bab 4', 'Alice\'s Adventures in Wonderland Bab 4.mp3', 5, 'audio', '2024-10-16', NULL),
(580, 'Alice\'s Adventures in Wonderland Bab 5', 'Alice\'s Adventures in Wonderland Bab 5.mp3', 6, 'audio', '2024-10-16', NULL),
(581, 'Alice\'s Adventures in Wonderland Bab 6', 'Alice\'s Adventures in Wonderland Bab 6.mp3', 7, 'audio', '2024-10-16', NULL),
(582, 'Alice\'s Adventures in Wonderland Bab 7', 'Alice\'s Adventures in Wonderland Bab 7.mp3', 8, 'audio', '2024-10-16', NULL),
(583, 'Alice\'s Adventures in Wonderland Bab 8', 'Alice\'s Adventures in Wonderland Bab 8.mp3', 9, 'audio', '2024-10-16', NULL),
(584, 'Alice\'s Adventures in Wonderland Bab 9', 'Alice\'s Adventures in Wonderland Bab 9.mp3', 10, 'audio', '2024-10-16', NULL),
(585, 'Alice\'s Adventures in Wonderland Bab 10', 'Alice\'s Adventures in Wonderland Bab 10.mp3', 11, 'audio', '2024-10-16', NULL),
(586, 'Alice\'s Adventures in Wonderland Bab 11', 'Alice\'s Adventures in Wonderland Bab 11.mp3', 12, 'audio', '2024-10-16', NULL),
(587, 'Alice\'s Adventures in Wonderland Bab 12', 'Alice\'s Adventures in Wonderland Bab 12.mp3', 13, 'audio', '2024-10-16', NULL),
(588, 'Si Cebol Rindukan Bulan #Chapter 1', 'Si Cebol Rindukan Bulan Chapter 1 - (Audio Book).m4a', 2, 'audio', '2024-10-16', NULL),
(589, 'Si Cebol Rindukan Bulan #Chapter 2', 'Si Cebol Rindukan Bulan Chapter 2 - (Audio Book).m4a', 3, 'audio', '2024-10-16', NULL),
(590, 'Si Cebol Rindukan Bulan #Chapter 3', 'Si Cebol Rindukan Bulan Chapter 3 - (Audio Book).m4a', 4, 'audio', '2024-10-16', NULL),
(591, 'Si Cebol Rindukan Bulan #Chapter 4', 'Si Cebol Rindukan Bulan Chapter 4 - (Audio Book).m4a', 5, 'audio', '2024-10-16', NULL),
(592, 'Si Cebol Rindukan Bulan #Chapter 5', 'Si Cebol Rindukan Bulan Chapter 5 - (Audio Book).m4a', 5, 'audio', '2024-10-16', NULL),
(593, 'Awal dan Mira #Chapter 1', 'Awal dan Mira Chapter 1 - (Audio Book)  Balai Pustaka TV.m4a', 2, 'audio', '2024-10-16', NULL),
(594, 'Awal dan Mira #Chapter 2', 'Awal dan Mira Chapter 2 - (Audio Book)  Balai Pustaka TV.m4a', 3, 'audio', '2024-10-16', NULL),
(595, 'Awal dan Mira #Chapter 3', 'Awal dan Mira Chapter 3 - (Audio Book)  Balai Pustaka TV.m4a', 4, 'audio', '2024-10-16', NULL),
(596, 'Awal dan Mira #Chapter 4', 'Awal dan Mira Chapter 4 - (Audio Book)  Balai Pustaka TV.m4a', 5, 'audio', '2024-10-16', NULL),
(597, 'BAB 1 - PROLOG - Menyusun Laporan Hasil Observasi', '01_BAB 1_PROLOG Menyusun Laporan Hasil Observasi_12 Desember 2020_.mp3', 2, 'audio', '2024-10-16', NULL),
(598, 'BAB 1 - Teks Wayang', '02_BAB 1_Teks Wayang_3 Januari 2021.mp3', 2, 'audio', '2024-10-16', NULL),
(599, 'BAB 1 - SUB A - Menginterpretasi Laporan Hasil Observasi', '03_BAB 1_SUB A Menginterpretasi Laporan Hasil Observasi _3 Januari 2021.mp3', 2, 'audio', '2024-10-16', NULL),
(600, 'BAB 1 - Teks Mengenal Suku Baduy', '04_BAB 1_Teks Mengenal Suku Baduy_3 Januari 2021.mp3', 2, 'audio', '2024-10-16', NULL),
(601, 'BAB 1 - SUB B - Merevisi Isi Teks Laporan Hasil Observasi', '05_BAB 1_SUB B Merevisi Isi Teks Laporan Hasil Observasi_3 Januari 2021.mp3', 2, 'audio', '2024-10-16', NULL),
(602, 'BAB 1 - SUB C - Menganalisis Kebahasaan Teks Laporan Hasil Observasi', '06_BAB 1_SUB C Menganalisis Kebahasaan Teks Laporan Hasil Observasi_3 Januari 2021.mp3', 2, 'audio', '2024-10-16', NULL),
(603, 'BAB 1 - SUB D - Mengonstruksi Teks Laporan Hasil Observasi', '07_BAB 1_SUB D Mengonstruksi Teks Laporan Hasil Observasi_02 Desember 2020_.mp3', 2, 'audio', '2024-10-16', NULL),
(604, 'BAB 1 - RINGKASAN - Menyusun Laporan Hasil Observasi', '08_BAB 1_RINGKASAN Menyusun Laporan Hasil Observasi_12 Desember 2020_.mp3', 2, 'audio', '2024-10-16', NULL),
(605, 'Identitas Buku', '00. Buku Audio Bahasa Inggris Kelas 7 SMP 2016.mp3', 0, 'teks', '2024-10-16', NULL),
(606, 'Daftar Isi', '01. Daftar Isi.mp3', 0, 'teks', '2024-10-16', NULL),
(607, 'Kata Pengantar dan Hak Cipta', '02. Kata Pengantar dan Hak Cipta.mp3', 0, 'teks', '2024-10-16', NULL),
(608, 'Daftar Pustaka', '11. Daftar Pustaka.mp3', 0, 'teks', '2024-10-16', NULL),
(609, 'Berkeliling dunia di bawah laut - BAB 1', 'berkeliling dunia di bawah laut bab 1.mp3', 0, 'audio', '2024-10-16', NULL),
(610, 'Berkeliling dunia di bawah laut - BAB 2', 'berkeliling dunia di bawah laut bab 2.mp3', 0, 'video', '2024-10-16', NULL),
(611, 'Berkeliling dunia di bawah laut - BAB 3', 'berkeliling dunia di bawah laut bab 3.mp3', 0, '', '2024-10-16', NULL),
(612, 'Berkeliling dunia di bawah laut - BAB 4', 'berkeliling dunia di bawah laut bab 4.mp3', 0, '', '2024-10-16', NULL),
(613, 'Berkeliling dunia di bawah laut - BAB 5', 'berkeliling dunia di bawah laut bab 5.mp3', 0, '', '2024-10-16', NULL),
(614, 'Berkeliling dunia di bawah laut - BAB 6', 'berkeliling dunia di bawah laut bab 6.mp3', 0, '', '2024-10-16', NULL),
(615, 'Berkeliling dunia di bawah laut - BAB 7', 'berkeliling dunia di bawah laut bab 7.mp3', 0, '', '2024-10-16', NULL),
(616, 'Balas Budi Kupu-Kupu Biru', 'Balas Budi Kupu-Kupu Biru (Sabir).pdf', NULL, 'teks', '2024-10-16', NULL),
(617, 'BALAS BUDI KUPU KUPU BIRU', 'BALAS BUDI KUPU KUPU BIRU.mp3', 2, 'audio', '2024-10-16', NULL),
(618, 'BOLA DIAMLAH - PDF', 'Bola Diamlah (Tuti Adhayati).pdf', NULL, 'teks', '2024-10-16', NULL),
(619, 'DUA POTONG GORENGAN', 'DUA POTONG GORENGAN.mp3', 2, 'audio', '2024-10-16', NULL),
(620, 'DUA POTONG GORENGAN - PDF', 'Dua Potong Gorengan (Setyaningsih).pdf', NULL, 'teks', '2024-10-16', NULL),
(621, 'ES PELANGI', 'ES PELANGI.mp3', 2, 'audio', '2024-10-16', NULL),
(622, 'ES PELANGI - PDF', 'Es Pelangi (Nursanti Riandini).pdf', NULL, 'audio', '2024-10-16', NULL),
(623, 'GEMPA', 'GEMPA.mp3', 2, 'audio', '2024-10-16', NULL),
(624, 'GEMPA - PDF', 'Gempa! (Dewi Cendika).pdf', NULL, 'teks', '2024-10-16', NULL),
(625, 'ITU BUKAN UANGKU', 'ITU BUKAN UANGKU.mp3', 2, 'audio', '2024-10-16', NULL),
(626, 'ITU BUKAN UANGKU - PDF', 'Itu Bukan Uangku (Sabir).pdf', NULL, 'teks', '2024-10-16', NULL),
(627, 'KENDURI BLANG', 'KENDURI BLANG.mp3', 2, 'audio', '2024-10-16', NULL),
(628, 'KENDURI BLANG - PDF', 'Kenduri_Blang_(Eni_Wulansari).pdf', NULL, 'teks', '2024-10-16', NULL),
(629, 'MAKAN SIANG UNTUK DONO', 'MAKAN SIANG UNTUK DONO.mp3', 2, 'audio', '2024-10-16', NULL),
(630, 'MAKAN SIANG UNTUK DONO - PDF', 'Makan Siang untuk Dono.pdf', NULL, 'teks', '2024-10-16', NULL),
(631, 'MENGUNJUNGI RUMAH ADAT SUMBA', 'MENGUNJUNGI RUMAH ADAT SUMBA.mp3', 2, 'audio', '2024-10-16', NULL),
(632, 'MENGUNJUNGI RUMAH ADAT SUMBA - PDF', 'Mengunjungi Rumah Adat Sumba (Weni Rahayu).pdf', NULL, 'teks', '2024-10-16', NULL),
(633, 'PERAHU NENEK MOYANGKU', 'PERAHU NENEK MOYANGKU.mp3', 2, 'audio', '2024-10-16', NULL),
(634, 'PERAHU NENEK MOYANGKU - PDF', 'Perahu Nenek Moyangku (Sukini).pdf', NULL, 'teks', '2024-10-16', NULL),
(635, 'RAHASIA KAKI ITIK', 'RAHASIA KAKI ITIK.mp3', 2, 'audio', '2024-10-16', NULL),
(636, 'RAHASIA KAKI ITIK - PDF', 'Rahasia Kaki Itik (Supriyatin).pdf', NULL, 'teks', '2024-10-16', NULL),
(637, 'RAHASIA MIDA', 'RAHASIA MIDA.mp3', 2, 'audio', '2024-10-16', NULL),
(638, 'RAHASIA MIDA - PDF', 'Resep Rahasia Mida (Fajriatun Nurhidayati).pdf', NULL, 'teks', '2024-10-16', NULL),
(639, 'RANDI DAN HUTAN BUKIT GIRI', 'RANDI DAN HUTAN BUKIT GIRI.mp3', 2, 'audio', '2024-10-16', NULL),
(640, 'RANDI DAN HUTAN BUKIT GIRI - PDF', 'Randi dan Hutan Bukit Giri.pdf', NULL, 'teks', '2024-10-16', NULL),
(641, 'REVISI KIO SI PENJAGA LUMBUNG', 'REVISI KIO SI PENJAGA LUMBUNG.mp3', 2, 'audio', '2024-10-16', NULL),
(642, 'REVISI KIO SI PENJAGA LUMBUNG - PDF', 'Kio si penjaga lumbung (Norrattri) Oktober.pdf', NULL, 'teks', '2024-10-16', NULL),
(643, 'SAYUR ARES', 'SAYUR ARES.mp3', 2, 'audio', '2024-10-16', NULL),
(644, 'SAYUR ARES - PDF', 'Semangkuk Sayur Ares (RA Laksmi).pdf', NULL, 'teks', '2024-10-16', NULL),
(645, 'SEDOTAN MIMPI', 'SEDOTAN MIMPI.mp3', 2, 'audio', '2024-10-16', NULL),
(646, 'SEDOTAN MIMPI - PDF', 'Sedotan Mimpi (Izzah Annisa).pdf', NULL, 'teks', '2024-10-16', NULL),
(647, 'TOPENG BUATAN KAKEK', 'TOPENG BUATAN KAKEK.mp3', 2, 'audio', '2024-10-16', NULL),
(648, 'TOPENG BUATAN KAKEK - PDF', 'Topeng Buatan Kakek (Hanatri).pdf', NULL, 'teks', '2024-10-16', NULL),
(649, 'BIRU DAN NYIUR', 'BIRU DAN NYIUR.mp3', 2, 'audio', '2024-10-16', NULL),
(650, 'BIRU DAN NYIUR - PDF', 'Biru dan Nyiur (Tria Ayu Kusumawardhani).pdf', NULL, 'teks', '2024-10-16', NULL),
(651, 'Cerita Rakyat Cindelaras', 'Cerita Rakyat Cindelaras.m4a', 2, 'audio', '2024-10-16', NULL),
(652, 'Cung Si Pencemburu', 'Cung Si Pencemburu.m4a', 2, 'audio', '2024-10-16', NULL),
(653, 'Audiobook Deja Vu', 'Audiobook Deja Vu.m4a', 2, 'audio', '2024-10-16', NULL),
(654, 'Dende Mirah Si Buah Hati', 'Dende Mirah Si Buah Hati.m4a', 2, 'audio', '2024-10-16', NULL),
(655, 'Denta dan Beker Subuh', 'Denta dan Beker Subuh.m4a', 2, 'audio', '2024-10-16', NULL),
(656, 'The tale of Jemima puddle duck: Kisah jemima itik', 'AUDIOBOOK - DONGENG ANAK  KISAH JEMIMA ITIK BY BEATRIX POTTER.m4a', 2, 'audio', '2024-10-16', NULL),
(657, 'Kisah Johnny Si Tikus Kota', 'AUDIOBOOK DONGENG ANAK  KISAH JOHNNY SI TIKUS KOTA BY BEATRIX POTTER.m4a', 2, 'audio', '2024-10-16', NULL),
(658, 'Dr. Jekyll dan Mr. Hyde bab 1', 'Dr. Jekyll dan Mr. Hyde bab 1.mp3', 2, 'audio', '2024-10-16', NULL),
(659, 'Dr. Jekyll dan Mr. Hyde bab 2', 'Dr. Jekyll dan Mr. Hyde bab 2.mp3', 3, 'audio', '2024-10-16', NULL),
(660, 'Dr. Jekyll dan Mr. Hyde bab 3', 'Dr. Jekyll dan Mr. Hyde bab 3.mp3', 4, 'audio', '2024-10-16', NULL),
(661, 'Dr. Jekyll dan Mr. Hyde bab 4', 'Dr. Jekyll dan Mr. Hyde bab 4.mp3', 5, 'audio', '2024-10-16', NULL),
(662, 'Dr. Jekyll dan Mr. Hyde bab 5', 'Dr. Jekyll dan Mr. Hyde bab 5.mp3', 6, 'audio', '2024-10-16', NULL),
(663, 'Dr. Jekyll dan Mr. Hyde bab 6', 'Dr. Jekyll dan Mr. Hyde bab 6.mp3', 7, 'audio', '2024-10-16', NULL),
(664, 'Dr. Jekyll dan Mr. Hyde bab 7', 'Dr. Jekyll dan Mr. Hyde bab 7.mp3', 8, 'audio', '2024-10-16', NULL),
(665, 'Dr. Jekyll dan Mr. Hyde bab 8', 'Dr. Jekyll dan Mr. Hyde bab 8.mp3', 9, 'audio', '2024-10-16', NULL),
(666, 'Dr. Jekyll dan Mr. Hyde bab 9', 'Dr. Jekyll dan Mr. Hyde bab 9.mp3', 10, 'audio', '2024-10-16', NULL),
(667, 'Dr. Jekyll dan Mr. Hyde bab 10', 'Dr. Jekyll dan Mr. Hyde bab 10.mp3', 11, 'audio', '2024-10-16', NULL),
(668, 'Dua Surga Dalam Cintaku', 'Dua Surga Dalam Cintaku.m4a', 2, 'audio', '2024-10-16', NULL),
(669, 'Habis Gelap Terbitlah Terang Bab 1', 'Habis Gelap Terbitlah Terang Bab 1.mp3', 2, 'audio', '2024-10-16', NULL),
(670, 'Habis Gelap Terbitlah Terang Bab 2', 'Habis Gelap Terbitlah Terang Bab 2-5.mp3', 3, 'audio', '2024-10-16', NULL),
(671, 'Habis Gelap Terbitlah Terang Bab 3', 'Habis Gelap Terbitlah Terang Bab 3.mp3', 4, 'audio', '2024-10-16', NULL),
(672, 'Habis Gelap Terbitlah Terang Bab 4', 'Habis Gelap Terbitlah Terang Bab 4.mp3', 5, 'audio', '2024-10-16', NULL),
(673, 'Habis Gelap Terbitlah Terang Bab 5', 'Habis Gelap Terbitlah Terang Bab 5.mp3', 6, 'audio', '2024-10-16', NULL),
(674, 'Habis Gelap Terbitlah Terang Bab 6', 'Habis Gelap Terbitlah Terang Bab 6.mp3', 7, 'audio', '2024-10-16', NULL),
(675, 'Habis Gelap Terbitlah Terang Bab 7', 'Habis Gelap Terbitlah Terang Bab 7.mp3', 8, 'audio', '2024-10-16', NULL),
(676, 'Habis Gelap Terbitlah Terang Bab 8', 'Habis Gelap Terbitlah Terang Bab 8.mp3', 9, 'audio', '2024-10-16', NULL),
(677, 'Habis Gelap Terbitlah Terang Bab 9', 'Habis Gelap Terbitlah Terang Bab 9.mp3', 10, 'audio', '2024-10-16', NULL),
(678, 'Habis Gelap Terbitlah Terang Bab 10', 'Habis Gelap Terbitlah Terang Bab 10.mp3', 11, 'audio', '2024-10-16', NULL),
(679, 'Habis Gelap Terbitlah Terang Bab 11', 'Habis Gelap Terbitlah Terang Bab 11.mp3', 12, 'audio', '2024-10-16', NULL),
(680, 'Habis Gelap Terbitlah Terang Bab 12', 'Habis Gelap Terbitlah Terang Bab 12.mp3', 13, 'audio', '2024-10-16', NULL),
(681, 'Habis Gelap Terbitlah Terang Bab 13', 'Habis Gelap Terbitlah Terang Bab 13.mp3', 14, 'audio', '2024-10-16', NULL),
(682, 'Habis Gelap Terbitlah Terang Bab 14', 'Habis Gelap Terbitlah Terang Bab 14.mp3', 15, 'audio', '2024-10-16', NULL),
(683, 'Habis Gelap Terbitlah Terang Bab 15', 'Habis Gelap Terbitlah Terang Bab 15.mp3', 16, 'audio', '2024-10-16', NULL),
(684, 'Habis Gelap Terbitlah Terang Bab 16', 'Habis Gelap Terbitlah Terang Bab 16.mp3', 17, 'audio', '2024-10-16', NULL),
(685, 'Habis Gelap Terbitlah Terang Bab 17', 'Habis Gelap Terbitlah Terang Bab 17.mp3', 18, 'audio', '2024-10-16', NULL),
(686, 'Habis Gelap Terbitlah Terang Bab 18', 'Habis Gelap Terbitlah Terang Bab 18.mp3', 19, 'audio', '2024-10-16', NULL),
(687, 'Habis Gelap Terbitlah Terang Bab 19', 'Habis Gelap Terbitlah Terang Bab 19.mp3', 20, 'audio', '2024-10-16', NULL),
(688, 'Habis Gelap Terbitlah Terang Bab 20', 'Habis Gelap Terbitlah Terang Bab 20.mp3', 21, 'audio', '2024-10-16', NULL),
(689, 'Habis Gelap Terbitlah Terang Bab 21', 'Habis Gelap Terbitlah Terang Bab 21.mp3', 22, 'audio', '2024-10-16', NULL),
(690, 'Habis Gelap Terbitlah Terang Bab 22', 'Habis Gelap Terbitlah Terang Bab 22.mp3', 23, 'audio', '2024-10-16', NULL),
(691, 'Habis Gelap Terbitlah Terang Bab 23', 'Habis Gelap Terbitlah Terang Bab 23.mp3', 24, 'audio', '2024-10-16', NULL),
(692, 'Habis Gelap Terbitlah Terang Bab 24', 'Habis Gelap Terbitlah Terang Bab 24.mp3', 25, 'audio', '2024-10-16', NULL),
(693, 'Habis Gelap Terbitlah Terang Bab 25', 'Habis Gelap Terbitlah Terang Bab 25.mp3', 26, 'audio', '2024-10-16', NULL),
(694, 'Joko Sableng: Pesanggrahan Keramat', 'Audioook Joko Sableng - Pesanggrahan Keramat Volume 01.m4a', 2, 'audio', '2024-10-16', NULL),
(695, 'Kehilangan Mestika #Chapter 1 - (Audio Book)', 'Kehilangan Mestika Chapter 1 - (Audio Book).m4a', 2, 'audio', '2024-10-16', NULL),
(696, 'Kehilangan Mestika #Chapter 2 - (Audio Book)', 'Kehilangan Mestika Chapter 2 - (Audio Book).m4a', 3, 'audio', '2024-10-16', NULL),
(697, 'Kehilangan Mestika #Chapter 3 - (Audio Book)', 'Kehilangan Mestika Chapter 3 - (Audio Book).m4a', 4, 'audio', '2024-10-16', NULL),
(698, 'Kehilangan Mestika #Chapter 4 - (Audio Book)', 'Kehilangan Mestika Chapter 4 - (Audio Book).m4a', 5, 'audio', '2024-10-16', NULL),
(699, 'Audiobook Keluarga Tak Kasat Mata', 'Audiobook Keluarga Tak Kasat Mata.m4a', 2, 'audio', '2024-10-16', NULL),
(700, 'Kono Kene Konco #Chapter 1', 'Kono Kene Konco Chapter 1 - (Audio Book).m4a', 2, 'audio', '2024-10-16', NULL),
(701, 'Kono Kene Konco #Chapter 2', 'Kono Kene Konco Chapter 2 - (Audio Book).m4a', 3, 'audio', '2024-10-16', NULL),
(702, 'Kono Kene Konco #Chapter 3', 'Kono Kene Konco Chapter 3 - (Audio Book).m4a', 4, 'audio', '2024-10-16', NULL),
(703, 'Kono Kene Konco #Chapter 4', 'Kono Kene Konco Chapter 4 - (Audio Book).m4a', 5, 'audio', '2024-10-16', NULL),
(704, 'Kono Kene Konco #Chapter 5', 'Kono Kene Konco Chapter 5 - (Audio Book).m4a', 6, 'audio', '2024-10-16', NULL),
(705, 'Kupu, Belalang, dan Ulat Sutra', 'Kupu, Belalang, dan Ulat Sutra.m4a', 2, 'audio', '2024-10-16', NULL),
(706, 'Kupu, Belalang, dan Ulat Sutra - PDF', 'bukucerita_Uqcyvac20231023041056.pdf', NULL, 'teks', '2024-10-16', NULL),
(707, 'Melawat ke Barat #Chapter 1', 'Melawat ke Barat Chapter 1 - (Audio Book).m4a', 2, 'audio', '2024-10-16', NULL),
(708, 'Melawat ke Barat #Chapter 2', 'Melawat ke Barat Chapter 2 - (Audio Book).m4a', 3, 'audio', '2024-10-16', NULL),
(709, 'Melawat ke Barat #Chapter 3', 'Melawat ke Barat Chapter 3 - (Audio Book).m4a', 4, 'audio', '2024-10-16', NULL),
(710, 'Melawat ke Barat #Chapter 4', 'Melawat ke Barat Chapter 4 - (Audio Book).m4a', 5, 'audio', '2024-10-16', NULL),
(711, 'Melawat ke Barat #Chapter 5', 'Melawat ke Barat Chapter 5 - (Audio Book).m4a', 6, 'audio', '2024-10-16', NULL),
(712, 'Nyale di Perut Manusia', 'Nyale di Perut Manusia.m4a', 2, 'audio', '2024-10-16', NULL),
(713, 'Pak Janggut #Chapter 1', 'Pak Janggut Chapter 1 - (Audio Book).m4a', 2, 'audio', '2024-10-16', NULL),
(714, 'Pak Janggut #Chapter 2', 'Pak Janggut Chapter 2 - (Audio Book).m4a', 3, 'audio', '2024-10-16', NULL),
(715, 'Pak Janggut #Chapter 3', 'Pak Janggut Chapter 3 - (Audio Book).m4a', 4, 'audio', '2024-10-16', NULL),
(716, 'Pak Janggut #Chapter 4', 'Pak Janggut Chapter 4 - (Audio Book).m4a', 5, 'audio', '2024-10-16', NULL),
(717, 'Parah Karena Marah', 'Parah Karena Marah.m4a', 2, 'audio', '2024-10-16', NULL),
(718, 'Persahabatan Ali dan Emo', 'Persahabatan Ali dan Emo.m4a', 2, 'audio', '2024-10-16', NULL),
(719, 'Renungan Dahsyat Untuk Orangtua', 'Renungan Dahsyat Untuk Orangtua.m4a', 2, 'audio', '2024-10-16', NULL),
(720, 'Sabai Nan Aluih #Chapter 1', 'Sabai Nan Aluih Chapter 1 - (Audio Book).m4a', 2, 'audio', '2024-10-16', NULL),
(721, 'Sabai Nan Aluih #Chapter 2', 'Sabai Nan Aluih Chapter 2 - (Audio Book).m4a', 3, 'audio', '2024-10-16', NULL),
(722, 'Sabai Nan Aluih #Chapter 3', 'Sabai Nan Aluih Chapter 3 - (Audio Book).m4a', 4, 'audio', '2024-10-16', NULL),
(723, 'Sabai Nan Aluih #Chapter 4', 'Sabai Nan Aluih Chapter 4 - (Audio Book).m4a', 5, 'audio', '2024-10-16', NULL),
(724, 'Sabai Nan Aluih #Chapter 5', 'Sabai Nan Aluih Chapter 5 - (Audio Book).m4a', 6, 'audio', '2024-10-16', NULL),
(725, 'Sabai Nan Aluih #Chapter 6', 'Sabai Nan Aluih Chapter 6 - (Audio Book).m4a', 7, 'audio', '2024-10-16', NULL),
(726, 'Sabai Nan Aluih #Chapter 7', 'Sabai Nan Aluih Chapter 7 - (Audio Book).m4a', 8, 'audio', '2024-10-16', NULL),
(727, 'Sabai Nan Aluih #Chapter 8', 'Sabai Nan Aluih Chapter 8 - (Audio Book).m4a', 9, 'audio', '2024-10-16', NULL),
(728, 'Sabai Nan Aluih #Chapter 9', 'Sabai Nan Aluih Chapter 9 - (Audio Book).m4a', 10, 'audio', '2024-10-16', NULL),
(729, 'Sabai Nan Aluih #Chapter 10', 'Sabai Nan Aluih Chapter 10 - (Audio Book).m4a', 11, 'audio', '2024-10-16', NULL),
(730, 'Sang Patriot - Sebuah Epos Kepahlawanan', 'Audiobook Sang Patriot - Sebuah Epos Kepahlawanan.m4a', 2, 'audio', '2024-10-16', NULL),
(731, 'Seberkas Cahaya di Palestina', 'Audiobook Seberkas Cahaya di Palestina.m4a', 2, 'audio', '2024-10-16', NULL),
(732, 'Audiobook Sitti Nurbaya - Kasih Tak Sampai', 'Audiobook Sitti Nurbaya - Kasih Tak Sampai.m4a', 2, 'audio', '2024-10-16', NULL),
(733, 'Tiga Kota #Chapter 1', 'Tiga Kota Chapter 1 - (Audio Book).m4a', 2, 'audio', '2024-10-16', NULL),
(734, 'Tiga Kota #Chapter 2', 'Tiga Kota Chapter 2 - (Audio Book).m4a', 3, 'audio', '2024-10-16', NULL),
(735, 'Tiga Kota #Chapter 3', 'Tiga Kota Chapter 3 - (Audio Book).m4a', 4, 'audio', '2024-10-16', NULL),
(736, 'Tiga Kota #Chapter 4', 'Tiga Kota Chapter 4 - (Audio Book).m4a', 5, 'audio', '2024-10-16', NULL),
(737, 'Tiga Kota #Chapter 5', 'Tiga Kota Chapter 5 - (Audio Book).m4a', 6, 'audio', '2024-10-16', NULL),
(738, 'Ada Apa dengan Gugu', 'Ada Apa dengan Gugu.pdf', NULL, 'teks', '2024-10-23', NULL),
(739, 'Ada Apa Sih Ada Apa Sih', 'Ada Apa Sih Ada Apa Sih.pdf', NULL, 'teks', '2024-10-23', NULL),
(740, 'Ani Sayang keluarga', 'Ani Sayang keluarga.pdf', NULL, 'teks', '2024-10-23', NULL),
(741, 'Apa Itu', 'Apa Itu.pdf', NULL, 'teks', '2024-10-23', NULL),
(742, 'Apa yang lebih Seru.', 'Apa yang lebih Seru.pdf	', NULL, 'teks', '2024-10-23', NULL),
(743, 'Bingkisan Untuk Dirga', 'Bingkisan Untuk Dirga.pdf', NULL, 'teks', '2024-10-23', NULL),
(744, 'Bintang untuk Nala', 'Bintang untuk Nala.pdf', NULL, 'teks', '2024-10-23', NULL),
(745, 'Buah yang Kukenal.', 'Buah yang Kukenal.pdf', NULL, 'teks', '2024-10-23', NULL),
(746, 'David Anak Teladan', 'David Anak Teladan.pdf', NULL, 'teks', '2024-10-23', NULL),
(747, 'Desi dan Tupai Terkejut', 'Desi dan Tupai Terkejut.pdf', NULL, 'teks', '2024-10-23', NULL),
(748, 'Di Atas Di Bawah', 'Di Atas Di Bawah.pdf', NULL, 'teks', '2024-10-23', NULL),
(749, 'Di Mana Kacang Sipet', 'Di Mana Kacang Sipet.pdf', NULL, 'teks', '2024-10-23', NULL),
(750, 'Dimana Bapak', 'Dimana Bapak.pdf', NULL, 'teks', '2024-10-23', NULL),
(751, 'Hmmm, Enaaak', 'Hmmm, Enaaak.pdf', NULL, 'teks', '2024-10-23', NULL),
(752, 'Hore Hujan Turun', 'Hore Hujan Turun.pdf', NULL, 'teks', '2024-10-23', NULL),
(753, 'Indah Tanpa Suara', 'Indah Tanpa Suara.pdf', NULL, 'teks', '2024-10-23', NULL),
(754, 'Josef dan Adik Bayi', 'Josef dan Adik Bayi.pdf', NULL, 'teks', '2024-10-23', NULL),
(755, 'KACAMATA SUPER OPIN', 'KACAMATA SUPER OPIN.pdf', NULL, 'teks', '2024-10-23', NULL),
(756, 'Ke Mana Balon itu Pergi', 'Ke Mana Balon itu Pergi.pdf', NULL, 'teks', '2024-10-23', NULL),
(757, 'Kejutan untuk Mama', 'Kejutan untuk Mama.pdf', NULL, 'teks', '2024-10-23', NULL),
(758, 'Ketika Bumi Berguncang', 'Ketika Bumi Berguncang.pdf', NULL, 'teks', '2024-10-23', NULL),
(759, 'Ketika Gilang Ingin Seperti Kak Sita', 'Ketika Gilang Ingin Seperti Kak Sita.pdf', NULL, 'teks', '2024-10-23', NULL),
(760, 'Ketika Ibu Pergi Kisah Pembentuk Karakter', 'Ketika Ibu Pergi Kisah Pembentuk Karakter.pdf', NULL, 'teks', '2024-10-23', NULL),
(761, 'Kikan dan Kawan Kawan', 'Kikan dan Kawan Kawan.pdf', NULL, 'teks', '2024-10-23', NULL),
(762, 'Kuri Kiki dan Kaka Kutu', 'Kuri Kiki dan Kaka Kutu.pdf', NULL, 'teks', '2024-10-23', NULL),
(763, 'Kutilang yang Suka Bernyanyi', 'Kutilang yang Suka Bernyanyi.pdf', NULL, 'teks', '2024-10-23', NULL),
(764, 'Makan Yuk', 'Makan Yuk.pdf', NULL, 'teks', '2024-10-23', NULL),
(765, 'Manik untuk Menik', 'Manik untuk Menik.pdf', NULL, 'teks', '2024-10-23', NULL),
(766, 'Marta Hebat', 'Marta Hebat.pdf', NULL, 'teks', '2024-10-23', NULL),
(767, 'Masuk Sekolah', 'Masuk Sekolah.pdf', NULL, 'teks', '2024-10-23', NULL),
(768, 'Menjaga Laut Raja Ampat', 'Menjaga Laut Raja Ampat.pdf', NULL, 'teks', '2024-10-23', NULL),
(769, 'Mewarnai Wayang untuk Bapak', 'Mewarnai Wayang untuk Bapak.pdf', NULL, 'teks', '2024-10-23', NULL),
(770, 'Namaku Kali', 'Namaku Kali.pdf', NULL, 'teks', '2024-10-23', NULL),
(771, 'Ogoh Ogoh Komang', 'Ogoh Ogoh Komang.pdf', NULL, 'teks', '2024-10-23', NULL),
(772, 'Panggil Aku Namaku', 'Panggil Aku Namaku.pdf', NULL, 'teks', '2024-10-23', NULL),
(773, 'Pendidikan dan Pembinaan Ideologi Pancasila untuk Siswa SDMI Kelas I', 'Pendidikan dan Pembinaan Ideologi Pancasila untuk Siswa SDMI Kelas I.pdf', NULL, 'teks', '2024-10-23', NULL),
(774, 'Perahu Kertas', 'Perahu Kertas.pdf', NULL, 'teks', '2024-10-23', NULL),
(775, 'Permainan Rahasia Minul', 'Permainan Rahasia Minul.pdf', NULL, 'teks', '2024-10-23', NULL),
(776, 'Petualangan Aliya', 'Petualangan Aliya.pdf', NULL, 'teks', '2024-10-23', NULL),
(777, 'Petualangan Bako', 'Petualangan Bako.pdf', NULL, 'teks', '2024-10-23', NULL),
(778, 'Petualangan Menuju Hutan', 'Petualangan Menuju Hutan.pdf', NULL, 'teks', '2024-10-23', NULL),
(779, 'Pipo Truk Sampah Keren', 'Pipo Truk Sampah Keren.pdf', NULL, 'teks', '2024-10-23', NULL),
(780, 'Rumah Riri', 'Rumah Riri.pdf', NULL, 'teks', '2024-10-23', NULL),
(781, 'Serangan Semut', 'Serangan Semut.pdf', NULL, 'teks', '2024-10-23', NULL),
(782, 'SORE SERU SURI', 'SORE SERU SURI.pdf', NULL, 'teks', '2024-10-23', NULL),
(783, 'Tarian Babo', 'Tarian Babo.pdf', NULL, 'teks', '2024-10-23', NULL),
(784, 'Tetangga Baru Beki', 'Tetangga Baru Beki.pdf', NULL, 'teks', '2024-10-23', NULL),
(785, 'Tia Ingin Seperti Naya', 'Tia Ingin Seperti Naya.pdf', NULL, 'teks', '2024-10-23', NULL),
(786, 'Topiku.', 'Topiku.pdf	', NULL, 'teks', '2024-10-23', NULL),
(787, 'Tubuhku', 'Tubuhku.pdf', NULL, 'teks', '2024-10-23', NULL),
(788, 'Uli dan Popi.', 'Uli dan Popi.pdf	', NULL, 'teks', '2024-10-23', NULL);
INSERT INTO `file` (`file_id`, `file_title`, `file_name`, `chapter_id`, `file_type`, `input_date`, `last_update`) VALUES
(789, 'Welem Senang Membaca', 'Welem Senang Membaca.pdf', NULL, 'teks', '2024-10-23', NULL),
(790, 'Wortel Wortel Weli', 'Wortel Wortel Weli.pdf', NULL, 'teks', '2024-10-23', NULL),
(791, '(Bukan) Jodoh Kesiangan by Reni Hujan', '(Bukan) Jodoh Kesiangan by Reni Hujan.pdf', NULL, 'teks', '2024-10-24', NULL),
(792, 'Badai Pasti Berlalu by Marga T.', 'Badai Pasti Berlalu by Marga T.pdf', NULL, 'teks', '2024-10-24', NULL),
(793, 'Downpour by Ghyna Amanda', 'Downpour by Ghyna Amanda.pdf', NULL, 'teks', '2024-10-24', NULL),
(794, 'Hujan Merah Jambu by L. Adnan', 'Hujan Merah Jambu by L. Adnan.pdf', NULL, 'teks', '2024-10-24', NULL),
(795, 'Jangan Bersedih, Ukhti by Ranydepe', 'Jangan Bersedih, Ukhti by Ranydepe.pdf', NULL, 'teks', '2024-10-24', NULL),
(796, 'Jatuh Cinta Adalah Cara Terbaik untuk Bunuh Diri by Bernard Batubara', 'Jatuh Cinta Adalah Cara Terbaik untuk Bunuh Diri by Bernard Batubara.pdf', NULL, 'teks', '2024-10-24', NULL),
(797, 'Jejak Lara by Ndaquilla', 'Jejak Lara by Ndaquilla.pdf', NULL, 'teks', '2024-10-24', NULL),
(798, 'Laut Bercerita by Leila S. Chudori', 'Laut Bercerita by Leila S. Chudori.pdf', NULL, 'teks', '2024-10-24', NULL),
(799, 'Lies Between Us by Maria Perdana', 'Lies Between Us by Maria Perdana.pdf', NULL, 'teks', '2024-10-24', NULL),
(800, 'Little Things About You by Hapsari Rias Diati', 'Little Things About You by Hapsari Rias Diati.pdf', NULL, 'teks', '2024-10-24', NULL),
(801, 'Love Me If You Dare by S. Andi', 'Love Me If You Dare by S. Andi.pdf', NULL, 'teks', '2024-10-24', NULL),
(802, 'Saat-Saat Jauh by Lia Seplia', 'Saat-Saat Jauh by Lia Seplia.pdf', NULL, 'teks', '2024-10-24', NULL),
(803, 'The End by Faitna YA', 'The End by Faitna YA.pdf', NULL, 'teks', '2024-10-24', NULL),
(804, 'The Real Home Is You #2 by Albian Bella', 'The Real Home Is You 2 by Albian Bella.pdf', NULL, 'teks', '2024-10-24', NULL),
(805, 'Will You Let Me Love You by Heliyani Wijaya', 'Will You Let Me Love You by Heliyani Wijaya.pdf', NULL, 'teks', '2024-10-24', NULL);

-- --------------------------------------------------------

--
-- Struktur dari tabel `level`
--

CREATE TABLE `level` (
  `level_id` int(11) NOT NULL,
  `level_name` varchar(25) NOT NULL,
  `input_date` date NOT NULL,
  `last_update` date DEFAULT NULL
) ENGINE=InnoDB DEFAULT CHARSET=utf8mb4;

--
-- Dumping data untuk tabel `level`
--

INSERT INTO `level` (`level_id`, `level_name`, `input_date`, `last_update`) VALUES
(1, 'PAUD', '2024-06-12', NULL),
(2, 'SD/MI', '2024-06-12', NULL),
(3, 'SMP/MTS', '2024-06-12', NULL),
(4, 'SMA/MA/SMK/MAK', '2024-06-12', NULL),
(5, 'SLB (SDLB/SMPLB/SMALB)', '2024-06-12', NULL),
(6, 'Pembaca Dini A', '2024-06-12', NULL),
(7, 'Pembaca Awal B1', '2024-06-12', NULL),
(8, 'Pembaca Awal B2', '2024-06-12', NULL),
(9, 'Pembaca Awal B3', '2024-06-12', NULL),
(10, 'Pembaca Semenjana C', '2024-06-12', NULL),
(11, 'Pembaca Madya D', '2024-06-12', NULL),
(12, 'Pembaca Mahir E', '2024-06-12', NULL),
(13, 'Umum', '2024-06-12', NULL);

-- --------------------------------------------------------

--
-- Struktur dari tabel `publisher`
--

CREATE TABLE `publisher` (
  `publisher_id` int(11) NOT NULL,
  `publisher_name` varchar(150) NOT NULL,
  `input_date` date NOT NULL,
  `last_update` date DEFAULT NULL
) ENGINE=InnoDB DEFAULT CHARSET=utf8mb4;

--
-- Dumping data untuk tabel `publisher`
--

INSERT INTO `publisher` (`publisher_id`, `publisher_name`, `input_date`, `last_update`) VALUES
(1, 'Pusat Kurikulum dan Perbukuan', '2024-06-13', NULL),
(2, 'Pusat Perbukuan Badan Standar, Kurikulum, dan Asesmen Pendidikan (BSKAP) Kementerian Pendidikan, Kebudayaan, Riset dan Teknologi', '2024-06-13', NULL),
(3, 'Kementerian Pendidikan, Kebudyaan, Riset, dan Teknologi', '2024-06-13', NULL),
(4, 'Pusat Pembukuan', '2024-06-13', NULL),
(5, 'Direktorat Pembinaan Sekolah Menengah Kejuruan', '2024-06-13', NULL),
(6, 'Pusat Kurikulum dan Perbukuan, Balitbang', '2024-06-13', NULL),
(7, 'Departemen Pendidikan Nasional', '2024-06-13', NULL),
(8, 'Pusat Perbukuan, Departemen Pendidikan Nasional', '2024-06-13', NULL),
(9, 'Kementrian Pendidikan dan Kebudayaan', '2024-06-13', NULL),
(10, 'Pusat Perbukuan', '2024-06-27', NULL),
(11, 'Kementerian Pendidikan, Kebudayaan, Riset, dan Teknologi', '2024-10-09', NULL),
(12, 'Pusat Kurikulum dan Perbukuan Badan Penelitian dan Pengembangan dan Perbukuan', '2024-10-09', NULL),
(13, 'PT Arya Duta', '2024-10-09', NULL),
(14, 'Pusat Pengembangan dan Pemberdayaan Pendidik dan Tenaga Kependidikan Pertanian Kementrian Pendidikan', '2024-10-09', NULL),
(15, 'Direktorat Pendidikan Menengah Kejuruan', '2024-10-09', NULL),
(16, 'Pusat Perbukuan, Badan Penelitian dan Pengembangan dan Perbukuan Badan Standar, Kurikulum, dan Asesmen', '2024-10-09', NULL),
(17, 'Pusat Kurikulum dan Perbukuan Badan Penelitian, Pengembangan, dan Perbukuan, Kementerian Pendidikan', '2024-10-09', NULL),
(18, 'Pusat Pendidikan, Departemen Pendidikan Nasional', '2024-10-09', NULL),
(19, 'Pusat Kurikulum dan Perbukuan, Kementerian Pendidikan Nasional', '2024-10-09', NULL),
(20, 'Kementrian Pendidikan Nasional', '2024-10-09', NULL),
(21, 'Balai Pustaka', '2024-10-16', NULL),
(22, 'Kantor Bahasa Provinsi NTB', '2024-10-16', NULL),
(23, 'Gramedia Pustaka Utama', '2024-10-16', NULL),
(24, 'Bhuana Ilmu Populer', '2024-10-16', NULL),
(25, 'Badan Pengembangan Bahasa dan Perbukuan, Kementerian Pendidikan dan Kebudayaan', '2024-10-16', NULL),
(26, 'Audiobuku', '2024-10-16', NULL),
(27, 'Self-Publishing', '2024-10-24', NULL),
(28, 'LovRinz and Friends', '2024-10-24', NULL),
(29, 'Mizan Digital Publishing', '2024-10-24', NULL),
(30, 'Wahyu Qolbu', '2024-10-24', NULL),
(31, 'Gagas Media', '2024-10-24', NULL),
(32, 'Penerbit Koru', '2024-10-24', NULL),
(33, 'Karos Publisher', '2024-10-24', NULL);

-- --------------------------------------------------------

--
-- Struktur dari tabel `role`
--

CREATE TABLE `role` (
  `role_id` int(11) NOT NULL,
  `role_name` varchar(20) NOT NULL,
  `input_date` date NOT NULL
) ENGINE=InnoDB DEFAULT CHARSET=utf8mb4;

--
-- Dumping data untuk tabel `role`
--

INSERT INTO `role` (`role_id`, `role_name`, `input_date`) VALUES
(1, 'Admin', '2024-06-12'),
(2, 'Staff', '2024-06-12');

-- --------------------------------------------------------

--
-- Struktur dari tabel `status`
--

CREATE TABLE `status` (
  `status_id` int(11) NOT NULL,
  `status_name` varchar(20) NOT NULL
) ENGINE=InnoDB DEFAULT CHARSET=utf8mb4;

--
-- Dumping data untuk tabel `status`
--

INSERT INTO `status` (`status_id`, `status_name`) VALUES
(1, 'Ditayangkan'),
(2, 'Draft'),
(3, 'Diarsipkan');

-- --------------------------------------------------------

--
-- Struktur dari tabel `subject`
--

CREATE TABLE `subject` (
  `subject_id` int(11) NOT NULL,
  `subject_name` varchar(255) NOT NULL,
  `input_date` date NOT NULL,
  `last_update` date DEFAULT NULL
) ENGINE=InnoDB DEFAULT CHARSET=utf8mb4;

--
-- Dumping data untuk tabel `subject`
--

INSERT INTO `subject` (`subject_id`, `subject_name`, `input_date`, `last_update`) VALUES
(1, 'IPA', '2024-06-21', NULL),
(2, 'IPS', '2024-06-21', NULL),
(3, 'Bahasa Indonesia', '2024-06-27', NULL),
(4, 'Bahasa Inggris', '2024-06-27', NULL),
(5, 'Matematika', '2024-06-27', NULL),
(6, 'Pendidikan Pancasila', '2024-06-27', NULL),
(7, 'Informatika', '2024-06-27', NULL),
(8, 'PJOK', '2024-06-27', NULL),
(9, 'Pendidikan Agama Islam', '2024-06-27', NULL),
(10, 'Pendidikan Agama Kristen', '2024-06-27', NULL),
(11, 'Pendidikan Agama Katolik', '2024-06-27', NULL),
(12, 'Pendidikan Agama Hindu', '2024-06-27', NULL),
(13, 'Pendidikan Agama Buddha', '2024-06-27', NULL),
(14, 'Pendidikan Agama Khonghucu', '2024-06-27', NULL),
(15, 'Kepercayaan', '2024-06-27', NULL),
(16, 'Seni Tari', '2024-06-27', NULL),
(17, 'Seni Musik', '2024-06-27', NULL),
(18, 'Seni Rupa', '2024-06-27', NULL),
(19, 'Seni Teater', '2024-06-27', NULL),
(20, 'Prakarya', '2024-06-27', NULL),
(21, 'Sosiologi', '2024-06-27', NULL),
(22, 'Antropologi', '2024-06-27', NULL),
(23, 'Ekonomi', '2024-06-27', NULL),
(24, 'Geografi', '2024-06-27', NULL),
(25, 'Sejarah', '2024-06-27', NULL),
(26, 'IPAS', '2024-06-27', NULL),
(27, 'Teknik Konstruksi Dan Pembangunan', '2024-06-27', NULL),
(28, 'Teknik Konstruksi Kapal', '2024-06-27', NULL),
(29, 'Teknik Otomotif', '2024-06-27', NULL),
(30, 'Teknik Elektronika', '2024-06-27', NULL),
(31, 'Teknik Pesawat Udara', '2024-06-27', NULL),
(32, 'Teknik Ketenagalistrikan', '2024-06-27', NULL),
(33, 'Teknik Geospasial', '2024-06-27', NULL),
(34, 'Teknik Geologi Pertambangan', '2024-06-27', NULL),
(35, 'Layanan Kesehatan', '2024-06-27', NULL),
(36, 'Agriteknologi Pengolahan Hasil Pertanian', '2024-06-27', NULL),
(37, 'Manajemen Perkantoran Dan Layanan Bisnis', '2024-06-27', NULL),
(38, 'Usaha Layanan Pariwisata', '2024-06-27', NULL),
(39, 'Desain Komunikasi Visual', '2024-06-27', NULL),
(40, 'Teknik Furniture', '2024-06-27', NULL),
(41, 'Kuliner', '2024-06-27', NULL),
(42, 'Biologi', '2024-06-27', NULL),
(43, 'Fisika', '2024-06-27', NULL),
(44, 'Kimia', '2024-06-27', NULL);

-- --------------------------------------------------------

--
-- Struktur dari tabel `tag`
--

CREATE TABLE `tag` (
  `tag_id` int(11) NOT NULL,
  `tag_name` varchar(100) NOT NULL,
  `input_date` date NOT NULL,
  `last_update` date DEFAULT NULL
) ENGINE=InnoDB DEFAULT CHARSET=utf8mb4;

--
-- Dumping data untuk tabel `tag`
--

INSERT INTO `tag` (`tag_id`, `tag_name`, `input_date`, `last_update`) VALUES
(1, 'Buku Model', '2024-06-12', NULL),
(2, 'Buku Kurasi', '2024-06-12', NULL),
(3, 'Buku Transisi PAUD SD', '2024-06-12', NULL);

-- --------------------------------------------------------

--
-- Struktur dari tabel `type`
--

CREATE TABLE `type` (
  `type_id` int(11) NOT NULL,
  `type_name` varchar(20) NOT NULL,
  `input_date` date NOT NULL,
  `last_update` date DEFAULT NULL
) ENGINE=InnoDB DEFAULT CHARSET=utf8mb4;

--
-- Dumping data untuk tabel `type`
--

INSERT INTO `type` (`type_id`, `type_name`, `input_date`, `last_update`) VALUES
(1, 'PDF', '2024-06-12', NULL),
(2, 'Audio', '2024-06-12', NULL),
(3, 'Interaktif', '2024-06-12', NULL);

-- --------------------------------------------------------

--
-- Struktur dari tabel `video`
--

CREATE TABLE `video` (
  `video_id` int(11) NOT NULL,
  `video_title` varchar(125) NOT NULL,
  `video_thumbnail` varchar(200) NOT NULL DEFAULT 'default.jpg',
  `video_file` varchar(255) NOT NULL,
  `video_view` int(11) NOT NULL DEFAULT 0,
  `status_id` int(11) NOT NULL,
  `last_update` datetime NOT NULL
) ENGINE=InnoDB DEFAULT CHARSET=utf8mb4;

--
-- Dumping data untuk tabel `video`
--

INSERT INTO `video` (`video_id`, `video_title`, `video_thumbnail`, `video_file`, `video_view`, `status_id`, `last_update`) VALUES
(1, 'Ayo Dongeng Indonesia - Batu Menangis', 'dongeng-batu-menangis.jpg', 'Aisyah Hanifah - Batu Menangis dari Kalimantan Barat.mp4', 0, 1, '2024-10-07 16:47:01'),
(2, 'Ayo Dongeng Indonesia - Monyet dan Ayam dari Sulawesi Tenggara', 'dongeng-monyet-ayam.jpg', 'Anji - Monyet dan Ayam dari Sulawesi Tenggara.mp4', 0, 1, '2024-10-30 16:22:16'),
(4, 'Ayo Dongeng Indonesia - Pak Lebai Malang dari Sumatera Barat', 'default.jpg', 'Alphiandi - Pak Lebai Malang dari Sumatera Barat.mp4', 0, 1, '2024-10-23 00:00:00'),
(5, 'Aviwkila - Dampu Awang & Gunung Pinang dari Banten', 'default.jpg', 'Aviwkila - Dampu Awang & Gunung Pinang dari Banten.mp4', 0, 1, '2024-10-23 00:00:00'),
(6, 'Ayo Dongeng - I Tui Tuing dari Sulawesi Barat', 'default.jpg', 'Ayo Dongeng - I Tui Tuing dari Sulawesi Barat.mp4', 0, 1, '2024-10-23 00:00:00'),
(7, 'Ayo Dongeng - Putra Mahkota Amat Mude dari Nanggroe Aceh Darussalam', 'default.jpg', 'Ayo Dongeng - Putra Mahkota Amat Mude dari Nanggroe Aceh Darussalam.mp4', 0, 1, '2024-10-23 00:00:00'),
(8, 'Ayo Dongeng Indonesia - Putri Kutai yang Sakti dari Kalimantan Timur', 'default.jpg', 'Ayo Dongeng Indonesia - Putri Kutai yang Sakti dari Kalimantan Timur.mp4', 0, 1, '2024-10-23 00:00:00'),
(9, 'Chelsea Islan - Roro Jonggrang dan Candi Prambanan dari Yogyakarta', 'default.jpg', 'Chelsea Islan - Roro Jonggrang dan Candi Prambanan dari Yogyakarta.mp4', 0, 1, '2024-10-23 00:00:00'),
(10, 'Cindy Gulla - Ibu Kucing dari Jambi', 'default.jpg', 'Cindy Gulla - Ibu Kucing dari Jambi.mp4', 0, 1, '2024-10-23 00:00:00'),
(11, 'Delania Marvella - Batu Panas dari Papua', 'default.jpg', 'Delania Marvella - Batu Panas dari Papua.mp4', 0, 1, '2024-10-23 00:00:00'),
(12, 'Dian Sastrowardoyo - Dang Gedunai dari Kepulauan Riau', 'default.jpg', 'Dian Sastrowardoyo - Dang Gedunai dari Kepulauan Riau.mp4', 0, 1, '2024-10-23 00:00:00'),
(13, 'Edho Zell - Si Pitung dari DKI Jakarta', 'default.jpg', 'Edho Zell - Si Pitung dari DKI Jakarta.mp4', 0, 1, '2024-10-23 00:00:00'),
(14, 'Eno Bening - Kisah Buaya dari Lampung', 'default.jpg', 'Eno Bening - Kisah Buaya dari Lampung.mp4', 0, 1, '2024-10-23 00:00:00'),
(15, 'Ersamayori - Kisah si Untung dari Kalimantan Selatan', 'default.jpg', 'Ersamayori - Kisah si Untung dari Kalimantan Selatan.mp4', 0, 1, '2024-10-23 00:00:00'),
(16, 'Hujan Tanda Tanya - Asal Usul Naga dan Buaya dari Kalimantan Tengah', 'default.jpg', 'Hujan Tanda Tanya - Asal Usul Naga dan Buaya dari Kalimantan Tengah.mp4', 0, 1, '2024-10-23 00:00:00'),
(17, 'Inimasabi - Timun Mas dari Jawa Tengah', 'default.jpg', 'Inimasabi - Timun Mas dari Jawa Tengah.mp4', 0, 1, '2024-10-23 00:00:00'),
(18, 'Kastari Sentra - Daesale & Ikan Payol dari Sulawesi Tengah', 'default.jpg', 'Kastari Sentra - Daesale & Ikan Payol dari Sulawesi Tengah.mp4', 0, 1, '2024-10-23 00:00:00'),
(19, 'KokBisa - Suri Ikun dari NTT', 'default.jpg', 'KokBisa - Suri Ikun dari NTT.mp4', 0, 1, '2024-10-23 00:00:00'),
(20, 'Minyo - Danau Toba dari Sumatra Utara', 'default.jpg', 'Minyo - Danau Toba dari Sumatra Utara.mp4', 0, 1, '2024-10-23 00:00:00'),
(21, 'Mona Ratuliu - Kisah Kucing dan Pulau Tikus dari Jawa Timur', 'default.jpg', 'Mona Ratuliu - Kisah Kucing dan Pulau Tikus dari Jawa Timur.mp4', 0, 1, '2024-10-23 00:00:00'),
(22, 'Moonella and Family - Lahilote dan Putri Kayangan dari Gorontalo', 'default.jpg', 'Moonella and Family - Lahilote dan Putri Kayangan dari Gorontalo.mp4', 0, 1, '2024-10-23 00:00:00'),
(23, 'Motomobi - Rusa dan Kelombang dari Maluku', 'default.jpg', 'Motomobi - Rusa dan Kelombang dari Maluku.mp4', 0, 1, '2024-10-23 00:00:00'),
(24, 'Najwa Shihab & Ariyo Zidni - La Dana dan Kerbau dari Sulawesi Selatan', 'default.jpg', 'Najwa Shihab & Ariyo Zidni - La Dana dan Kerbau dari Sulawesi Selatan.mp4', 0, 1, '2024-10-23 00:00:00'),
(25, 'Najwa Shihab& Ariyo Zidni - La Dana dan Kerbau dari Sulawesi Selatan', 'default.jpg', 'Najwa Shihab& Ariyo Zidni - La Dana dan Kerbau dari Sulawesi Selatan.mp4', 0, 1, '2024-10-23 00:00:00'),
(26, 'Novita Angie - Si Kelingking dari Bangka Belitung', 'default.jpg', 'Novita Angie - Si Kelingking dari Bangka Belitung.mp4', 0, 1, '2024-10-23 00:00:00'),
(27, 'Rio Ardhila - Burung Kekekow dari Sulawesi Utara', 'default.jpg', 'Rio Ardhila - Burung Kekekow dari Sulawesi Utara.mp4', 0, 1, '2024-10-23 00:00:00'),
(28, 'Rio Ardhila - Burung Kekekow dari Sulawesi Utara', 'default.jpg', 'Rio Ardhila - Burung Kekekow dari Sulawesi Utara.mp4', 0, 1, '2024-10-23 00:00:00'),
(29, 'Rudiantara - Burung Manyar dan Burung Puyuh dari Riau', 'default.jpg', 'Rudiantara - Burung Manyar dan Burung Puyuh dari Riau.mp4', 0, 1, '2024-10-23 00:00:00'),
(30, 'Tommy Lim - Situ Bagendit dari Jawa Barat', 'default.jpg', 'Tommy Lim - Situ Bagendit dari Jawa Barat.mp4', 0, 1, '2024-10-23 00:00:00'),
(31, 'Usama Harbatah - Asal Mula Telaga Biru dari Maluku Utara', 'default.jpg', 'Usama Harbatah - Asal Mula Telaga Biru dari Maluku Utara.mp4', 0, 1, '2024-10-23 00:00:00'),
(32, 'Vanessa Sevilla - Naga Erau & Putri Karang Melenu dari Kalimantan Utara', 'default.jpg', 'Vanessa Sevilla - Naga Erau & Putri Karang Melenu dari Kalimantan Utara.mp4', 0, 1, '2024-10-23 00:00:00'),
(33, 'Viendy Savela - Si Musang dari NTB', 'default.jpg', 'Viendy Savela - Si Musang dari NTB.mp4', 0, 1, '2024-10-23 00:00:00'),
(34, 'Viendy Savela - Si Musang dari NTB', 'default.jpg', 'Viendy Savela - Si Musang dari NTB.mp4', 0, 1, '2024-10-23 00:00:00'),
(35, 'Yosi Mokalu - Si Raja Tidur dari Bengkulu', 'default.jpg', 'Yosi Mokalu - Si Raja Tidur dari Bengkulu.mp4', 0, 1, '2024-10-23 00:00:00'),
(36, 'Yudist Ardana - Kambing dan Anjing Berebut Tanduk dari Bali', 'default.jpg', 'Yudist Ardana - Kambing dan Anjing Berebut Tanduk dari Bali.mp4', 0, 1, '2024-10-23 00:00:00'),
(37, 'Cerita Anak Cerita I Belog (Bahasa Indonesia)', 'default.jpg', 'Cerita Anak Cerita I Belog - Bahasa Indonesia.mp4', 0, 1, '2024-10-23 00:00:00'),
(38, 'Cerita Anak Jamu Kunyit (Bahasa Indonesia)', 'default.jpg', 'Cerita Anak Jamu Kunyit - Bahasa Indonesia.mp4', 0, 1, '2024-10-23 00:00:00'),
(39, 'Cerita Anak Made Si Pahlawan Pesisir (Bahasa Indonesia)', 'default.jpg', 'Cerita Anak Made Si Pahlawan Pesisir - Bahasa Indonesia.mp4', 0, 1, '2024-10-23 00:00:00'),
(40, 'Cerita Anak Cerita Ni Bawang dan Ni Kesuna (Bahasa Indonesia)', 'default.jpg', 'Cerita Anak Cerita Ni Bawang dan Ni Kesuna - Bahasa Indonesia.mp4', 0, 1, '2024-10-23 00:00:00'),
(41, 'Cerita Anak Rangkong dan Paus (Bahasa Indonesia)', 'default.jpg', 'Cerita Anak Rangkong dan Paus - Bahasa Indonesia.mp4', 0, 1, '2024-10-23 00:00:00'),
(42, 'Cerita Anak Syukur Ada Krik Krik Yang Unik (Bahasa Indonesia) (1)', 'default.jpg', 'Cerita Anak Syukur Ada Krik Krik Yang Unik - Bahasa Indonesia.mp4', 0, 1, '2024-10-23 00:00:00'),
(43, 'Damarwulan', 'default.jpg', 'Damarwulan.mp4', 0, 1, '2024-10-23 00:00:00'),
(44, 'Cerita Nabi Nuh AS Membuat Kapal Raksasa', 'default.jpg', 'Cerita Nabi Nuh AS Membuat Kapal Raksasa.mp4', 0, 1, '2024-10-23 00:00:00'),
(45, 'Film Kartun Anak Islami Kisah Nabi Isa AS Dan Mukjizatnya', 'default.jpg', 'Film Kartun Anak Islami Kisah Nabi Isa AS Dan Mukjizatnya.mp4', 0, 1, '2024-10-23 00:00:00'),
(46, 'Film Kartun Anak Islami Kisah Nabi Zakaria AS dan anaknya Nabi Yahya AS', 'default.jpg', 'Film Kartun Anak Islami Kisah Nabi Zakaria AS dan anaknya Nabi Yahya AS.mp4', 0, 1, '2024-10-23 00:00:00'),
(47, 'Film Kartun Kisah Nabi Yusuf AS', 'default.jpg', 'Film Kartun Kisah Nabi Yusuf AS.mp4', 0, 1, '2024-10-23 00:00:00'),
(48, 'Kartun Anak Islami KISAH KELAHIRAN NABI MUHAMMAD SAW', 'default.jpg', 'Kartun Anak Islami - KISAH KELAHIRAN NABI MUHAMMAD SAW.mp4', 0, 1, '2024-10-23 00:00:00'),
(49, 'Kartun Animasi Untuk Kanak Kanak Islam Kisah Sirah 25 Rasul-Nabi Ilyasaq A.S', 'default.jpg', 'Kartun Animasi Untuk Kanak Kanak Islam Kisah Sirah 25 Rasul-Nabi Ilyasaq A.S.mp4', 0, 1, '2024-10-23 00:00:00'),
(50, 'Kartun Islami - Kisah Nabi Ibrahim AS', 'default.jpg', 'Kartun Islami - Kisah Nabi Ibrahim AS.mp4', 0, 1, '2024-10-23 00:00:00'),
(51, 'KISAH KARTUN NABI ZULKIFLI AS TEGUH MEMEGANG JANJI', 'default.jpg', 'KISAH KARTUN NABI ZULKIFLI AS TEGUH MEMEGANG JANJI.mp4', 0, 1, '2024-10-23 00:00:00'),
(52, 'Kisah Nabi Adam a.s', 'default.jpg', 'Kisah Nabi Adam a.s.mp4', 0, 1, '2024-10-23 00:00:00'),
(53, 'Kisah Nabi Ayub a.s', 'default.jpg', 'Kisah Nabi Ayub a.s.mp4', 0, 1, '2024-10-23 00:00:00'),
(54, 'Kisah Nabi Daud A S Daud Melawan Jalut', 'default.jpg', 'Kisah Nabi Daud A S Daud Melawan Jalut.mp4', 0, 1, '2024-10-23 00:00:00'),
(55, 'Kisah Nabi Ismail AS', 'default.jpg', 'Kisah Nabi Ismail AS.mp4', 0, 1, '2024-10-23 00:00:00'),
(56, 'Kisah Nabi Musa asal mula Harta Karun kartun anak sholeh', 'default.jpg', 'Kisah Nabi Musa asal mula Harta Karun kartun anak sholeh.mp4', 0, 1, '2024-10-23 00:00:00'),
(57, 'Kisah Nabi Sulaiman Berbicara dengan Semut', 'default.jpg', 'Kisah Nabi Sulaiman Berbicara dengan Semut.mp4', 0, 1, '2024-10-23 00:00:00'),
(58, 'Kisah Nabi Yunus a.s. ditelan ikan paus raksasa', 'default.jpg', 'Kisah Nabi Yunus a.s. ditelan ikan paus raksasa.mp4', 0, 1, '2024-10-23 00:00:00'),
(59, 'SIRAH RASUL ANIMASI #10 KISAH NABI YAAKUB A.S', 'default.jpg', 'SIRAH RASUL ANIMASI 10 KISAH NABI YAAKUB A.S.mp4', 0, 1, '2024-10-23 00:00:00'),
(60, 'SIRAH RASUL ANIMASI #14 & #15 KISAH NABI MUSA A.S & KISAH NABI HARUN A.S', 'default.jpg', 'SIRAH RASUL ANIMASI 14 & 15 KISAH NABI MUSA A.S & KISAH NABI HARUN A.S.mp4', 0, 1, '2024-10-23 00:00:00'),
(61, 'SIRAH RASUL ANIMASI #19 NABI iLYAS A.S', 'default.jpg', 'SIRAH RASUL ANIMASI 19 NABI iLYAS A.S.mp4', 0, 1, '2024-10-23 00:00:00'),
(62, 'SIRAH RASUL ANIMASI #2 KISAH NABI IDRIS A.S', 'default.jpg', 'SIRAH RASUL ANIMASI 2 KISAH NABI IDRIS A.S.mp4', 0, 1, '2024-10-23 00:00:00'),
(63, 'SIRAH RASUL ANIMASI #4 KISAH NABI HUD A.S', 'default.jpg', 'SIRAH RASUL ANIMASI 4 KISAH NABI HUD A.S.mp4', 0, 1, '2024-10-23 00:00:00'),
(64, 'SIRAH RASUL ANIMASI #7 KISAH NABI LUTH A.S', 'default.jpg', 'SIRAH RASUL ANIMASI 7 KISAH NABI LUTH A.S.mp4', 0, 1, '2024-10-23 00:00:00'),
(65, 'SIRAH RASUL ANIMASI #9 KISAH NABI ISHAK A.S', 'default.jpg', 'SIRAH RASUL ANIMASI 9 KISAH NABI ISHAK A.S.mp4', 0, 1, '2024-10-23 00:00:00'),
(66, 'Lutung Kasarung (Animasi)', 'default.jpg', 'Lutung Kasarung - Animasi _  Balai Pustaka.mp4', 0, 1, '2024-10-23 00:00:00'),
(67, 'Petualangan Bunga dan Panji (Animasi)', 'default.jpg', 'Petualangan Bunga dan Panji - Animasi _ Balai Pustaka.mp4', 0, 1, '2024-10-23 00:00:00'),
(68, 'Riri Cerita Anak Interaktif - Akhlak Mulia', 'default.jpg', 'Riri Cerita Anak Interaktif - Akhlak Mulia.mp4', 0, 1, '2024-10-23 00:00:00'),
(69, 'Riri Cerita Anak Interaktif - Bernalar Kritis', 'default.jpg', 'Riri Cerita Anak Interaktif - Bernalar Kritis.mp4', 0, 1, '2024-10-23 00:00:00'),
(70, 'Riri Cerita Anak Interaktif - Mandiri', 'default.jpg', 'Riri Cerita Anak Interaktif - Mandiri.mp4', 0, 1, '2024-10-23 00:00:00'),
(71, 'Riri Cerita Anak Interaktif - Membersihkan Kelas', 'default.jpg', 'Riri Cerita Anak Interaktif - Membersihkan Kelas.mp4', 0, 1, '2024-10-23 00:00:00'),
(72, 'Riri Cerita Anak Interaktif - Ruang Aman Bagi Anak', 'default.jpg', 'Riri Cerita Anak Interaktif - Ruang Aman Bagi Anak.mp4', 0, 1, '2024-10-23 00:00:00'),
(73, 'Riri Cerita Anak Interaktif - Syukuran Ulang Tahun Nadia', 'default.jpg', 'Riri Cerita Anak Interaktif - Syukuran Ulang Tahun Nadia.mp4', 0, 1, '2024-10-23 00:00:00'),
(74, 'Riri Cerita Anak Interaktif - Mobil-mobilanku', 'default.jpg', 'Riri Cerita Anak Interaktif_ Mobil-mobilanku.mp4', 0, 1, '2024-10-23 00:00:00'),
(75, 'Riri Cerita Anak Interaktif - Perundungan', 'default.jpg', 'Riri Cerita Anak Interaktif_ Perundungan.mp4', 0, 1, '2024-10-23 00:00:00'),
(76, 'Riri Cerita Anak Interaktif - Toleransi Beragama', 'default.jpg', 'Riri Cerita Anak Interaktif_ Toleransi Beragama.mp4', 0, 1, '2024-10-23 00:00:00'),
(77, 'Mainan yang Ku Inginkan', 'default.jpg', 'Model 2020-Model Penguatan PSF AUD4-6-Video Mainan.mp4', 0, 1, '2024-10-23 00:00:00'),
(78, 'Makanan Bergizi Kebutuhanku', 'default.jpg', 'Model 2020-Model Penguatan PSF AUD4-6-Video Makanan.mp4', 0, 1, '2024-10-23 00:00:00'),
(79, 'Animasi Kanal Budaya - dr. Wahidin Soedirohoesoedo', 'default.jpg', 'Animasi Kanal Budaya_ dr. Wahidin Soedirohoesoedo.mp4', 0, 1, '2024-10-23 00:00:00'),
(80, 'Animasi Kanal Budaya - Menjadi Boedi Oetomo', 'default.jpg', 'Animasi Kanal Budaya_ Menjadi Boedi Oetomo.mp4', 0, 1, '2024-10-23 00:00:00'),
(81, 'Cut Nyak Dien - Tokoh Kesultanan Nusantara', 'default.jpg', 'Cut Nyak Dien _ Tokoh _ Kesultanan Nusantara.mp4', 0, 1, '2024-10-23 00:00:00'),
(82, 'Sejarah Pangeran Diponegoro - Perang Jawa', 'default.jpg', 'Diponegoro _ Film Animasi _ Sejarah Pangeran Diponegoro _ Perang Jawa.mp4', 0, 1, '2024-10-23 00:00:00'),
(83, 'Sejarah Perang Aceh - Film Animasi Interaktif - Belajar Sejarah Indonesia', 'default.jpg', 'Sejarah Perang Aceh - Film Animasi Interaktif - Belajar Sejarah Indonesia.mp4', 0, 1, '2024-10-23 00:00:00'),
(84, 'Semangat Hari Pahlawan', 'default.jpg', 'Semangat Hari Pahlawan.mp4', 0, 1, '2024-10-23 00:00:00'),
(85, 'Video Animasi - Perumusan Naskah Proklamasi Kemerdekaan Indonesia', 'default.jpg', 'Video Animasi - Perumusan Naskah Proklamasi Kemerdekaan Indonesia.mp4', 0, 1, '2024-10-23 00:00:00'),
(86, 'Video Pembelajaran Animasi Tentang Kebudayaan Indonesia', 'default.jpg', 'Video Pembelajaran Animasi Tentang Kebudayaan Indonesia.mp4', 0, 1, '2024-10-23 00:00:00');

--
-- Indexes for dumped tables
--

--
-- Indeks untuk tabel `author`
--
ALTER TABLE `author`
  ADD PRIMARY KEY (`author_id`);

--
-- Indeks untuk tabel `book`
--
ALTER TABLE `book`
  ADD PRIMARY KEY (`book_id`),
  ADD KEY `type_id` (`type_id`,`category_id`,`level_id`,`class_id`,`subject_id`);

--
-- Indeks untuk tabel `book_author`
--
ALTER TABLE `book_author`
  ADD PRIMARY KEY (`book_id`,`author_id`),
  ADD KEY `book_id` (`book_id`,`author_id`);

--
-- Indeks untuk tabel `book_file`
--
ALTER TABLE `book_file`
  ADD PRIMARY KEY (`book_id`,`file_id`);

--
-- Indeks untuk tabel `book_tags`
--
ALTER TABLE `book_tags`
  ADD PRIMARY KEY (`book_id`,`tags_id`),
  ADD KEY `book_id` (`book_id`,`tags_id`);

--
-- Indeks untuk tabel `category`
--
ALTER TABLE `category`
  ADD PRIMARY KEY (`category_id`);

--
-- Indeks untuk tabel `chapter`
--
ALTER TABLE `chapter`
  ADD PRIMARY KEY (`chapter_id`);

--
-- Indeks untuk tabel `class`
--
ALTER TABLE `class`
  ADD PRIMARY KEY (`class_id`);

--
-- Indeks untuk tabel `file`
--
ALTER TABLE `file`
  ADD PRIMARY KEY (`file_id`),
  ADD KEY `chapter_id` (`chapter_id`);

--
-- Indeks untuk tabel `level`
--
ALTER TABLE `level`
  ADD PRIMARY KEY (`level_id`);

--
-- Indeks untuk tabel `publisher`
--
ALTER TABLE `publisher`
  ADD PRIMARY KEY (`publisher_id`);

--
-- Indeks untuk tabel `role`
--
ALTER TABLE `role`
  ADD PRIMARY KEY (`role_id`);

--
-- Indeks untuk tabel `status`
--
ALTER TABLE `status`
  ADD PRIMARY KEY (`status_id`);

--
-- Indeks untuk tabel `subject`
--
ALTER TABLE `subject`
  ADD PRIMARY KEY (`subject_id`);

--
-- Indeks untuk tabel `tag`
--
ALTER TABLE `tag`
  ADD PRIMARY KEY (`tag_id`);

--
-- Indeks untuk tabel `type`
--
ALTER TABLE `type`
  ADD PRIMARY KEY (`type_id`);

--
-- Indeks untuk tabel `video`
--
ALTER TABLE `video`
  ADD PRIMARY KEY (`video_id`);

--
-- AUTO_INCREMENT untuk tabel yang dibuang
--

--
-- AUTO_INCREMENT untuk tabel `author`
--
ALTER TABLE `author`
  MODIFY `author_id` int(11) NOT NULL AUTO_INCREMENT, AUTO_INCREMENT=216;

--
-- AUTO_INCREMENT untuk tabel `book`
--
ALTER TABLE `book`
  MODIFY `book_id` int(11) NOT NULL AUTO_INCREMENT, AUTO_INCREMENT=1024;

--
-- AUTO_INCREMENT untuk tabel `category`
--
ALTER TABLE `category`
  MODIFY `category_id` int(11) NOT NULL AUTO_INCREMENT, AUTO_INCREMENT=6;

--
-- AUTO_INCREMENT untuk tabel `chapter`
--
ALTER TABLE `chapter`
  MODIFY `chapter_id` int(11) NOT NULL AUTO_INCREMENT, AUTO_INCREMENT=13;

--
-- AUTO_INCREMENT untuk tabel `class`
--
ALTER TABLE `class`
  MODIFY `class_id` int(11) NOT NULL AUTO_INCREMENT, AUTO_INCREMENT=13;

--
-- AUTO_INCREMENT untuk tabel `file`
--
ALTER TABLE `file`
  MODIFY `file_id` int(11) NOT NULL AUTO_INCREMENT, AUTO_INCREMENT=806;

--
-- AUTO_INCREMENT untuk tabel `level`
--
ALTER TABLE `level`
  MODIFY `level_id` int(11) NOT NULL AUTO_INCREMENT, AUTO_INCREMENT=15;

--
-- AUTO_INCREMENT untuk tabel `publisher`
--
ALTER TABLE `publisher`
  MODIFY `publisher_id` int(11) NOT NULL AUTO_INCREMENT, AUTO_INCREMENT=34;

--
-- AUTO_INCREMENT untuk tabel `role`
--
ALTER TABLE `role`
  MODIFY `role_id` int(11) NOT NULL AUTO_INCREMENT, AUTO_INCREMENT=3;

--
-- AUTO_INCREMENT untuk tabel `status`
--
ALTER TABLE `status`
  MODIFY `status_id` int(11) NOT NULL AUTO_INCREMENT, AUTO_INCREMENT=4;

--
-- AUTO_INCREMENT untuk tabel `subject`
--
ALTER TABLE `subject`
  MODIFY `subject_id` int(11) NOT NULL AUTO_INCREMENT, AUTO_INCREMENT=45;

--
-- AUTO_INCREMENT untuk tabel `tag`
--
ALTER TABLE `tag`
  MODIFY `tag_id` int(11) NOT NULL AUTO_INCREMENT, AUTO_INCREMENT=6;

--
-- AUTO_INCREMENT untuk tabel `type`
--
ALTER TABLE `type`
  MODIFY `type_id` int(11) NOT NULL AUTO_INCREMENT, AUTO_INCREMENT=4;

--
-- AUTO_INCREMENT untuk tabel `video`
--
ALTER TABLE `video`
  MODIFY `video_id` int(11) NOT NULL AUTO_INCREMENT, AUTO_INCREMENT=88;
COMMIT;

